000
CXUS54 KHGX 251632
CF6DWH
PRELIMINARY LOCAL CLIMATOLOGICAL DATA (WS FORM: F-6)
STATION: HOUSTON/D.W._HOOKS
MONTH: AUGUST
YEAR: 2020
LATITUDE: 30 4 N
LONGITUDE: 95 33 W
TEMPERATURE IN F: :PCPN: SNOW: WIND :SUNSHINE: SKY :PK WND
================================================================================
1 2 3 4 5 6A 6B 7 8 9 10 11 12 13 14 15 16 17 18
12Z AVG MX 2MIN
DY MAX MIN AVG DEP HDD CDD WTR SNW DPTH SPD SPD DIR MIN PSBL S-S WX SPD DR
================================================================================
1 87 72 80 -5 0 15 0.21 0.0 0 4.0 14 260 M M 4 138 16 260
2 93 71 82 -3 0 17 T 0.0 0 1.6 10 310 M M 2 13 14 310
3 96 71 84 -1 0 19 0.00 0.0 0 2.6 10 210 M M 1 12 14 210
4 95 76 86 1 0 21 0.11 0.0 0 4.5 13 250 M M 1 38 17 270
5 94 74 84 -1 0 19 0.00 0.0 0 4.2 12 250 M M 1 14 200
6 94 75 85 0 0 20 0.00 0.0 0 3.7 10 140 M M 1 15 190
7 95 75 85 0 0 20 0.00 0.0 0 3.2 12 150 M M 1 1 16 160
8 95 74 85 0 0 20 0.00 0.0 0 3.8 14 130 M M 1 1 19 130
9 95 76 86 1 0 21 0.00 0.0 0 5.0 15 200 M M 2 3 21 210
10 96 75 86 1 0 21 0.00 0.0 0 5.6 13 120 M M 2 18 18 120
11 96 76 86 1 0 21 0.00 0.0 0 5.6 14 140 M M 1 20 130
12 98 78 88 3 0 23 0.00 0.0 0 6.1 15 190 M M 1 20 200
13 96 77 87 2 0 22 0.00 0.0 0 5.8 15 200 M M 1 20 210
14 97 77 87 2 0 22 0.00 0.0 0 7.1 16 200 M M 1 22 180
15 100 77 89 4 0 24 0.00 0.0 0 5.8 14 200 M M 1 19 200
16 100 79 90 5 0 25 0.00 0.0 0 4.2 13 210 M M 0 18 220
17 93 72 83 -2 0 18 0.33 0.0 0 4.1 25 10 M M 2 13 33 350
18 98 72 85 0 0 20 0.00 0.0 0 3.2 13 10 M M 1 1 23 20
19 96 71 84 0 0 19 0.00 0.0 0 4.0 14 360 M M 0 1 20 20
20 96 70 83 -1 0 18 0.00 0.0 0 4.0 12 70 M M 1 15 40
21 96 70 83 -1 0 18 T 0.0 0 1.4 17 200 M M 2 1 22 190
22 91 71 81 -3 0 16 0.00 0.0 0 2.0 10 310 M M 1 1 13 350
23 96 70 83 -1 0 18 0.00 0.0 0 3.5 14 90 M M 1 1 19 80
24 93 72 83 -1 0 18 0.00 0.0 0 5.0 14 80 M M 0 19 90
25 98 73 86 2 0 21 0.00 0.0 0 6.3 15 70 M M 2 21 40
26 95 79 87 3 0 22 0.09 0.0 0 9.3 20 90 M M 5 8 29 90
27 98 76 87 3 0 22 0.00 0.0 0 6.2 14 330 M M 2 20 360
28 99 75 87 4 0 22 0.92 0.0 0 8.1 32 130 M M 4 138 49 130
29 98 77 88 5 0 23 0.00 0.0 0 5.5 15 140 M M 2 1 24 130
30 97 77 87 4 0 22 0.00 0.0 0 5.4 17 120 M M 2 23 120
31 97 82 90 7 0 25 0.00 0.0 0 7.5 15 200 M M 3 18 22 180
================================================================================
SM 2968 2310 0 632 1.66 0.0 148.3 M 49
================================================================================
AV 95.7 74.5 4.8 FASTST M M 2 MAX(MPH)
MISC ----> 32 130 49 130
================================================================================
NOTES:
# LAST OF SEVERAL OCCURRENCES
COLUMN 17 PEAK WIND IN M.P.H.
PRELIMINARY LOCAL CLIMATOLOGICAL DATA (WS FORM: F-6) , PAGE 2
STATION: HOUSTON/D.W._HOOKS
MONTH: AUGUST
YEAR: 2020
LATITUDE: 30 4 N
LONGITUDE: 95 33 W
[TEMPERATURE DATA] [PRECIPITATION DATA] SYMBOLS USED IN COLUMN 16
AVERAGE MONTHLY: 85.1 TOTAL FOR MONTH: 1.66 1 = FOG OR MIST
DPTR FM NORMAL: 0.6 DPTR FM NORMAL: -3.21 2 = FOG REDUCING VISIBILITY
HIGHEST: 100 ON 16,15 GRTST 24HR 0.92 ON 28-28 TO 1/4 MILE OR LESS
LOWEST: 70 ON 23,21 3 = THUNDER
SNOW, ICE PELLETS, HAIL 4 = ICE PELLETS
TOTAL MONTH: 0.0 INCH 5 = HAIL
GRTST 24HR 0.0 6 = FREEZING RAIN OR DRIZZLE
GRTST DEPTH: 0 7 = DUSTSTORM OR SANDSTORM:
VSBY 1/2 MILE OR LESS
8 = SMOKE OR HAZE
[NO. OF DAYS WITH] [WEATHER - DAYS WITH] 9 = BLOWING SNOW
X = TORNADO
MAX 32 OR BELOW: 0 0.01 INCH OR MORE: 5
MAX 90 OR ABOVE: 30 0.10 INCH OR MORE: 4
MIN 32 OR BELOW: 0 0.50 INCH OR MORE: 1
MIN 0 OR BELOW: 0 1.00 INCH OR MORE: 0
[HDD (BASE 65) ]
TOTAL THIS MO. 0 CLEAR (SCALE 0-3) 27
DPTR FM NORMAL 0 PTCLDY (SCALE 4-7) 4
TOTAL FM JUL 1 0 CLOUDY (SCALE 8-10) 0
DPTR FM NORMAL 0
[CDD (BASE 65) ]
TOTAL THIS MO. 632
DPTR FM NORMAL 28 [PRESSURE DATA]
TOTAL FM JAN 1 2521 HIGHEST SLP M ON M
DPTR FM NORMAL 124 LOWEST SLP 29.64 ON 27
[REMARKS]
#FINAL-08-20#