000
CXUS54 KEWX 011010
CF6DZB
PRELIMINARY LOCAL CLIMATOLOGICAL DATA (WS FORM: F-6)
STATION: HORSESHOE BAY
MONTH: AUGUST
YEAR: 2021
LATITUDE: 30 31 N
LONGITUDE: 98 22 W
TEMPERATURE IN F: :PCPN: SNOW: WIND :SUNSHINE: SKY :PK WND
================================================================================
1 2 3 4 5 6A 6B 7 8 9 10 11 12 13 14 15 16 17 18
12Z AVG MX 2MIN
DY MAX MIN AVG DEP HDD CDD WTR SNW DPTH SPD SPD DIR MIN PSBL S-S WX SPD DR
================================================================================
1 95 76 86 M 0 21 0.00 M M 2.9 10 10 M M 2 3 21 10
2 88 73 81 M 0 16 1.15 M M 1.9 7 340 M M 5 3 30 290
3 91 73 82 M 0 17 0.00 M M 1.7 6 50 M M 4 8 M M
4 91 67 79 M 0 14 0.00 M M 1.9 6 140 M M 2 M M
5 86 73 80 M 0 15 0.00 0.0 0 2.2 8 160 M M 3 M M
6 94 72 83 M 0 18 0.00 M M 2.9 10 140 M M 5 16 160
7 93 72 83 M 0 18 0.00 M M 5.8 12 160 M M 3 21 170
8 93 76 85 M 0 20 0.00 M M 9.5 15 180 M M 3 24 150
9 94 77 86 M 0 21 0.00 M M 9.4 16 150 M M 5 25 200
10 95 76 86 M 0 21 0.00 M M 8.5 14 160 M M 4 22 190
11 95 74 85 M 0 20 0.00 M M 7.3 12 170 M M 2 21 190
12 94 71 83 M 0 18 0.00 M M 6.0 13 180 M M 2 22 170
13 95 71 83 M 0 18 0.00 M M 4.7 9 170 M M 1 16 140
14 95 72 84 M 0 19 0.00 M M 3.0 9 40 M M 1 20 100
15 87 69 78 M 0 13 1.32 M M 2.0 9 150 M M 2 3 32 150
16 92 68 80 M 0 15 0.00 M M 1.8 9 140 M M 1 17 140
17 89 72 81 M 0 16 0.04 M M 2.8 8 200 M M 3 17 180
18 93 76 85 M 0 20 0.01 M M 5.8 15 180 M M 3 3 22 180
19 94 76 85 M 0 20 0.00 M M 7.4 14 190 M M 4 1 20 190
20 94 75 85 M 0 20 0.00 M M 6.9 13 190 M M 2 18 200
21 95 73 84 M 0 19 0.00 M M 7.2 12 180 M M 2 18 180
22 94 72 83 M 0 18 0.00 M M 4.9 10 210 M M 1 18 170
23 94 71 83 M 0 18 0.00 M M 5.7 10 180 M M 0 18 180
24 96 73 85 M 0 20 0.00 M M 5.1 10 150 M M 0 M M
25 96 73 85 M 0 20 0.00 M M 3.8 8 130 M M 0 10 0
26 95 73 84 M 0 19 0.02 M M 2.6 20 350 M M 2 3 28 350
27 92 72 82 M 0 17 0.00 M M 3.3 10 130 M M 2 20 140
28 92 71 82 M 0 17 0.00 M M 3.2 12 70 M M 3 21 70
29 92 70 81 M 0 16 0.00 M M 1.0 6 50 M M 4 M M
30 92 71 82 M 0 17 0.00 M M 1.9 10 40 M M 3 3 20 80
31 96 71 84 M 0 19 0.00 M M 2.9 8 140 M M 0 M M
================================================================================
SM 2882 2249 0 560 2.54 0.0 135.9 M 74
================================================================================
AV 93.0 72.5 4.4 FASTST M M 2 MAX(MPH)
MISC ----> 20 350 32 150
================================================================================
NOTES:
# LAST OF SEVERAL OCCURRENCES
COLUMN 17 PEAK WIND IN M.P.H.
PRELIMINARY LOCAL CLIMATOLOGICAL DATA (WS FORM: F-6) , PAGE 2
STATION: HORSESHOE BAY
MONTH: AUGUST
YEAR: 2021
LATITUDE: 30 31 N
LONGITUDE: 98 22 W
[TEMPERATURE DATA] [PRECIPITATION DATA] SYMBOLS USED IN COLUMN 16
AVERAGE MONTHLY: 82.8 TOTAL FOR MONTH: 2.54 1 = FOG OR MIST
DPTR FM NORMAL: 0.0 DPTR FM NORMAL: M 2 = FOG REDUCING VISIBILITY
HIGHEST: 96 ON 31,25 GRTST 24HR 1.32 ON 15-15 TO 1/4 MILE OR LESS
LOWEST: 67 ON 4 3 = THUNDER
SNOW, ICE PELLETS, HAIL 4 = ICE PELLETS
TOTAL MONTH: 0.0 INCH 5 = HAIL
GRTST 24HR 0.0 6 = FREEZING RAIN OR DRIZZLE
GRTST DEPTH: 0 7 = DUSTSTORM OR SANDSTORM:
VSBY 1/2 MILE OR LESS
8 = SMOKE OR HAZE
[NO. OF DAYS WITH] [WEATHER - DAYS WITH] 9 = BLOWING SNOW
X = TORNADO
MAX 32 OR BELOW: 0 0.01 INCH OR MORE: 5
MAX 90 OR ABOVE: 27 0.10 INCH OR MORE: 2
MIN 32 OR BELOW: 0 0.50 INCH OR MORE: 2
MIN 0 OR BELOW: 0 1.00 INCH OR MORE: 2
[HDD (BASE 65) ]
TOTAL THIS MO. 0 CLEAR (SCALE 0-3) 22
DPTR FM NORMAL M PTCLDY (SCALE 4-7) 9
TOTAL FM JUL 1 0 CLOUDY (SCALE 8-10) 0
DPTR FM NORMAL M
[CDD (BASE 65) ]
TOTAL THIS MO. 560
DPTR FM NORMAL M [PRESSURE DATA]
TOTAL FM JAN 1 2008 HIGHEST SLP M ON M
DPTR FM NORMAL M LOWEST SLP M ON M
[REMARKS]
#FINAL-08-21#