000
CXUS54 KMAF 011110
CF6E38
PRELIMINARY LOCAL CLIMATOLOGICAL DATA (WS FORM: F-6)
STATION: ALPINE-CASPARIS MUNICIPAL
MONTH: MARCH
YEAR: 2022
LATITUDE: 30 23 N
LONGITUDE: 103 41 W
TEMPERATURE IN F: :PCPN: SNOW: WIND :SUNSHINE: SKY :PK WND
================================================================================
1 2 3 4 5 6A 6B 7 8 9 10 11 12 13 14 15 16 17 18
12Z AVG MX 2MIN
DY MAX MIN AVG DEP HDD CDD WTR SNW DPTH SPD SPD DIR MIN PSBL S-S WX SPD DR
================================================================================
1 76 37 57 M 8 0 M M M 6.4 15 60 M M 0 17 60
2 72 36 54 M 11 0 M M M 5.1 13 50 M M 0 18 50
3 78 39 59 M 6 0 M M M 6.5 13 150 M M 0 20 160
4 81 50 66 M 0 1 M M M 11.0 22 230 M M 0 32 240
5 77 43 60 M 5 0 M M M 10.0 15 270 M M 0 22 260
6 79 44 62 M 3 0 M M M 13.5 32 230 M M 0 40 230
7 49 28 39 M 26 0 M M M 6.7 13 70 M M 0 18 50
8 62 24 43 M 22 0 M M M 6.3 18 280 M M 0 28 280
9 68 26 47 M 18 0 M M M 9.7 23 260 M M 0 32 250
10 72 34 53 M 12 0 M M M 8.3 15 210 M M 0 22 220
11 49 22 36 M 29 0 M M M 10.3 17 30 M M 0 23 30
12 58 15 37 M 28 0 M M M 7.9 14 190 M M 0 18 180
13 71 35 53 M 12 0 M M M 11.0 21 210 M M 0 28 230
14 71 45 58 M 7 0 M M M 13.1 25 280 M M 0 37 280
15 73 32 53 M 12 0 M M M 4.5 10 220 M M 0 M M
16 82 44 63 M 2 0 M M M 10.2 20 240 M M 0 25 210
17 71 44 58 M 7 0 M M M 18.7 33 270 M M 1 43 270
18 65 33 49 M 16 0 M M M 4.7 10 20 M M 1 14 20
19 74 33 54 M 11 0 M M M 6.2 12 170 M M 0 18 0
20 78 50 64 M 1 0 M M M 12.9 25 160 M M 0 39 160
21 63 49 56 M 9 0 M M M 19.1 32 270 M M 2 43 270
22 52 36 44 M 21 0 M M M 14.8 23 360 M M 6 28 360
23 58 33 46 M 19 0 M M M 7.8 15 300 M M 4 21 30
24 74 39 57 M 8 0 M M M 11.8 24 270 M M 0 31 270
25 80 44 62 M 3 0 M M M 5.9 12 220 M M 0 M M
26 83 47 65 M 0 0 M M M 6.8 12 230 M M 0 17 320
27 87 53 70 M 0 5 M M M 8.2 14 230 M M 0 21 230
28 88 58 73 M 0 8 M M M 8.2 18 240 M M 0 25 210
29 86 55 71 M 0 6 M M M 16.8 33 230 M M 1 41 210
30 68 46 57 M 8 0 M M M 18.9 31 270 M M 2 44 270
31 72 45 59 M 6 0 M M M 6.6 16 280 M M 0 25 280
================================================================================
SM 2217 1219 310 20 M M 308.0 M 17
================================================================================
AV 71.5 39.3 9.9 FASTST M M 1 MAX(MPH)
MISC ----> # 33 270 44 270
================================================================================
NOTES:
# LAST OF SEVERAL OCCURRENCES
COLUMN 17 PEAK WIND IN M.P.H.
PRELIMINARY LOCAL CLIMATOLOGICAL DATA (WS FORM: F-6) , PAGE 2
STATION: ALPINE-CASPARIS MUNICIPAL
MONTH: MARCH
YEAR: 2022
LATITUDE: 30 23 N
LONGITUDE: 103 41 W
[TEMPERATURE DATA] [PRECIPITATION DATA] SYMBOLS USED IN COLUMN 16
AVERAGE MONTHLY: 55.4 TOTAL FOR MONTH: M 1 = FOG OR MIST
DPTR FM NORMAL: 0.0 DPTR FM NORMAL: M 2 = FOG REDUCING VISIBILITY
HIGHEST: 88 ON 28 GRTST 24HR M ON M TO 1/4 MILE OR LESS
LOWEST: 15 ON 12 3 = THUNDER
SNOW, ICE PELLETS, HAIL 4 = ICE PELLETS
TOTAL MONTH: M 5 = HAIL
GRTST 24HR M ON M 6 = FREEZING RAIN OR DRIZZLE
GRTST DEPTH: M ON M 7 = DUSTSTORM OR SANDSTORM:
VSBY 1/2 MILE OR LESS
8 = SMOKE OR HAZE
[NO. OF DAYS WITH] [WEATHER - DAYS WITH] 9 = BLOWING SNOW
X = TORNADO
MAX 32 OR BELOW: 0 0.01 INCH OR MORE: 0
MAX 90 OR ABOVE: 0 0.10 INCH OR MORE: 0
MIN 32 OR BELOW: 6 0.50 INCH OR MORE: 0
MIN 0 OR BELOW: 0 1.00 INCH OR MORE: 0
[HDD (BASE 65) ]
TOTAL THIS MO. 310 CLEAR (SCALE 0-3) 29
DPTR FM NORMAL M PTCLDY (SCALE 4-7) 2
TOTAL FM JUL 1 1919 CLOUDY (SCALE 8-10) 0
DPTR FM NORMAL M
[CDD (BASE 65) ]
TOTAL THIS MO. 20
DPTR FM NORMAL M [PRESSURE DATA]
TOTAL FM JAN 1 21 HIGHEST SLP M ON M
DPTR FM NORMAL M LOWEST SLP M ON M
[REMARKS]
#FINAL-03-22#