000
CXUS56 KOTX 010910
CF6EAT
PRELIMINARY LOCAL CLIMATOLOGICAL DATA (WS FORM: F-6)
STATION: WENATCHEE WA PANGBORN FIELD
MONTH: JUNE
YEAR: 2023
LATITUDE: 47 23 N
LONGITUDE: 120 12 W
TEMPERATURE IN F: :PCPN: SNOW: WIND :SUNSHINE: SKY :PK WND
================================================================================
1 2 3 4 5 6A 6B 7 8 9 10 11 12 13 14 15 16 17 18
12Z AVG MX 2MIN
DY MAX MIN AVG DEP HDD CDD WTR SNW DPTH SPD SPD DIR MIN PSBL S-S WX SPD DR
================================================================================
1 75 50 63 -1 2 0 0.00 M M 8.7 17 310 M M 0 22 310
2 81 54 68 4 0 3 0.00 M M 9.5 18 310 M M 0 23 310
3 85 58 72 8 0 7 0.00 M M 9.4 18 310 M M 0 21 320
4 85 61 73 9 0 8 0.00 M M 16.1 24 310 M M 0 29 310
5 88 57 73 9 0 8 0.00 M M 9.9 26 310 M M 0 30 310
6 88 57 73 9 0 8 0.00 M M 5.9 13 290 M M 0 8 14 290
7 93 58 76 11 0 11 0.00 M M 7.4 16 310 M M 0 20 310
8 89 66 78 13 0 13 T M M 7.0 25 130 M M 4 8 32 140
9 72 59 66 1 0 1 0.19 M M 9.8 17 330 M M 10 1 23 320
10 70 59 65 0 0 0 0.00 M M 11.7 18 310 M M 7 22 310
11 85 55 70 5 0 5 0.00 M M 8.6 16 340 M M 4 22 330
12 92 63 78 12 0 13 0.00 M M 9.1 17 280 M M 0 22 280
13 87 60 74 8 0 9 0.00 M M 17.8 41 290 M M 0 8 50 300
14 74 55 65 -1 0 0 0.00 M M 21.3 36 290 M M 1 43 290
15 81 55 68 2 0 3 0.00 M M 10.4 22 280 M M 0 8 26 280
16 83 59 71 5 0 6 0.00 M M 11.6 22 270 M M 1 27 270
17 76 57 67 0 0 2 0.00 M M 17.3 32 310 M M 0 37 310
18 68 51 60 -7 5 0 0.00 M M 19.0 25 300 M M 1 31 290
19 68 47 58 -9 7 0 T M M 15.4 29 310 M M 2 34 310
20 66 53 60 -7 5 0 0.00 M M 10.4 18 310 M M 8 22 300
21 73 55 64 -4 1 0 T M M 5.9 21 210 M M 7 29 200
22 78 53 66 -2 0 1 0.00 M M 7.2 17 270 M M 4 20 280
23 84 54 69 1 0 4 0.00 M M 10.7 23 300 M M 0 28 320
24 85 59 72 4 0 7 0.00 M M 9.2 28 290 M M 1 33 300
25 87 58 73 4 0 8 0.00 M M 8.6 28 310 M M 1 3 33 310
26 88 59 74 5 0 9 T M M 9.9 23 300 M M 1 3 28 300
27 89 66 78 9 0 13 0.08 M M 9.9 30 300 M M 1 3 38 290
28 89 61 75 5 0 10 0.00 M M 7.4 18 230 M M 0 21 220
29 94 68 81 11 0 16 0.00 M M 9.1 18 300 M M 0 22 290
30 94 67 81 11 0 16 0.00 M M 10.9 21 300 M M 0 24 300
================================================================================
SM 2467 1734 20 181 0.27 M 325.1 M 53
================================================================================
AV 82.2 57.8 10.8 FASTST M M 2 MAX(MPH)
MISC ----> 41 290 50 300
================================================================================
NOTES:
# LAST OF SEVERAL OCCURRENCES
COLUMN 17 PEAK WIND IN M.P.H.
PRELIMINARY LOCAL CLIMATOLOGICAL DATA (WS FORM: F-6) , PAGE 2
STATION: WENATCHEE WA PANGBORN FIELD
MONTH: JUNE
YEAR: 2023
LATITUDE: 47 23 N
LONGITUDE: 120 12 W
[TEMPERATURE DATA] [PRECIPITATION DATA] SYMBOLS USED IN COLUMN 16
AVERAGE MONTHLY: 70.0 TOTAL FOR MONTH: 0.27 1 = FOG OR MIST
DPTR FM NORMAL: 3.5 DPTR FM NORMAL: -0.23 2 = FOG REDUCING VISIBILITY
HIGHEST: 94 ON 30,29 GRTST 24HR 0.19 ON 8- 9 TO 1/4 MILE OR LESS
LOWEST: 47 ON 19 3 = THUNDER
SNOW, ICE PELLETS, HAIL 4 = ICE PELLETS
TOTAL MONTH: M 5 = HAIL
GRTST 24HR M ON M 6 = FREEZING RAIN OR DRIZZLE
GRTST DEPTH: M ON M 7 = DUSTSTORM OR SANDSTORM:
VSBY 1/2 MILE OR LESS
8 = SMOKE OR HAZE
[NO. OF DAYS WITH] [WEATHER - DAYS WITH] 9 = BLOWING SNOW
X = TORNADO
MAX 32 OR BELOW: 0 0.01 INCH OR MORE: 2
MAX 90 OR ABOVE: 4 0.10 INCH OR MORE: 1
MIN 32 OR BELOW: 0 0.50 INCH OR MORE: 0
MIN 0 OR BELOW: 0 1.00 INCH OR MORE: 0
[HDD (BASE 65) ]
TOTAL THIS MO. 20 CLEAR (SCALE 0-3) 23
DPTR FM NORMAL -38 PTCLDY (SCALE 4-7) 6
TOTAL FM JUL 1 6022 CLOUDY (SCALE 8-10) 1
DPTR FM NORMAL 208
[CDD (BASE 65) ]
TOTAL THIS MO. 181
DPTR FM NORMAL 76 [PRESSURE DATA]
TOTAL FM JAN 1 292 HIGHEST SLP M ON M
DPTR FM NORMAL 149 LOWEST SLP 29.63 ON 13
[REMARKS]
#FINAL-06-23#