000
CXUS56 KOTX 011614
CLMEAT
CLIMATE REPORT
NATIONAL WEATHER SERVICE SPOKANE WA
814 AM PST FRI DEC 01 2023
...................................
...THE WENATCHEE WA PANGBORN FIELD CLIMATE SUMMARY FOR THE MONTH OF NOVEMBER 2023...
CLIMATE NORMAL PERIOD 1991 TO 2020
CLIMATE RECORD PERIOD 1959 TO 2023
WEATHER OBSERVED NORMAL DEPART LAST YEAR`S
VALUE DATE(S) VALUE FROM VALUE DATE(S)
NORMAL
................................................................
TEMPERATURE (F)
RECORD
HIGH 70 11/09/1989
11/03/1975
LOW -5 11/23/1985
11/24/1985
HIGHEST 55 11/07 MM MM 56 11/04
11/08
LOWEST 22 11/26 MM MM 15 11/28
AVG. MAXIMUM 43.2 43.8 -0.6 35.5
AVG. MINIMUM 31.4 30.9 0.5 24.7
MEAN 37.3 37.4 -0.1 30.1
DAYS MAX >= 90 0 0.0 0.0 0
DAYS MAX <= 32 2 2.3 -0.3 11
DAYS MIN <= 32 18 17.3 0.7 28
DAYS MIN <= 0 0 0.1 -0.1 0
PRECIPITATION (INCHES)
RECORD
MAXIMUM 3.58 1983
MINIMUM T 1993
TOTALS 0.82 0.85 -0.03 1.74
DAILY AVG. 0.03 0.03 -0.00 0.06
DAYS >= .01 8 8.0 0.0 10
DAYS >= .10 4 2.5 1.5 5
DAYS >= .50 0 0.2 -0.2 1
DAYS >= 1.00 0 0.0 0.0 0
GREATEST
24 HR. TOTAL 0.28 11/05 TO 11/06 0.59
DEGREE DAYS
HEATING TOTAL 824 830 -6 1040
SINCE 7/1 1298 1379 -81 MM
COOLING TOTAL 0 0 0 0
SINCE 1/1 1097 807 290 MM
................................................................
WIND (MPH)
AVERAGE WIND SPEED 4.3
HIGHEST WIND SPEED/DIRECTION 25/300 DATE 11/07
HIGHEST GUST SPEED/DIRECTION 31/300 DATE 11/07
SKY COVER
POSSIBLE SUNSHINE (PERCENT) MM
AVERAGE SKY COVER 0.47
NUMBER OF DAYS FAIR 12
NUMBER OF DAYS PC 10
NUMBER OF DAYS CLOUDY 8
AVERAGE RH (PERCENT) 81
WEATHER CONDITIONS. NUMBER OF DAYS WITH
THUNDERSTORM 0 MIXED PRECIP 3
HEAVY RAIN 0 RAIN 7
LIGHT RAIN 10 FREEZING RAIN 0
LT FREEZING RAIN 0 HAIL 0
HEAVY SNOW 0 SNOW 3
LIGHT SNOW 4 SLEET 0
FOG 15 FOG W/VIS <= 1/4 MILE 7
HAZE 2
- INDICATES NEGATIVE NUMBERS.
R INDICATES RECORD WAS SET OR TIED.
MM INDICATES DATA IS MISSING.
T INDICATES TRACE AMOUNT.
$$
NOVEMBER 2023 BROUGHT NEAR NORMAL TEMPERATURES AND PRECIPITATION TO
NORTH CENTRAL WASHINGTON. THE MONTH STARTED OFF ON A WET NOTE WITH
SEVERAL DAYS OF RAIN AND MOUNTAIN SNOW THROUGH THE 11TH. THE 11TH
BROUGHT HEAVY SNOW AMOUNTS TO THE NORTH CASCADES WITH WASHINGTON
PASS COMING IN WITH 15-20 INCHES. WINDY CONDITIONS ALSO OCCURRED ON
THIS DAY OVER PARTS OF THE OKANOGAN VALLEY AND COLUMBIA BASIN WITH
PEAK WIND GUSTS INCLUDING 51 MPH IN BEVERLY, 48 MPH OROVILLE, 42 MPH
HARTLINE, AND 35 MPH IN EPHRATA. THE REMAINDER OF THE MONTH BROUGHT
DRIER AND QUIETER WEATHER.
NO RECORDS WERE SET DURING THE MONTH AT THE WENATCHEE AIRPORT.