000
CXUS53 KMPX 012123
CF6EAU
PRELIMINARY LOCAL CLIMATOLOGICAL DATA (WS FORM: F-6)
STATION: EAU CLAIRE WI
MONTH: FEBRUARY
YEAR: 2024
LATITUDE: 44 52 N
LONGITUDE: 91 29 W
TEMPERATURE IN F: :PCPN: SNOW: WIND :SUNSHINE: SKY :PK WND
================================================================================
1 2 3 4 5 6A 6B 7 8 9 10 11 12 13 14 15 16 17 18
12Z AVG MX 2MIN
DY MAX MIN AVG DEP HDD CDD WTR SNW DPTH SPD SPD DIR MIN PSBL S-S WX SPD DR
================================================================================
1 49 27 38 23 27 0 0.00 0.0 0 6.0 17 40 M M 4 12 23 30
2 41 21 31 16 34 0 0.00 0.0 0 6.0 15 140 M M 3 19 140
3 42 26 34 19 31 0 0.00 0.0 0 7.4 14 150 M M 6 17 150
4 51 20 36 21 29 0 0.00 0.0 0 1.8 8 30 M M 0 1 10 50
5 53 22 38 22 27 0 0.00 0.0 0 1.0 7 110 M M 0 18 9 90
6 56 22 39 23 26 0 0.00 0.0 0 5.1 16 200 M M 1 128 23 200
7 49 38 44 28 21 0 0.00 0.0 0 8.9 18 140 M M 1 25 150
8 59 38 49 33 16 0 0.13 0.0 0 15.6 26 230 M M 6 1 38 230
9 39 27 33 16 32 0 0.01 0.0 0 13.9 22 250 M M 10 33 230
10 33 24 29 12 36 0 0.00 0.0 0 11.5 18 280 M M 10 26 290
11 39 25 32 15 33 0 0.00 0.0 0 7.4 21 260 M M 7 26 260
12 44 25 35 17 30 0 0.00 0.0 0 7.7 17 290 M M 2 24 280
13 37 24 31 13 34 0 0.00 0.0 0 4.4 12 290 M M 6 16 310
14 44 25 35 17 30 0 0.22 1.0 0 5.5 15 240 M M 10 1 20 230
15 32 16 24 5 41 0 0.14 2.5 4 8.7 18 280 M M 3 1 26 270
16 17 6 12 -7 53 0 T T 4 8.1 17 340 M M 2 24 290
17 26 5 16 -3 49 0 0.00 0.0 4 11.8 26 230 M M 2 37 220
18 33 18 26 6 39 0 0.00 0.0 3 7.8 16 320 M M 0 23 300
19 41 14 28 8 37 0 0.00 0.0 2 3.9 12 150 M M 0 18 15 120
20 51 27 39 19 26 0 0.00 0.0 1 4.9 15 220 M M 1 21 240
21 50 22 36 15 29 0 0.00 0.0 0 1.9 9 290 M M 0 18 13 290
22 56 24 40 19 25 0 0.00 0.0 0 6.5 17 270 M M 1 18 25 280
23 36 16 26 4 39 0 T T 0 7.7 17 20 M M 4 24 10
24 40 8 24 2 41 0 0.00 0.0 0 8.8 21 180 M M 0 30 190
25 52 26 39 16 26 0 0.00 0.0 0 6.3 18 320 M M 1 26 300
26 61 21 41 18 24 0 0.00 0.0 0 8.3 20 170 M M 0 32 150
27 62 14 38 14 27 0 0.14 1.0 0 9.6 26 320 M M 3 1 39 290
28 18 5 12 -12 53 0 0.00 0.0 1 11.9 24 330 M M 2 39 330
29 48 2 25 1 40 0 0.00 0.0 1 7.8 15 180 M M 0 22 160
================================================================================
SM 1259 588 955 0 0.64 4.5 216.2 M 85
================================================================================
AV 43.4 20.3 7.5 FASTST M M 3 MAX(MPH)
MISC ----> # 26 230 # 39 290
================================================================================
NOTES:
# LAST OF SEVERAL OCCURRENCES
COLUMN 17 PEAK WIND IN M.P.H.
PRELIMINARY LOCAL CLIMATOLOGICAL DATA (WS FORM: F-6) , PAGE 2
STATION: EAU CLAIRE WI
MONTH: FEBRUARY
YEAR: 2024
LATITUDE: 44 52 N
LONGITUDE: 91 29 W
[TEMPERATURE DATA] [PRECIPITATION DATA] SYMBOLS USED IN COLUMN 16
AVERAGE MONTHLY: 31.8 TOTAL FOR MONTH: 0.64 1 = FOG OR MIST
DPTR FM NORMAL: 13.0 DPTR FM NORMAL: -0.46 2 = FOG REDUCING VISIBILITY
HIGHEST: 62 ON 27 GRTST 24HR 0.31 ON 14-15 TO 1/4 MILE OR LESS
LOWEST: 2 ON 29 3 = THUNDER
SNOW, ICE PELLETS, HAIL 4 = ICE PELLETS
TOTAL MONTH: 4.5 INCHES 5 = HAIL
GRTST 24HR 2.5 ON 15-15 6 = FREEZING RAIN OR DRIZZLE
GRTST DEPTH: 4 ON 17,16 7 = DUSTSTORM OR SANDSTORM:
VSBY 1/2 MILE OR LESS
8 = SMOKE OR HAZE
[NO. OF DAYS WITH] [WEATHER - DAYS WITH] 9 = BLOWING SNOW
X = TORNADO
MAX 32 OR BELOW: 4 0.01 INCH OR MORE: 5
MAX 90 OR ABOVE: 0 0.10 INCH OR MORE: 4
MIN 32 OR BELOW: 27 0.50 INCH OR MORE: 0
MIN 0 OR BELOW: 0 1.00 INCH OR MORE: 0
[HDD (BASE 65) ]
TOTAL THIS MO. 955 CLEAR (SCALE 0-3) 20
DPTR FM NORMAL -340 PTCLDY (SCALE 4-7) 6
TOTAL FM JUL 1 4726 CLOUDY (SCALE 8-10) 3
DPTR FM NORMAL -1304
[CDD (BASE 65) ]
TOTAL THIS MO. 0
DPTR FM NORMAL 0 [PRESSURE DATA]
TOTAL FM JAN 1 0 HIGHEST SLP 30.39 ON 29
DPTR FM NORMAL 0 LOWEST SLP 29.21 ON 27
[REMARKS]
#FINAL-02-24#
THE PRECIPITATION VALUE ON FEBRUARY 14TH THROUGH 16TH AND
22ND THROUGH 27TH IS FROM THE 8 INCH DIAMETER RAIN GAUGE AT
THE SNOW OBSERVING SITE.