000
CXUS53 KMPX 051955
CF6EAU
PRELIMINARY LOCAL CLIMATOLOGICAL DATA (WS FORM: F-6)
STATION: EAU CLAIRE WI
MONTH: MARCH
YEAR: 2022
LATITUDE: 44 52 N
LONGITUDE: 91 29 W
TEMPERATURE IN F: :PCPN: SNOW: WIND :SUNSHINE: SKY :PK WND
================================================================================
1 2 3 4 5 6A 6B 7 8 9 10 11 12 13 14 15 16 17 18
12Z AVG MX 2MIN
DY MAX MIN AVG DEP HDD CDD WTR SNW DPTH SPD SPD DIR MIN PSBL S-S WX SPD DR
================================================================================
1 37 21 29 5 36 0 0.00 0.0 2 4.5 13 330 M M 3 16 10
2 32 15 24 -1 41 0 T T 2 5.6 17 350 M M 7 18 23 350
3 26 6 16 -9 49 0 0.00 0.0 2 2.6 8 290 M M 0 11 330
4 37 8 23 -3 42 0 T 0.0 1 8.1 18 110 M M 5 30 110
5 37 32 35 9 30 0 0.44 0.0 1 7.5 17 310 M M 10 126 24 30
6 35 29 32 5 33 0 T T 1 11.3 20 310 M M 10 1 26 280
7 31 20 26 -1 39 0 T T 1 9.8 17 320 M M 5 8 24 330
8 41 16 29 1 36 0 0.01 0.2 1 10.8 23 220 M M 3 1 34 190
9 27 10 19 -9 46 0 T T T 12.8 22 290 M M 4 29 280
10 23 3 13 -16 52 0 0.00 0.0 T 7.3 17 270 M M 2 24 280
11 21 3 12 -17 53 0 0.00 0.0 T 16.1 26 270 M M 2 42 270
12 25 -3 11 -19 54 0 T T T 9.5 18 210 M M 3 26 220
13 43 19 31 1 34 0 T T T 7.7 21 290 M M 3 28 290
14 38 25 32 2 33 0 0.11 0.8 T 4.6 13 40 M M 9 12 18 50
15 48 24 36 5 29 0 0.00 0.0 T 2.3 13 250 M M 5 12 17 250
16 60 29 45 14 20 0 0.00 0.0 0 5.5 20 200 M M 1 25 240
17 49 30 40 8 25 0 0.00 0.0 0 4.5 12 320 M M 2 1 17 330
18 45 30 38 6 27 0 0.00 0.0 0 6.6 15 60 M M 2 24 60
19 49 27 38 5 27 0 0.00 0.0 0 5.5 12 290 M M 3 1 16 320
20 59 24 42 9 23 0 0.00 0.0 0 2.2 8 60 M M 0 11 340
21 55 40 48 14 17 0 T 0.0 0 11.7 22 80 M M 6 32 100
22 41 36 39 5 26 0 0.62 0.0 0 10.5 22 70 M M 9 1 30 70
23 40 33 37 3 28 0 0.68 T 0 9.2 14 10 M M 10 1 22 360
24 41 31 36 1 29 0 0.05 0.5 1 6.0 10 320 M M 8 1 16 30
25 41 27 34 -1 31 0 T T 0 14.0 31 300 M M 8 1 45 300
26 33 18 26 -10 39 0 T T 0 15.8 28 310 M M 6 37 350
27 30 13 22 -14 43 0 0.00 0.0 0 9.1 17 360 M M 0 27 10
28 40 9 25 -12 40 0 0.00 0.0 0 5.1 13 120 M M 1 17 130
29 39 32 36 -1 29 0 0.05 T 0 12.9 23 120 M M 10 3 32 130
30 37 32 35 -3 30 0 0.50 T 0 8.6 21 80 M M 10 1 26 90
31 34 25 30 -8 35 0 T 0.2 T 10.7 21 350 M M 9 1 32 360
================================================================================
SM 1194 664 1076 0 2.46 1.7 258.4 M 156
================================================================================
AV 38.5 21.4 8.3 FASTST M M 5 MAX(MPH)
MISC ----> 31 300 45 300
================================================================================
NOTES:
# LAST OF SEVERAL OCCURRENCES
COLUMN 17 PEAK WIND IN M.P.H.
PRELIMINARY LOCAL CLIMATOLOGICAL DATA (WS FORM: F-6) , PAGE 2
STATION: EAU CLAIRE WI
MONTH: MARCH
YEAR: 2022
LATITUDE: 44 52 N
LONGITUDE: 91 29 W
[TEMPERATURE DATA] [PRECIPITATION DATA] SYMBOLS USED IN COLUMN 16
AVERAGE MONTHLY: 30.0 TOTAL FOR MONTH: 2.46 1 = FOG OR MIST
DPTR FM NORMAL: -1.2 DPTR FM NORMAL: 0.49 2 = FOG REDUCING VISIBILITY
HIGHEST: 60 ON 16 GRTST 24HR 0.68 ON 23-23 TO 1/4 MILE OR LESS
LOWEST: -3 ON 12 3 = THUNDER
SNOW, ICE PELLETS, HAIL 4 = ICE PELLETS
TOTAL MONTH: 1.7 INCHES 5 = HAIL
GRTST 24HR 0.8 ON 14-14 6 = FREEZING RAIN OR DRIZZLE
GRTST DEPTH: 3 ON M 7 = DUSTSTORM OR SANDSTORM:
VSBY 1/2 MILE OR LESS
8 = SMOKE OR HAZE
[NO. OF DAYS WITH] [WEATHER - DAYS WITH] 9 = BLOWING SNOW
X = TORNADO
MAX 32 OR BELOW: 8 0.01 INCH OR MORE: 8
MAX 90 OR ABOVE: 0 0.10 INCH OR MORE: 5
MIN 32 OR BELOW: 28 0.50 INCH OR MORE: 3
MIN 0 OR BELOW: 1 1.00 INCH OR MORE: 0
[HDD (BASE 65) ]
TOTAL THIS MO. 1076 CLEAR (SCALE 0-3) 12
DPTR FM NORMAL 29 PTCLDY (SCALE 4-7) 11
TOTAL FM JUL 1 6858 CLOUDY (SCALE 8-10) 8
DPTR FM NORMAL -138
[CDD (BASE 65) ]
TOTAL THIS MO. 0
DPTR FM NORMAL 0 [PRESSURE DATA]
TOTAL FM JAN 1 0 HIGHEST SLP 30.54 ON 3
DPTR FM NORMAL 0 LOWEST SLP 29.39 ON 31
[REMARKS]
#FINAL-03-22#
THE PRECIPITATION DATA FROM MARCH 6TH-8TH...14TH...
15TH...22ND-24TH AND 29TH-31ST IS FROM THE 8 INCH
DIAMETER RAIN GAUGE AT THE SNOW OBSERVING SITE.