000
CXUS53 KMPX 022105
CF6EAU
PRELIMINARY LOCAL CLIMATOLOGICAL DATA (WS FORM: F-6)
STATION: EAU CLAIRE WI
MONTH: NOVEMBER
YEAR: 2020
LATITUDE: 44 52 N
LONGITUDE: 91 29 W
TEMPERATURE IN F: :PCPN: SNOW: WIND :SUNSHINE: SKY :PK WND
================================================================================
1 2 3 4 5 6A 6B 7 8 9 10 11 12 13 14 15 16 17 18
12Z AVG MX 2MIN
DY MAX MIN AVG DEP HDD CDD WTR SNW DPTH SPD SPD DIR MIN PSBL S-S WX SPD DR
================================================================================
1 38 23 31 -10 34 0 T T 0 13.4 31 320 M M 4 46 330
2 54 21 38 -2 27 0 0.00 0.0 0 6.9 16 230 M M 0 23 260
3 76 26 51 11 14 0 0.00 0.0 0 5.5 17 240 M M 0 29 240
4 74 34 54 15 11 0 0.00 0.0 0 6.1 14 230 M M 0 M M
5 70 41 56 17 9 0 0.00 0.0 0 4.4 14 260 M M 0 17 260
6 75 36 56 18 9 0 0.00 0.0 0 6.4 16 200 M M 0 22 210
7 75 57 66 28 0 1 0.00 0.0 0 13.0 25 190 M M 0 33 190
8 73 53 63 26 2 0 0.00 0.0 0 12.6 24 170 M M 3 33 180
9 72 38 55 18 10 0 1.22 0.0 0 12.8 30 200 M M 9 1 42 200
10 38 29 34 -2 31 0 0.74 0.1 0 9.4 23 290 M M 10 16 33 280
11 43 25 34 -2 31 0 0.00 0.0 T 9.3 18 220 M M 3 26 230
12 37 23 30 -5 35 0 0.06 0.8 0 5.9 17 310 M M 5 12 23 300
13 34 16 25 -9 40 0 0.00 0.0 1 7.6 16 300 M M 1 25 300
14 39 27 33 -1 32 0 0.14 0.0 0 9.7 24 160 M M 6 18 32 150
15 37 26 32 -1 33 0 0.04 T 0 16.1 28 280 M M 10 1 40 290
16 36 22 29 -4 36 0 T T 0 7.1 16 310 M M 5 25 330
17 36 18 27 -5 38 0 0.00 0.0 0 4.1 12 280 M M 3 16 320
18 49 30 40 8 25 0 0.00 0.0 0 11.9 24 180 M M 0 32 170
19 58 37 48 17 17 0 0.00 0.0 0 4.7 15 270 M M 0 18 20 250
20 43 21 32 2 33 0 T 0.0 0 8.2 20 280 M M 6 1 31 280
21 38 19 29 -1 36 0 0.00 0.0 0 1.6 10 240 M M 2 18 12 220
22 38 19 29 0 36 0 T T 0 5.2 14 300 M M 8 18 20 320
23 37 20 29 0 36 0 0.00 0.0 0 4.8 12 110 M M 0 17 300
24 37 27 32 4 33 0 T 0.0 0 6.7 17 150 M M 10 1 26 150
25 37 33 35 7 30 0 0.02 T 0 3.6 10 10 M M 10 1 15 360
26 36 33 35 8 30 0 0.00 0.0 0 6.8 12 240 M M 10 1 18 240
27 36 24 30 4 35 0 0.00 0.0 0 7.4 17 310 M M 2 1 24 300
28 52 23 38 12 27 0 0.00 0.0 0 6.4 14 240 M M 0 19 230
29 38 26 32 7 33 0 T T 0 10.8 23 330 M M 7 36 330
30 32 10 21 -4 44 0 0.00 0.0 0 6.9 16 330 M M 5 22 330
================================================================================
SM 1438 837 807 1 2.22 0.9 235.3 M 119
================================================================================
AV 47.9 27.9 7.8 FASTST M M 4 MAX(MPH)
MISC ----> 31 320 46 330
================================================================================
NOTES:
# LAST OF SEVERAL OCCURRENCES
COLUMN 17 PEAK WIND IN M.P.H.
PRELIMINARY LOCAL CLIMATOLOGICAL DATA (WS FORM: F-6) , PAGE 2
STATION: EAU CLAIRE WI
MONTH: NOVEMBER
YEAR: 2020
LATITUDE: 44 52 N
LONGITUDE: 91 29 W
[TEMPERATURE DATA] [PRECIPITATION DATA] SYMBOLS USED IN COLUMN 16
AVERAGE MONTHLY: 37.9 TOTAL FOR MONTH: 2.22 1 = FOG OR MIST
DPTR FM NORMAL: 5.0 DPTR FM NORMAL: 0.38 2 = FOG REDUCING VISIBILITY
HIGHEST: 76 ON 3 GRTST 24HR 1.51 ON 9-10 TO 1/4 MILE OR LESS
LOWEST: 10 ON 30 3 = THUNDER
SNOW, ICE PELLETS, HAIL 4 = ICE PELLETS
TOTAL MONTH: 0.9 INCH 5 = HAIL
GRTST 24HR 0.8 ON 12-12 6 = FREEZING RAIN OR DRIZZLE
GRTST DEPTH: 1 ON 13 7 = DUSTSTORM OR SANDSTORM:
VSBY 1/2 MILE OR LESS
8 = SMOKE OR HAZE
[NO. OF DAYS WITH] [WEATHER - DAYS WITH] 9 = BLOWING SNOW
X = TORNADO
MAX 32 OR BELOW: 1 0.01 INCH OR MORE: 6
MAX 90 OR ABOVE: 0 0.10 INCH OR MORE: 3
MIN 32 OR BELOW: 21 0.50 INCH OR MORE: 2
MIN 0 OR BELOW: 0 1.00 INCH OR MORE: 1
[HDD (BASE 65) ]
TOTAL THIS MO. 807 CLEAR (SCALE 0-3) 15
DPTR FM NORMAL -155 PTCLDY (SCALE 4-7) 8
TOTAL FM JUL 1 1751 CLOUDY (SCALE 8-10) 7
DPTR FM NORMAL 5
[CDD (BASE 65) ]
TOTAL THIS MO. 1
DPTR FM NORMAL 1 [PRESSURE DATA]
TOTAL FM JAN 1 672 HIGHEST SLP 30.60 ON 21
DPTR FM NORMAL 93 LOWEST SLP 29.32 ON 15
[REMARKS]
#FINAL-11-20#
THE PRECIPITATION DATA ON NOVEMBER 10TH AND 12TH IS
FROM THE 8 INCH DIAMETER RAIN GAUGE AT THE SNOW
OBSERVING SITE.