000
CXUS53 KMPX 022146
CF6EAU
PRELIMINARY LOCAL CLIMATOLOGICAL DATA (WS FORM: F-6)
STATION: EAU CLAIRE WI
MONTH: OCTOBER
YEAR: 2020
LATITUDE: 44 52 N
LONGITUDE: 91 29 W
TEMPERATURE IN F: :PCPN: SNOW: WIND :SUNSHINE: SKY :PK WND
================================================================================
1 2 3 4 5 6A 6B 7 8 9 10 11 12 13 14 15 16 17 18
12Z AVG MX 2MIN
DY MAX MIN AVG DEP HDD CDD WTR SNW DPTH SPD SPD DIR MIN PSBL S-S WX SPD DR
================================================================================
1 56 40 48 -5 17 0 0.01 0.0 0 7.7 20 350 M M 8 1 27 340
2 48 34 41 -12 24 0 0.00 0.0 0 4.6 12 340 M M 9 15 340
3 51 29 40 -12 25 0 0.00 0.0 0 2.6 12 360 M M 6 12 17 340
4 54 25 40 -12 25 0 0.00 0.0 0 3.7 12 170 M M 1 12 16 350
5 68 40 54 2 11 0 0.00 0.0 0 11.2 31 210 M M 0 39 220
6 76 45 61 10 4 0 0.01 0.0 0 8.1 20 220 M M 3 29 240
7 70 43 57 6 8 0 0.01 0.0 0 7.7 21 310 M M 2 28 340
8 66 33 50 0 15 0 0.00 0.0 0 4.8 14 160 M M 0 12 19 170
9 79 53 66 16 0 1 0.00 0.0 0 9.6 21 250 M M 0 18 32 220
10 66 41 54 4 11 0 0.00 0.0 0 6.6 16 120 M M 0 24 110
11 62 45 54 5 11 0 0.00 0.0 0 13.2 23 120 M M 7 34 130
12 63 47 55 6 10 0 0.56 0.0 0 11.7 25 270 M M 5 13 39 250
13 63 42 53 5 12 0 0.00 0.0 0 11.4 26 290 M M 1 38 270
14 62 42 52 4 13 0 T 0.0 0 13.2 29 280 M M 7 42 260
15 49 34 42 -6 23 0 T 0.0 0 12.3 22 290 M M 5 32 300
16 42 25 34 -13 31 0 0.06 T 0 6.3 23 280 M M 4 1 31 280
17 57 25 41 -6 24 0 0.12 0.0 0 8.5 20 320 M M 9 28 330
18 41 30 36 -11 29 0 0.00 0.0 0 8.5 20 300 M M 4 25 300
19 37 23 30 -16 35 0 0.02 0.1 0 2.6 10 200 M M 7 128 14 190
20 34 22 28 -18 37 0 0.76 6.9 0 4.4 15 100 M M 9 12 20 100
21 37 31 34 -12 31 0 0.00 0.0 7 6.2 14 260 M M 8 1 22 260
22 37 29 33 -12 32 0 0.45 0.2 3 9.3 17 40 M M 8 13 24 70
23 39 32 36 -9 29 0 0.09 T 1 9.1 16 340 M M 10 1 23 10
24 35 24 30 -14 35 0 0.00 0.0 T 5.1 13 320 M M 4 19 320
25 32 26 29 -15 36 0 0.09 1.0 T 5.1 9 320 M M 10 1 13 350
26 32 18 25 -19 40 0 T 0.2 2 5.2 9 300 M M 6 M M
27 35 16 26 -17 39 0 0.00 0.0 T 10.2 18 220 M M 1 27 210
28 45 28 37 -6 28 0 0.00 0.0 T 7.1 17 210 M M 6 M M
29 40 22 31 -11 34 0 T 0.0 0 6.1 14 20 M M 9 18 21 20
30 45 19 32 -10 33 0 0.00 0.0 0 3.3 12 150 M M 1 1 16 150
31 57 32 45 4 20 0 T 0.0 0 16.1 31 290 M M 4 45 300
================================================================================
SM 1578 995 722 1 2.18 8.4 241.5 M 154
================================================================================
AV 50.9 32.1 7.8 FASTST M M 5 MAX(MPH)
MISC ----> # 31 210 45 300
================================================================================
NOTES:
# LAST OF SEVERAL OCCURRENCES
COLUMN 17 PEAK WIND IN M.P.H.
PRELIMINARY LOCAL CLIMATOLOGICAL DATA (WS FORM: F-6) , PAGE 2
STATION: EAU CLAIRE WI
MONTH: OCTOBER
YEAR: 2020
LATITUDE: 44 52 N
LONGITUDE: 91 29 W
[TEMPERATURE DATA] [PRECIPITATION DATA] SYMBOLS USED IN COLUMN 16
AVERAGE MONTHLY: 41.5 TOTAL FOR MONTH: 2.18 1 = FOG OR MIST
DPTR FM NORMAL: -5.8 DPTR FM NORMAL: -0.16 2 = FOG REDUCING VISIBILITY
HIGHEST: 79 ON 9 GRTST 24HR 0.76 ON 20-20 TO 1/4 MILE OR LESS
LOWEST: 16 ON 27 3 = THUNDER
SNOW, ICE PELLETS, HAIL 4 = ICE PELLETS
TOTAL MONTH: 8.4 INCHES 5 = HAIL
GRTST 24HR 6.9 ON 20-20 6 = FREEZING RAIN OR DRIZZLE
GRTST DEPTH: 7 ON 21 7 = DUSTSTORM OR SANDSTORM:
VSBY 1/2 MILE OR LESS
8 = SMOKE OR HAZE
[NO. OF DAYS WITH] [WEATHER - DAYS WITH] 9 = BLOWING SNOW
X = TORNADO
MAX 32 OR BELOW: 2 0.01 INCH OR MORE: 11
MAX 90 OR ABOVE: 0 0.10 INCH OR MORE: 4
MIN 32 OR BELOW: 18 0.50 INCH OR MORE: 2
MIN 0 OR BELOW: 0 1.00 INCH OR MORE: 0
[HDD (BASE 65) ]
TOTAL THIS MO. 722 CLEAR (SCALE 0-3) 10
DPTR FM NORMAL 171 PTCLDY (SCALE 4-7) 13
TOTAL FM JUL 1 944 CLOUDY (SCALE 8-10) 8
DPTR FM NORMAL 159
[CDD (BASE 65) ]
TOTAL THIS MO. 1
DPTR FM NORMAL -3 [PRESSURE DATA]
TOTAL FM JAN 1 671 HIGHEST SLP M ON M
DPTR FM NORMAL 92 LOWEST SLP 29.39 ON 14
[REMARKS]
#FINAL-10-20#