000
CXUS52 KTAE 010800
CF6ECP
PRELIMINARY LOCAL CLIMATOLOGICAL DATA (WS FORM: F-6)
STATION: PANAMA CITY NW
MONTH: MARCH
YEAR: 2020
LATITUDE: 30 21 N
LONGITUDE: 85 48 W
TEMPERATURE IN F: :PCPN: SNOW: WIND :SUNSHINE: SKY :PK WND
================================================================================
1 2 3 4 5 6A 6B 7 8 9 10 11 12 13 14 15 16 17 18
12Z AVG MX 2MIN
DY MAX MIN AVG DEP HDD CDD WTR SNW DPTH SPD SPD DIR MIN PSBL S-S WX SPD DR
================================================================================
1 68 37 53 M 12 0 0.00 0.0 0 5.1 17 180 M M 0 23 160
2 71 53 62 M 3 0 0.02 0.0 0 11.2 22 150 M M 5 1 27 130
3 76 60 68 M 0 3 0.44 0.0 0 7.1 21 170 M M 8 1238 26 190
4 77 60 69 M 0 4 0.35 0.0 0 11.6 21 30 M M 10 18 27 30
5 75 56 66 M 0 1 0.25 0.0 0 11.7 25 220 M M 9 18 30 230
6 69 46 58 M 7 0 0.00 M 0 11.6 25 340 M M 1 34 300
7 64 38 51 M 14 0 0.00 0.0 0 6.3 15 10 M M 0 28 50
8 70 43 57 M 8 0 0.00 M 0 5.6 18 150 M M 1 26 200
9 74 52 63 M 2 0 0.00 0.0 0 8.1 22 150 M M 1 29 150
10 76 52 64 M 1 0 0.00 0.0 0 6.2 16 160 M M 6 1 21 180
11 76 62 69 M 0 4 0.00 0.0 0 5.7 15 180 M M 7 128 22 220
12 77 62 70 M 0 5 0.00 0.0 0 5.3 18 170 M M 6 12 23 190
13 78 57 68 M 0 3 0.00 0.0 0 4.6 16 180 M M 6 12 21 180
14 81 57 69 M 0 4 0.00 0.0 0 2.7 14 160 M M 3 12 17 180
15 85 53 69 M 0 4 0.00 0.0 0 3.8 12 190 M M 0 16 310
16 83 55 69 M 0 4 0.00 0.0 0 4.4 17 290 M M 1 12 31 240
17 80 61 71 M 0 6 0.00 0.0 0 4.8 15 160 M M 4 12 33 340
18 81 62 72 M 0 7 0.00 0.0 0 4.9 17 150 M M 6 12 24 170
19 81 58 70 M 0 5 0.00 0.0 0 6.8 18 150 M M 3 12 23 150
20 82 61 72 M 0 7 0.00 0.0 0 5.7 17 170 M M 7 18 22 170
21 80 61 71 M 0 6 0.00 0.0 0 3.5 16 160 M M 8 12 23 30
22 80 63 72 M 0 7 0.00 0.0 0 7.2 16 170 M M 5 12 24 160
23 80 62 71 M 0 6 0.00 0.0 0 8.0 20 170 M M 6 12 24 170
24 82 59 71 M 0 6 0.00 0.0 0 9.6 22 190 M M 6 12 27 190
25 84 67 76 M 0 11 0.01 0.0 0 10.5 20 200 M M 5 12 25 180
26 87 62 75 M 0 10 0.00 0.0 0 3.8 16 190 M M 5 12 25 120
27 85 61 73 M 0 8 0.00 0.0 0 8.0 16 160 M M 4 1 22 160
28 84 67 76 M 0 11 0.00 0.0 0 8.2 20 160 M M 7 1 30 170
29 85 69 77 M 0 12 0.00 0.0 0 7.9 17 170 M M 6 18 22 200
30 86 61 74 M 0 9 0.00 0.0 0 4.9 13 180 M M 2 1 19 200
31 81 58 70 M 0 5 0.63 0.0 0 11.4 32 270 M M 5 13 40 250
================================================================================
SM 2438 1775 47 148 1.70 0.0 216.2 M 143
================================================================================
AV 78.7 57.3 7.0 FASTST M M 5 MAX(MPH)
MISC ----> # 32 270 # 40 250
================================================================================
NOTES:
# LAST OF SEVERAL OCCURRENCES
COLUMN 17 PEAK WIND IN M.P.H.
PRELIMINARY LOCAL CLIMATOLOGICAL DATA (WS FORM: F-6) , PAGE 2
STATION: PANAMA CITY NW
MONTH: MARCH
YEAR: 2020
LATITUDE: 30 21 N
LONGITUDE: 85 48 W
[TEMPERATURE DATA] [PRECIPITATION DATA] SYMBOLS USED IN COLUMN 16
AVERAGE MONTHLY: 68.0 TOTAL FOR MONTH: 1.70 1 = FOG OR MIST
DPTR FM NORMAL: M DPTR FM NORMAL: M 2 = FOG REDUCING VISIBILITY
HIGHEST: 87 ON 26 GRTST 24HR 0.63 ON 31-31 TO 1/4 MILE OR LESS
LOWEST: 37 ON 1 3 = THUNDER
SNOW, ICE PELLETS, HAIL 4 = ICE PELLETS
TOTAL MONTH: 0.0 INCH 5 = HAIL
GRTST 24HR 0.0 6 = FREEZING RAIN OR DRIZZLE
GRTST DEPTH: 0 7 = DUSTSTORM OR SANDSTORM:
VSBY 1/2 MILE OR LESS
8 = SMOKE OR HAZE
[NO. OF DAYS WITH] [WEATHER - DAYS WITH] 9 = BLOWING SNOW
X = TORNADO
MAX 32 OR BELOW: 0 0.01 INCH OR MORE: 6
MAX 90 OR ABOVE: 0 0.10 INCH OR MORE: 4
MIN 32 OR BELOW: 0 0.50 INCH OR MORE: 1
MIN 0 OR BELOW: 0 1.00 INCH OR MORE: 0
[HDD (BASE 65) ]
TOTAL THIS MO. 47 CLEAR (SCALE 0-3) 9
DPTR FM NORMAL M PTCLDY (SCALE 4-7) 19
TOTAL FM JUL 1 1058 CLOUDY (SCALE 8-10) 3
DPTR FM NORMAL M
[CDD (BASE 65) ]
TOTAL THIS MO. 148
DPTR FM NORMAL M [PRESSURE DATA]
TOTAL FM JAN 1 221 HIGHEST SLP 30.60 ON 8
DPTR FM NORMAL M LOWEST SLP 29.65 ON 31
[REMARKS]
#FINAL-03-20#