000
CXUS51 KRLX 011135 CCA
CF6EKN
PRELIMINARY LOCAL CLIMATOLOGICAL DATA (WS FORM: F-6)
STATION: ELKINS WV
MONTH: MARCH
YEAR: 2021
LATITUDE: 38 52 N
LONGITUDE: 79 51 W
TEMPERATURE IN F: :PCPN: SNOW: WIND :SUNSHINE: SKY :PK WND
================================================================================
1 2 3 4 5 6A 6B 7 8 9 10 11 12 13 14 15 16 17 18
12Z AVG MX 2MIN
DY MAX MIN AVG DEP HDD CDD WTR SNW DPTH SPD SPD DIR MIN PSBL S-S WX SPD DR
================================================================================
1 55 31 43 8 22 0 0.45 0.0 0 13.1 29 300 M M 9 1 39 320
2 45 23 34 -2 31 0 0.00 0.0 0 4.4 18 320 M M 2 28 320
3 54 19 37 1 28 0 0.00 0.0 0 4.0 17 270 M M 0 26 250
4 47 27 37 1 28 0 0.00 0.0 0 10.0 22 290 M M 6 28 280
5 37 18 28 -8 37 0 0.00 0.0 0 9.5 21 270 M M 2 28 260
6 41 20 31 -6 34 0 0.00 0.0 0 6.7 18 300 M M 2 26 250
7 44 14 29 -8 36 0 0.00 0.0 0 4.4 16 340 M M 1 22 310
8 56 14 35 -2 30 0 0.00 0.0 0 1.8 15 260 M M 0 19 260
9 63 22 43 5 22 0 0.00 0.0 0 2.6 15 250 M M 0 20 290
10 70 21 46 8 19 0 0.00 0.0 0 2.7 14 210 M M 0 21 210
11 74 36 55 17 10 0 0.10 0.0 0 5.6 21 310 M M 5 12 29 320
12 60 47 54 16 11 0 0.02 0.0 0 6.3 16 250 M M 7 18 22 280
13 53 24 39 0 26 0 0.00 0.0 0 1.5 12 290 M M 0 15 310
14 55 20 38 -1 27 0 0.00 0.0 0 6.6 21 300 M M 0 31 290
15 58 20 39 0 26 0 0.03 0.0 0 4.2 15 140 M M 3 19 130
16 68 37 53 13 12 0 0.02 0.0 0 4.0 16 250 M M 8 12 23 260
17 72 36 54 14 11 0 0.00 0.0 0 2.7 18 160 M M 5 12 25 160
18 62 44 53 13 12 0 0.26 0.0 0 6.8 16 140 M M 9 22 170
19 52 25 39 -2 26 0 T 0.0 0 7.5 16 10 M M 3 27 10
20 60 18 39 -2 26 0 0.00 0.0 0 2.6 13 130 M M 0 17 130
21 67 18 43 2 22 0 0.00 0.0 0 3.0 12 110 M M 0 19 120
22 69 22 46 4 19 0 0.00 0.0 0 1.8 14 140 M M 0 19 140
23 65 28 47 5 18 0 0.00 0.0 0 7.3 22 140 M M 3 33 140
24 72 49 61 19 4 0 0.05 0.0 0 3.0 21 150 M M 6 1 30 140
25 72 39 56 13 9 0 0.08 0.0 0 5.0 21 150 M M 3 18 28 150
26 67 38 53 10 12 0 0.03 0.0 0 10.7 26 250 M M 5 45 230
27 72 33 53 9 12 0 0.00 0.0 0 3.7 17 180 M M 1 18 26 170
28 64 37 51 7 14 0 0.39 0.0 0 11.2 30 290 M M 9 13 43 300
29 55 29 42 -2 23 0 0.01 T 0 6.8 18 320 M M 4 28 300
30 73 25 49 5 16 0 0.00 0.0 0 6.6 17 160 M M 0 23 160
31 60 38 49 4 16 0 0.83 0.0 0 5.1 21 300 M M 8 18 27 300
================================================================================
SM 1862 872 639 0 2.27 T 171.2 M 101
================================================================================
AV 60.1 28.1 5.5 FASTST M M 3 MAX(MPH)
MISC ----> 30 290 45 230
================================================================================
NOTES:
# LAST OF SEVERAL OCCURRENCES
COLUMN 17 PEAK WIND IN M.P.H.
PRELIMINARY LOCAL CLIMATOLOGICAL DATA (WS FORM: F-6) , PAGE 2
STATION: ELKINS WV
MONTH: MARCH
YEAR: 2021
LATITUDE: 38 52 N
LONGITUDE: 79 51 W
[TEMPERATURE DATA] [PRECIPITATION DATA] SYMBOLS USED IN COLUMN 16
AVERAGE MONTHLY: 44.1 TOTAL FOR MONTH: 2.27 1 = FOG OR MIST
DPTR FM NORMAL: 4.3 DPTR FM NORMAL: -1.69 2 = FOG REDUCING VISIBILITY
HIGHEST: 74 ON 11 GRTST 24HR 0.83 ON 31-31 TO 1/4 MILE OR LESS
LOWEST: 14 ON 8, 7 3 = THUNDER
SNOW, ICE PELLETS, HAIL 4 = ICE PELLETS
TOTAL MONTH: T 5 = HAIL
GRTST 24HR T ON 29-29 6 = FREEZING RAIN OR DRIZZLE
GRTST DEPTH: 0 7 = DUSTSTORM OR SANDSTORM:
VSBY 1/2 MILE OR LESS
8 = SMOKE OR HAZE
[NO. OF DAYS WITH] [WEATHER - DAYS WITH] 9 = BLOWING SNOW
X = TORNADO
MAX 32 OR BELOW: 0 0.01 INCH OR MORE: 12
MAX 90 OR ABOVE: 0 0.10 INCH OR MORE: 5
MIN 32 OR BELOW: 20 0.50 INCH OR MORE: 1
MIN 0 OR BELOW: 0 1.00 INCH OR MORE: 0
[HDD (BASE 65) ]
TOTAL THIS MO. 639 CLEAR (SCALE 0-3) 17
DPTR FM NORMAL -141 PTCLDY (SCALE 4-7) 11
TOTAL FM JUL 1 4548 CLOUDY (SCALE 8-10) 3
DPTR FM NORMAL -554
[CDD (BASE 65) ]
TOTAL THIS MO. 0
DPTR FM NORMAL 0 [PRESSURE DATA]
TOTAL FM JAN 1 0 HIGHEST SLP 30.59 ON 20
DPTR FM NORMAL 0 LOWEST SLP 29.58 ON 18
[REMARKS]
#FINAL-03-21#