000
CXUS56 KLKN 011210
CF6EKO
PRELIMINARY LOCAL CLIMATOLOGICAL DATA (WS FORM: F-6)
STATION: ELKO AIRPORT NV
MONTH: AUGUST
YEAR: 2023
LATITUDE: 40 49 N
LONGITUDE: 115 47 W
TEMPERATURE IN F: :PCPN: SNOW: WIND :SUNSHINE: SKY :PK WND
================================================================================
1 2 3 4 5 6A 6B 7 8 9 10 11 12 13 14 15 16 17 18
12Z AVG MX 2MIN
DY MAX MIN AVG DEP HDD CDD WTR SNW DPTH SPD SPD DIR MIN PSBL S-S WX SPD DR
================================================================================
1 86 63 75 2 0 10 T 0.0 0 7.7 17 150 M M 4 27 130
2 86 60 73 0 0 8 0.02 0.0 0 6.2 24 310 M M 4 3 32 320
3 86 56 71 -1 0 6 0.14 0.0 0 5.9 25 300 M M 3 3 35 240
4 88 49 69 -3 0 4 0.01 0.0 0 4.7 26 260 M M 1 3 36 270
5 88 58 73 1 0 8 0.01 0.0 0 7.1 23 190 M M 1 3 34 180
6 87 48 68 -4 0 3 0.00 0.0 0 5.7 21 270 M M 0 29 260
7 86 50 68 -4 0 3 0.00 0.0 0 6.8 25 350 M M 0 36 350
8 84 48 66 -6 0 1 0.00 0.0 0 5.5 20 270 M M 0 26 270
9 92 49 71 0 0 6 0.00 0.0 0 3.5 17 290 M M 0 23 290
10 92 48 70 -1 0 5 0.00 0.0 0 4.8 17 260 M M 0 23 310
11 91 52 72 1 0 7 0.01 0.0 0 6.0 20 140 M M 2 3 32 130
12 92 55 74 3 0 9 0.00 0.0 0 3.8 15 310 M M 1 3 21 310
13 93 50 72 2 0 7 0.00 0.0 0 4.3 16 40 M M 0 23 40
14 94 54 74 4 0 9 0.00 0.0 0 3.5 17 260 M M 0 24 240
15 95 54 75 5 0 10 0.00 0.0 0 2.1 10 320 M M 1 16 330
16 91 62 77 7 0 12 0.00 0.0 0 3.8 12 270 M M 3 16 230
17 91 59 75 5 0 10 0.20 0.0 0 4.8 33 160 M M 2 3 49 160
18 90 55 73 4 0 8 0.00 0.0 0 4.2 22 260 M M 1 3 34 260
19 85 52 69 0 0 4 0.00 0.0 0 5.0 14 200 M M 2 21 220
20 69 58 64 -5 1 0 0.44 0.0 0 3.4 13 40 M M 10 1 18 290
21 77 58 68 0 0 3 0.08 0.0 0 10.6 33 170 M M 4 13 46 170
22 80 55 68 0 0 3 0.09 0.0 0 5.4 21 230 M M 4 29 210
23 84 51 68 0 0 3 0.00 0.0 0 3.4 15 210 M M 1 23 270
24 88 50 69 1 0 4 0.00 0.0 0 3.1 10 180 M M 4 16 220
25 89 58 74 6 0 9 0.02 0.0 0 5.4 20 250 M M 3 3 26 240
26 93 56 75 8 0 10 0.01 0.0 0 5.2 21 220 M M 1 34 210
27 92 50 71 4 0 6 0.00 0.0 0 3.0 15 240 M M 0 25 240
28 95 53 74 7 0 9 0.00 0.0 0 2.2 10 210 M M 0 16 180
29 93 53 73 7 0 8 0.00 0.0 0 9.9 31 260 M M 0 48 230
30 85 44 65 -1 0 0 0.00 0.0 0 4.6 18 260 M M 0 24 260
31 92 42 67 1 0 2 0.00 0.0 0 5.0 24 260 M M 0 35 290
================================================================================
SM 2734 1650 1 187 1.03 0.0 156.6 M 52
================================================================================
AV 88.2 53.2 5.1 FASTST M M 2 MAX(MPH)
MISC ----> # 33 160 49 160
================================================================================
NOTES:
# LAST OF SEVERAL OCCURRENCES
COLUMN 17 PEAK WIND IN M.P.H.
PRELIMINARY LOCAL CLIMATOLOGICAL DATA (WS FORM: F-6) , PAGE 2
STATION: ELKO AIRPORT NV
MONTH: AUGUST
YEAR: 2023
LATITUDE: 40 49 N
LONGITUDE: 115 47 W
[TEMPERATURE DATA] [PRECIPITATION DATA] SYMBOLS USED IN COLUMN 16
AVERAGE MONTHLY: 70.7 TOTAL FOR MONTH: 1.03 1 = FOG OR MIST
DPTR FM NORMAL: 1.1 DPTR FM NORMAL: 0.70 2 = FOG REDUCING VISIBILITY
HIGHEST: 95 ON 28,15 GRTST 24HR 0.44 ON 20-20 TO 1/4 MILE OR LESS
LOWEST: 42 ON 31 3 = THUNDER
SNOW, ICE PELLETS, HAIL 4 = ICE PELLETS
TOTAL MONTH: 0.0 INCH 5 = HAIL
GRTST 24HR 0.0 6 = FREEZING RAIN OR DRIZZLE
GRTST DEPTH: 0 7 = DUSTSTORM OR SANDSTORM:
VSBY 1/2 MILE OR LESS
8 = SMOKE OR HAZE
[NO. OF DAYS WITH] [WEATHER - DAYS WITH] 9 = BLOWING SNOW
X = TORNADO
MAX 32 OR BELOW: 0 0.01 INCH OR MORE: 11
MAX 90 OR ABOVE: 15 0.10 INCH OR MORE: 3
MIN 32 OR BELOW: 0 0.50 INCH OR MORE: 0
MIN 0 OR BELOW: 0 1.00 INCH OR MORE: 0
[HDD (BASE 65) ]
TOTAL THIS MO. 1 CLEAR (SCALE 0-3) 25
DPTR FM NORMAL -23 PTCLDY (SCALE 4-7) 5
TOTAL FM JUL 1 1 CLOUDY (SCALE 8-10) 1
DPTR FM NORMAL -34
[CDD (BASE 65) ]
TOTAL THIS MO. 187
DPTR FM NORMAL 21 [PRESSURE DATA]
TOTAL FM JAN 1 496 HIGHEST SLP 30.15 ON 15
DPTR FM NORMAL 34 LOWEST SLP 29.59 ON 31
[REMARKS]
#FINAL-08-23#