000
CXUS55 KLKN 042205
CLAELY
CLIMATE REPORT
NATIONAL WEATHER SERVICE ELKO, NV
205 PM PST WED JAN 04 2023
...................................
...THE ELY AIRPORT NV CLIMATE SUMMARY FOR THE YEAR OF 2022...
CLIMATE NORMAL PERIOD 1991 TO 2020
CLIMATE RECORD PERIOD 1893 TO 2023
WEATHER OBSERVED NORMAL DEPART LAST YEAR`S
VALUE DATE(S) VALUE FROM VALUE
NORMAL
..............................................................
TEMPERATURE (F)
RECORD
HIGH 101 07/12/2002
07/18/1998
LOW -30 02/06/1989
HIGHEST 97 07/22 96 1 98
09/06
LOWEST -6 02/24 -16 10 -7
12/16
12/17
AVG. MAXIMUM 62.9 63.1 -0.2 64.3
AVG. MINIMUM 28.9 29.1 -0.2 29.6
MEAN 45.9 46.1 -0.2 47.0
DAYS MAX >= 90 42 29.2 12.8 53
DAYS MAX <= 32 19 21.7 -2.7 15
DAYS MIN <= 32 224 214.9 9.1 219
DAYS MIN <= 0 12 15.8 -3.8 5
PRECIPITATION (INCHES)
RECORD
MAXIMUM 17.20 1897
MINIMUM 4.22 1974
TOTALS 9.74 9.41 0.33 9.37
DAILY AVG. T 0.03 -0.03 0.03
DAYS >= .01 55 72.9 -17.9 MM
DAYS >= .10 27 29.2 -2.2 MM
DAYS >= .50 5 3.3 1.7 MM
DAYS >= 1.00 0 0.4 -0.4 MM
GREATEST
24 HR. TOTAL 0.87
SNOWFALL (INCHES)
RECORDS
TOTAL 128.4 2010
24 HR TOTAL 16.0 04/07/1900 TO 04/07/1900
SNOW DEPTH 25 02/01/2016
TOTALS 48.8 54.1 -5.3 63.4
SNOWDEPTH AVG. 1 1
DAYS >= TRACE 46 33.7 12.3 MM
DAYS >= 1.0 18 15.8 2.2 MM
DAYS >= 1.0 18 MM
GREATEST
SNOW DEPTH 9 01/03 10
01/04
12/12
24 HR TOTAL MM
DEGREE DAYS
HEATING TOTAL 7324 7167 157 6919
COOLING TOTAL 497 298 199 464
..............................................................
WIND (MPH)
AVERAGE WIND SPEED 9.4
HIGHEST WIND SPEED/DIRECTION 47/210 DATE 11/08
HIGHEST GUST SPEED/DIRECTION 73/250 DATE 04/11
AVERAGE RH (PERCENT) 50
WEATHER CONDITIONS. NUMBER OF DAYS WITH
THUNDERSTORM 37 MIXED PRECIP 0
HEAVY RAIN 9 RAIN 11
LIGHT RAIN 60 FREEZING RAIN 0
LT FREEZING RAIN 0 HAIL 1
HEAVY SNOW 9 SNOW 15
LIGHT SNOW 42 SLEET 0
FOG 54 FOG W/VIS <= 1/4 MILE 12
HAZE 43
- INDICATES NEGATIVE NUMBERS.
R INDICATES RECORD WAS SET OR TIED.
MM INDICATES DATA IS MISSING.
T INDICATES TRACE AMOUNT.
=====================================================================
...2022 WAS COOLER AND WETTER THAN NORMAL IN ELY...
...8TH DRIEST METEORLOGICAL SPRING ON RECORD FOR ELY...
...3RD DRIEST JUNE ON RECORD FOR ELY...
...1ST (TIED) WARMEST JULY ON RECORD FOR ELY...
...9TH WARMEST AUGUST ON RECORD FOR ELY...
...6TH WARMEST METEORLOGICAL SUMMER ON RECORD FOR ELY...
...1ST WARMEST SEPTEMBER ON RECORD FOR ELY...
...4TH (TIED) WETTEST DECEMBER ON RECORD FOR ELY...
$$