000
CXUS53 KTOP 010810
CF6EMP
PRELIMINARY LOCAL CLIMATOLOGICAL DATA (WS FORM: F-6)
STATION: EMPORIA KS
MONTH: JULY
YEAR: 2021
LATITUDE: 38 19 N
LONGITUDE: 96 12 W
TEMPERATURE IN F: :PCPN: SNOW: WIND :SUNSHINE: SKY :PK WND
================================================================================
1 2 3 4 5 6A 6B 7 8 9 10 11 12 13 14 15 16 17 18
12Z AVG MX 2MIN
DY MAX MIN AVG DEP HDD CDD WTR SNW DPTH SPD SPD DIR MIN PSBL S-S WX SPD DR
================================================================================
1 84 70 77 -1 0 12 0.00 M M 6.4 15 50 M M 6 12 19 50
2 87 67 77 -1 0 12 0.00 M M 5.8 14 120 M M 1 1 19 90
3 88 64 76 -2 0 11 0.00 M M 3.5 8 130 M M 0 11 100
4 87 68 78 0 0 13 0.00 M M 6.4 15 180 M M 1 20 180
5 87 67 77 -1 0 12 0.00 M M 5.8 13 170 M M 1 17 170
6 88 65 77 -1 0 12 0.00 M M 6.7 15 170 M M 1 21 170
7 88 68 78 0 0 13 0.00 M M 6.3 14 330 M M 4 22 10
8 88 63 76 -2 0 11 0.00 M M 4.6 10 170 M M 1 12 14 170
9 93 71 82 3 0 17 0.00 M M 13.8 25 190 M M 0 34 190
10 88 66 77 -2 0 12 0.07 M M 8.6 20 200 M M 5 13 30 350
11 79 64 72 -7 0 7 0.04 M M 9.0 18 10 M M 6 1 29 10
12 84 63 74 -5 0 9 0.00 M M 5.8 12 340 M M 3 17 330
13 91 63 77 -2 0 12 0.00 M M 10.8 18 180 M M 0 27 200
14 91 74 83 4 0 18 0.00 M M 14.3 23 180 M M 0 35 170
15 77 68 73 -6 0 8 1.88 M M 8.2 17 180 M M 8 138 24 190
16 85 69 77 -2 0 12 0.21 M M 4.9 12 200 M M 7 13 17 120
17 86 70 78 -1 0 13 0.00 M M 6.8 21 170 M M 3 30 160
18 86 69 78 -1 0 13 0.00 M M 6.9 13 50 M M 3 1 17 80
19 85 64 75 -4 0 10 0.00 M M 6.0 15 70 M M 1 1 19 70
20 86 64 75 -5 0 10 0.00 M M 4.3 10 100 M M 1 1 15 110
21 87 65 76 -4 0 11 0.00 M M 3.9 10 140 M M 1 1 14 140
22 88 67 78 -2 0 13 0.00 M M 9.5 16 180 M M 2 1 21 170
23 93 70 82 2 0 17 0.00 M M 10.9 16 180 M M 1 1 26 160
24 95 73 84 4 0 19 0.00 M M 7.9 13 160 M M 1 17 160
25 92 74 83 3 0 18 0.00 M M 7.4 17 70 M M 1 22 80
26 92 72 82 2 0 17 0.00 M M 6.4 15 90 M M 3 12 21 120
27 97 71 84 4 0 19 0.00 M M 3.8 8 130 M M 1 1 11 140
28 98 73 86 6 0 21 0.00 M M 7.2 15 190 M M 0 1 22 170
29 100 73 87 7 0 22 0.00 M M 8.0 16 210 M M 0 20 220
30 99 74 87 7 0 22 0.00 M M 6.6 13 210 M M 0 18 170
31 94 73 84 4 0 19 0.00 M M 8.4 18 20 M M 1 25 10
================================================================================
SM 2763 2122 0 435 2.20 M 224.9 M 63
================================================================================
AV 89.1 68.5 7.3 FASTST M M 2 MAX(MPH)
MISC ----> 25 190 35 170
================================================================================
NOTES:
# LAST OF SEVERAL OCCURRENCES
COLUMN 17 PEAK WIND IN M.P.H.
PRELIMINARY LOCAL CLIMATOLOGICAL DATA (WS FORM: F-6) , PAGE 2
STATION: EMPORIA KS
MONTH: JULY
YEAR: 2021
LATITUDE: 38 19 N
LONGITUDE: 96 12 W
[TEMPERATURE DATA] [PRECIPITATION DATA] SYMBOLS USED IN COLUMN 16
AVERAGE MONTHLY: 78.8 TOTAL FOR MONTH: 2.20 1 = FOG OR MIST
DPTR FM NORMAL: -0.2 DPTR FM NORMAL: -1.70 2 = FOG REDUCING VISIBILITY
HIGHEST: 100 ON 29 GRTST 24HR 2.09 ON 15-16 TO 1/4 MILE OR LESS
LOWEST: 63 ON 13,12 3 = THUNDER
SNOW, ICE PELLETS, HAIL 4 = ICE PELLETS
TOTAL MONTH: M 5 = HAIL
GRTST 24HR M ON M 6 = FREEZING RAIN OR DRIZZLE
GRTST DEPTH: M ON M 7 = DUSTSTORM OR SANDSTORM:
VSBY 1/2 MILE OR LESS
8 = SMOKE OR HAZE
[NO. OF DAYS WITH] [WEATHER - DAYS WITH] 9 = BLOWING SNOW
X = TORNADO
MAX 32 OR BELOW: 0 0.01 INCH OR MORE: 4
MAX 90 OR ABOVE: 12 0.10 INCH OR MORE: 2
MIN 32 OR BELOW: 0 0.50 INCH OR MORE: 1
MIN 0 OR BELOW: 0 1.00 INCH OR MORE: 1
[HDD (BASE 65) ]
TOTAL THIS MO. 0 CLEAR (SCALE 0-3) 25
DPTR FM NORMAL 0 PTCLDY (SCALE 4-7) 6
TOTAL FM JUL 1 0 CLOUDY (SCALE 8-10) 0
DPTR FM NORMAL 0
[CDD (BASE 65) ]
TOTAL THIS MO. 435
DPTR FM NORMAL 1 [PRESSURE DATA]
TOTAL FM JAN 1 911 HIGHEST SLP M ON M
DPTR FM NORMAL 69 LOWEST SLP 29.81 ON 9
[REMARKS]
#FINAL-07-21#