000
CXUS54 KEWX 011010
CF6ERV
PRELIMINARY LOCAL CLIMATOLOGICAL DATA (WS FORM: F-6)
STATION: KERRVILLE
MONTH: OCTOBER
YEAR: 2020
LATITUDE: 29 58 N
LONGITUDE: 99 5 W
TEMPERATURE IN F: :PCPN: SNOW: WIND :SUNSHINE: SKY :PK WND
================================================================================
1 2 3 4 5 6A 6B 7 8 9 10 11 12 13 14 15 16 17 18
12Z AVG MX 2MIN
DY MAX MIN AVG DEP HDD CDD WTR SNW DPTH SPD SPD DIR MIN PSBL S-S WX SPD DR
================================================================================
1 89 44 67 M 0 2 0.00 M M 2.6 10 90 M M 0 M M
2 84 51 68 M 0 3 0.00 M M 3.7 10 160 M M 0 M M
3 86 54 70 M 0 5 0.00 M M 7.2 13 170 M M 1 21 150
4 89 56 73 M 0 8 0.00 M M 3.1 8 10 M M 3 M M
5 89 54 72 M 0 7 0.00 M M 4.0 10 190 M M 0 M M
6 92 52 72 M 0 7 0.00 M M 3.0 10 110 M M 2 M M
7 91 54 73 M 0 8 0.00 M M 3.0 10 100 M M 0 16 90
8 89 49 69 M 0 4 0.00 M M 2.5 8 90 M M 0 M M
9 92 62 77 M 0 12 0.00 M M 3.5 9 360 M M 5 1 M M
10 98 56 77 M 0 12 0.00 M M 3.1 12 180 M M 0 M M
11 98 54 76 M 0 11 0.00 M M 5.3 14 180 M M 0 18 180
12 89 61 75 M 0 10 0.00 M M 6.9 14 40 M M 2 8 M M
13 92 55 74 M 0 9 0.00 M M 2.2 8 100 M M 0 M M
14 92 56 74 M 0 9 0.00 M M 5.4 14 200 M M 0 18 190
15 87 63 75 M 0 10 0.00 M M 9.5 17 360 M M 7 24 360
16 75 51 63 M 2 0 0.00 M M 8.4 16 30 M M 2 25 30
17 78 49 64 M 1 0 0.00 M M 7.3 15 190 M M 7 1 M M
18 92 64 78 M 0 13 0.00 M M 10.6 16 150 M M 5 23 150
19 89 72 81 M 0 16 0.00 M M 8.8 14 160 M M 7 20 160
20 89 69 79 M 0 14 0.01 M M 12.0 17 160 M M 5 25 160
21 86 67 77 M 0 12 0.00 M M 9.1 14 170 M M 5 20 190
22 89 69 79 M 0 14 0.00 M M 10.4 15 180 M M 5 21 180
23 78 51 65 M 0 0 0.01 M M 9.5 17 350 M M 10 1 27 350
24 76 48 62 M 3 0 0.00 M M 6.8 12 360 M M 6 22 360
25 82 52 67 M 0 2 0.00 M M 9.4 15 170 M M 7 21 170
26 76 38 57 M 8 0 0.01 M M 11.6 20 350 M M 10 1 24 350
27 38 34 36 M 29 0 0.08 M M 11.2 16 350 M M 10 1 22 350
28 61 36 49 M 16 0 0.00 M M 11.6 18 300 M M 4 25 320
29 64 37 51 M 14 0 0.00 M M 14.3 29 320 M M 0 39 310
30 72 31 52 M 13 0 0.00 M M 2.3 8 140 M M 0 M M
31 77 32 55 M 10 0 0.00 M M 3.3 12 180 M M 0 16 180
================================================================================
SM 2579 1621 96 188 0.11 M 211.6 M 103
================================================================================
AV 83.2 52.3 6.8 FASTST M M 3 MAX(MPH)
MISC ----> # 29 320 # 39 310
================================================================================
NOTES:
# LAST OF SEVERAL OCCURRENCES
COLUMN 17 PEAK WIND IN M.P.H.
PRELIMINARY LOCAL CLIMATOLOGICAL DATA (WS FORM: F-6) , PAGE 2
STATION: KERRVILLE
MONTH: OCTOBER
YEAR: 2020
LATITUDE: 29 58 N
LONGITUDE: 99 5 W
[TEMPERATURE DATA] [PRECIPITATION DATA] SYMBOLS USED IN COLUMN 16
AVERAGE MONTHLY: 67.7 TOTAL FOR MONTH: 0.11 1 = FOG OR MIST
DPTR FM NORMAL: M DPTR FM NORMAL: M 2 = FOG REDUCING VISIBILITY
HIGHEST: 98 ON 11,10 GRTST 24HR 0.08 ON 27-27 TO 1/4 MILE OR LESS
LOWEST: 31 ON 30 3 = THUNDER
SNOW, ICE PELLETS, HAIL 4 = ICE PELLETS
TOTAL MONTH: M 5 = HAIL
GRTST 24HR M ON M 6 = FREEZING RAIN OR DRIZZLE
GRTST DEPTH: M ON M 7 = DUSTSTORM OR SANDSTORM:
VSBY 1/2 MILE OR LESS
8 = SMOKE OR HAZE
[NO. OF DAYS WITH] [WEATHER - DAYS WITH] 9 = BLOWING SNOW
X = TORNADO
MAX 32 OR BELOW: 0 0.01 INCH OR MORE: 4
MAX 90 OR ABOVE: 8 0.10 INCH OR MORE: 0
MIN 32 OR BELOW: 2 0.50 INCH OR MORE: 0
MIN 0 OR BELOW: 0 1.00 INCH OR MORE: 0
[HDD (BASE 65) ]
TOTAL THIS MO. 96 CLEAR (SCALE 0-3) 17
DPTR FM NORMAL M PTCLDY (SCALE 4-7) 11
TOTAL FM JUL 1 104 CLOUDY (SCALE 8-10) 3
DPTR FM NORMAL M
[CDD (BASE 65) ]
TOTAL THIS MO. 188
DPTR FM NORMAL M [PRESSURE DATA]
TOTAL FM JAN 1 2646 HIGHEST SLP M ON M
DPTR FM NORMAL M LOWEST SLP M ON M
[REMARKS]
#FINAL-10-20#