000
CXUS53 KDMX 050301
CF6EST
PRELIMINARY LOCAL CLIMATOLOGICAL DATA (WS FORM: F-6)
STATION: ESTHERVILLE IA
MONTH: APRIL
YEAR: 2022
LATITUDE: 43 24 N
LONGITUDE: 94 45 W
TEMPERATURE IN F: :PCPN: SNOW: WIND :SUNSHINE: SKY :PK WND
================================================================================
1 2 3 4 5 6A 6B 7 8 9 10 11 12 13 14 15 16 17 18
12Z AVG MX 2MIN
DY MAX MIN AVG DEP HDD CDD WTR SNW DPTH SPD SPD DIR MIN PSBL S-S WX SPD DR
================================================================================
1 50 18 34 -5 31 0 0.04 0.0 M 6.4 14 190 M M 2 1 21 220
2 55 30 43 3 22 0 0.08 0.0 M 10.7 25 310 M M 4 1 35 300
3 56 26 41 1 24 0 0.00 0.0 M 14.3 28 320 M M 4 37 310
4 55 31 43 2 22 0 0.00 0.0 M 13.4 26 330 M M 4 36 330
5 51 37 44 3 21 0 0.09 0.0 M 20.1 32 270 M M 7 1 46 280
6 41 36 39 -2 26 0 0.06 0.0 M 27.2 37 310 M M 9 49 300
7 39 31 35 -7 30 0 T M M 27.1 38 330 M M 10 18 50 310
8 47 29 38 -4 27 0 0.00 0.0 M 21.8 33 340 M M 4 42 330
9 59 24 42 -1 23 0 0.00 0.0 M 10.3 21 150 M M 0 26 150
10 69 37 53 10 12 0 0.00 0.0 M 17.6 33 280 M M 0 43 280
11 62 32 47 4 18 0 0.00 0.0 M 11.3 29 270 M M 0 44 280
12 65 34 50 6 15 0 1.11 0.0 M 18.6 44 130 M M 6 138 57 130
13 48 29 39 -5 26 0 0.00 0.0 M 24.3 36 290 M M 5 46 260
14 39 26 33 -11 32 0 T M M 29.5 45 280 M M 5 61 290
15 43 25 34 -11 31 0 0.00 0.0 M 15.9 28 310 M M 1 39 320
16 44 23 34 -11 31 0 0.00 0.0 M 12.3 23 310 M M 2 29 320
17 38 25 32 -14 33 0 0.08 M M 12.0 21 190 M M 7 12 26 230
18 42 23 33 -13 32 0 0.00 0.0 M 22.3 36 320 M M 3 8 47 340
19 41 19 30 -16 35 0 0.00 0.0 M 12.0 22 140 M M 5 28 150
20 47 33 40 -7 25 0 0.57 0.0 M 14.0 22 180 M M 9 1238 32 150
21 60 33 47 0 18 0 T 0.0 M 9.1 18 330 M M 2 128 24 340
22 70 47 59 11 6 0 0.08 0.0 M 23.9 32 140 M M 10 13 42 140
23 78 44 61 13 4 0 0.25 0.0 M 25.1 48 180 M M 3 13 65 180
24 50 36 43 -5 22 0 0.00 0.0 M 24.0 38 250 M M 7 48 260
25 41 27 34 -15 31 0 T M M 18.0 29 320 M M 8 1 36 310
26 52 22 37 -12 28 0 0.00 0.0 M 8.5 18 60 M M 4 23 70
27 59 33 46 -4 19 0 0.00 0.0 M 18.5 28 80 M M 2 36 100
28 52 37 45 -5 20 0 1.57 0.0 M 15.2 25 110 M M 9 13 31 110
29 56 47 52 2 13 0 0.26 0.0 M 22.3 30 120 M M 10 13 39 120
30 58 45 52 1 13 0 0.28 0.0 M 15.7 33 310 M M 10 1 44 310
================================================================================
SM 1567 939 690 0 4.47 0.0 521.4 M 152
================================================================================
AV 52.2 31.3 17.4 FASTST M M 5 MAX(MPH)
MISC ----> 48 180 65 180
================================================================================
NOTES:
# LAST OF SEVERAL OCCURRENCES
COLUMN 17 PEAK WIND IN M.P.H.
PRELIMINARY LOCAL CLIMATOLOGICAL DATA (WS FORM: F-6) , PAGE 2
STATION: ESTHERVILLE IA
MONTH: APRIL
YEAR: 2022
LATITUDE: 43 24 N
LONGITUDE: 94 45 W
[TEMPERATURE DATA] [PRECIPITATION DATA] SYMBOLS USED IN COLUMN 16
AVERAGE MONTHLY: 41.8 TOTAL FOR MONTH: 4.47 1 = FOG OR MIST
DPTR FM NORMAL: -3.3 DPTR FM NORMAL: 1.34 2 = FOG REDUCING VISIBILITY
HIGHEST: 78 ON 23 GRTST 24HR 1.57 ON 28-28 TO 1/4 MILE OR LESS
LOWEST: 18 ON 1 3 = THUNDER
SNOW, ICE PELLETS, HAIL 4 = ICE PELLETS
TOTAL MONTH: 0.0 INCH 5 = HAIL
GRTST 24HR 0.0 6 = FREEZING RAIN OR DRIZZLE
GRTST DEPTH: M ON M 7 = DUSTSTORM OR SANDSTORM:
VSBY 1/2 MILE OR LESS
8 = SMOKE OR HAZE
[NO. OF DAYS WITH] [WEATHER - DAYS WITH] 9 = BLOWING SNOW
X = TORNADO
MAX 32 OR BELOW: 0 0.01 INCH OR MORE: 12
MAX 90 OR ABOVE: 0 0.10 INCH OR MORE: 6
MIN 32 OR BELOW: 17 0.50 INCH OR MORE: 3
MIN 0 OR BELOW: 0 1.00 INCH OR MORE: 2
[HDD (BASE 65) ]
TOTAL THIS MO. 690 CLEAR (SCALE 0-3) 10
DPTR FM NORMAL 91 PTCLDY (SCALE 4-7) 13
TOTAL FM JUL 1 7030 CLOUDY (SCALE 8-10) 7
DPTR FM NORMAL -571
[CDD (BASE 65) ]
TOTAL THIS MO. 0
DPTR FM NORMAL -2 [PRESSURE DATA]
TOTAL FM JAN 1 0 HIGHEST SLP 30.45 ON 26
DPTR FM NORMAL -2 LOWEST SLP 29.11 ON 12
[REMARKS]
#FINAL-04-22#