000
CXUS56 KPQR 011201
CF6EUG
PRELIMINARY LOCAL CLIMATOLOGICAL DATA (WS FORM: F-6)
STATION: EUGENE OR
MONTH: MARCH
YEAR: 2023
LATITUDE: 44 7 N
LONGITUDE: 123 13 W
TEMPERATURE IN F: :PCPN: SNOW: WIND :SUNSHINE: SKY :PK WND
================================================================================
1 2 3 4 5 6A 6B 7 8 9 10 11 12 13 14 15 16 17 18
12Z AVG MX 2MIN
DY MAX MIN AVG DEP HDD CDD WTR SNW DPTH SPD SPD DIR MIN PSBL S-S WX SPD DR
================================================================================
1 48 32 40 -5 25 0 0.01 0.0 0 3.5 10 140 M M 8 12 150
2 48 34 41 -4 24 0 0.04 0.0 0 9.0 24 180 M M 9 1 29 180
3 47 29 38 -7 27 0 0.11 0.0 0 9.1 18 230 M M 7 1 23 230
4 47 31 39 -6 26 0 0.11 0.0 0 11.5 29 180 M M 9 35 180
5 44 31 38 -8 27 0 0.26 1.0 0 7.1 21 260 M M 8 1 27 260
6 52 35 44 -2 21 0 0.04 0.0 0 7.7 22 250 M M 9 15 27 260
7 51 33 42 -4 23 0 0.11 0.0 0 7.7 29 210 M M 7 1 36 210
8 45 31 38 -8 27 0 0.01 0.0 0 8.7 22 220 M M 8 28 220
9 51 40 46 0 19 0 0.25 0.0 0 8.4 21 250 M M 10 29 120
10 47 33 40 -6 25 0 0.39 0.0 0 10.1 24 180 M M 7 1 29 190
11 57 35 46 0 19 0 T 0.0 0 5.3 12 260 M M 6 16 260
12 59 34 47 1 18 0 0.05 0.0 0 7.3 29 190 M M 9 33 180
13 52 32 42 -5 23 0 0.89 0.0 0 9.6 22 170 M M 9 1 30 170
14 49 32 41 -6 24 0 0.00 0.0 0 6.0 13 30 M M 8 12 14 20
15 55 34 45 -2 20 0 0.04 0.0 0 5.8 12 340 M M 4 1 14 340
16 59 29 44 -3 21 0 0.00 0.0 0 4.7 12 350 M M 2 1 15 10
17 62 30 46 -1 19 0 0.00 0.0 0 2.8 8 210 M M 5 12 10 210
18 62 34 48 1 17 0 0.00 0.0 0 4.7 9 180 M M 6 12 11 10
19 53 40 47 0 18 0 0.11 0.0 0 4.0 10 210 M M 7 1 12 210
20 52 36 44 -4 21 0 0.03 0.0 0 12.2 26 210 M M 8 32 210
21 62 32 47 -1 18 0 0.00 0.0 0 11.3 23 10 M M 4 1 29 10
22 63 35 49 1 16 0 0.00 0.0 0 8.1 24 240 M M 6 29 240
23 46 36 41 -7 24 0 0.29 0.0 0 11.4 22 230 M M 9 1 27 230
24 50 36 43 -5 22 0 0.31 0.0 0 10.7 23 310 M M 8 18 30 250
25 48 32 40 -8 25 0 0.17 0.0 0 7.8 25 360 M M 7 15 30 350
26 50 30 40 -8 25 0 0.10 0.0 0 6.2 16 240 M M 5 1 20 240
27 43 32 38 -10 27 0 0.21 0.0 0 3.8 10 360 M M 9 12 12 360
28 55 37 46 -2 19 0 0.74 0.0 0 6.2 22 200 M M 8 15 26 200
29 59 37 48 0 17 0 0.00 0.0 0 4.8 14 280 M M 7 1 17 280
30 54 37 46 -2 19 0 T 0.0 0 8.2 18 240 M M 8 24 240
31 50 43 47 -2 18 0 0.23 0.0 0 12.5 23 200 M M 10 28 190
================================================================================
SM 1620 1052 674 0 4.50 1.0 236.2 M 227
================================================================================
AV 52.3 33.9 7.6 FASTST M M 7 MAX(MPH)
MISC ----> # 29 180 36 210
================================================================================
NOTES:
# LAST OF SEVERAL OCCURRENCES
COLUMN 17 PEAK WIND IN M.P.H.
PRELIMINARY LOCAL CLIMATOLOGICAL DATA (WS FORM: F-6) , PAGE 2
STATION: EUGENE OR
MONTH: MARCH
YEAR: 2023
LATITUDE: 44 7 N
LONGITUDE: 123 13 W
[TEMPERATURE DATA] [PRECIPITATION DATA] SYMBOLS USED IN COLUMN 16
AVERAGE MONTHLY: 43.1 TOTAL FOR MONTH: 4.50 1 = FOG OR MIST
DPTR FM NORMAL: -3.8 DPTR FM NORMAL: -0.14 2 = FOG REDUCING VISIBILITY
HIGHEST: 63 ON 22 GRTST 24HR 0.90 ON 12-13 TO 1/4 MILE OR LESS
LOWEST: 29 ON 16, 3 3 = THUNDER
SNOW, ICE PELLETS, HAIL 4 = ICE PELLETS
TOTAL MONTH: 1.2 INCHES 5 = HAIL
GRTST 24HR 1.0 ON 5- 5 6 = FREEZING RAIN OR DRIZZLE
GRTST DEPTH: 0 7 = DUSTSTORM OR SANDSTORM:
VSBY 1/2 MILE OR LESS
8 = SMOKE OR HAZE
[NO. OF DAYS WITH] [WEATHER - DAYS WITH] 9 = BLOWING SNOW
X = TORNADO
MAX 32 OR BELOW: 0 0.01 INCH OR MORE: 22
MAX 90 OR ABOVE: 0 0.10 INCH OR MORE: 15
MIN 32 OR BELOW: 13 0.50 INCH OR MORE: 2
MIN 0 OR BELOW: 0 1.00 INCH OR MORE: 0
[HDD (BASE 65) ]
TOTAL THIS MO. 674 CLEAR (SCALE 0-3) 1
DPTR FM NORMAL 113 PTCLDY (SCALE 4-7) 19
TOTAL FM JUL 1 3794 CLOUDY (SCALE 8-10) 11
DPTR FM NORMAL 37
[CDD (BASE 65) ]
TOTAL THIS MO. 0
DPTR FM NORMAL 0 [PRESSURE DATA]
TOTAL FM JAN 1 0 HIGHEST SLP 30.41 ON 24
DPTR FM NORMAL 0 LOWEST SLP 29.29 ON 9
[REMARKS]
#FINAL-03-23#