000
CXUS56 KPQR 011155
CF6EUG
PRELIMINARY LOCAL CLIMATOLOGICAL DATA (WS FORM: F-6)
STATION: EUGENE OR
MONTH: DECEMBER
YEAR: 2021
LATITUDE: 44 7 N
LONGITUDE: 123 13 W
TEMPERATURE IN F: :PCPN: SNOW: WIND :SUNSHINE: SKY :PK WND
================================================================================
1 2 3 4 5 6A 6B 7 8 9 10 11 12 13 14 15 16 17 18
12Z AVG MX 2MIN
DY MAX MIN AVG DEP HDD CDD WTR SNW DPTH SPD SPD DIR MIN PSBL S-S WX SPD DR
================================================================================
1 66 44 55 13 10 0 0.00 0.0 0 3.6 9 200 M M 4 1 10 210
2 56 39 48 6 17 0 0.00 0.0 0 5.9 14 360 M M 7 12 16 360
3 45 39 42 0 23 0 0.00 0.0 0 6.4 14 170 M M 9 1 16 170
4 53 41 47 5 18 0 T 0.0 0 9.6 17 190 M M 9 1 23 210
5 50 34 42 1 23 0 0.00 0.0 0 8.2 16 360 M M 7 1 19 360
6 49 40 45 4 20 0 1.20 0.0 0 5.6 16 150 M M 10 1 19 160
7 59 48 54 13 11 0 0.00 0.0 0 5.6 10 160 M M 8 1 12 170
8 51 34 43 2 22 0 0.02 0.0 0 6.3 13 330 M M 8 18 17 240
9 45 32 39 -2 26 0 0.04 0.0 0 8.2 17 190 M M 8 1 20 190
10 47 35 41 0 24 0 T 0.0 0 10.1 20 160 M M 9 24 160
11 49 44 47 6 18 0 1.39 0.0 0 17.3 31 180 M M 10 1 37 180
12 47 39 43 3 22 0 0.61 0.0 0 10.7 26 230 M M 9 15 32 230
13 43 34 39 -1 26 0 1.14 T 0 8.8 18 220 M M 10 1 24 240
14 41 27 34 -6 31 0 T 0.0 0 6.1 16 200 M M 5 12 18 200
15 48 37 43 3 22 0 0.08 0.0 0 12.0 28 180 M M 9 33 190
16 48 39 44 4 21 0 0.12 0.0 0 7.2 12 200 M M 9 18 15 200
17 48 39 44 4 21 0 0.01 0.0 0 5.4 12 150 M M 8 1 13 140
18 54 43 49 9 16 0 0.17 0.0 0 13.5 24 190 M M 10 1 33 180
19 43 38 41 1 24 0 2.32 0.0 0 7.2 17 350 M M 10 1 21 350
20 46 40 43 3 22 0 0.58 0.0 0 2.6 12 360 M M 10 12 14 360
21 46 40 43 3 22 0 0.08 0.0 0 4.7 14 20 M M 9 12 16 20
22 50 42 46 6 19 0 0.62 0.0 0 8.1 20 180 M M 9 1 25 180
23 49 41 45 5 20 0 0.31 0.0 0 9.3 23 190 M M 9 1 32 200
24 42 35 39 -1 26 0 1.08 T 0 13.8 24 180 M M 10 1 31 180
25 41 33 37 -3 28 0 0.26 T 0 10.7 20 210 M M 8 1 25 190
26 35 31 33 -7 32 0 0.71 8.2 6 11.3 20 210 M M 9 12 26 210
27 34 22 28 -12 37 0 0.06 1.9 6 8.3 20 230 M M 8 1 23 220
28 36 32 34 -6 31 0 0.12 T 4 6.8 12 150 M M 10 1 14 140
29 37 28 33 -7 32 0 0.03 T 2 4.7 12 340 M M 8 1 14 330
30 43 32 38 -2 27 0 0.14 0.0 T 10.1 18 190 M M 9 1 21 190
31 44 31 38 -2 27 0 0.04 0.0 0 5.3 14 340 M M 8 1 15 350
================================================================================
SM 1445 1133 718 0 11.13 10.1 253.4 M 266
================================================================================
AV 46.6 36.5 8.2 FASTST M M 9 MAX(MPH)
MISC ----> 31 180 37 180
================================================================================
NOTES:
# LAST OF SEVERAL OCCURRENCES
COLUMN 17 PEAK WIND IN M.P.H.
PRELIMINARY LOCAL CLIMATOLOGICAL DATA (WS FORM: F-6) , PAGE 2
STATION: EUGENE OR
MONTH: DECEMBER
YEAR: 2021
LATITUDE: 44 7 N
LONGITUDE: 123 13 W
[TEMPERATURE DATA] [PRECIPITATION DATA] SYMBOLS USED IN COLUMN 16
AVERAGE MONTHLY: 41.6 TOTAL FOR MONTH: 11.13 1 = FOG OR MIST
DPTR FM NORMAL: 1.0 DPTR FM NORMAL: 3.92 2 = FOG REDUCING VISIBILITY
HIGHEST: 66 ON 1 GRTST 24HR 2.42 ON 18-19 TO 1/4 MILE OR LESS
LOWEST: 22 ON 27 3 = THUNDER
SNOW, ICE PELLETS, HAIL 4 = ICE PELLETS
TOTAL MONTH: 10.1 INCHES 5 = HAIL
GRTST 24HR 8.2 ON 26-26 6 = FREEZING RAIN OR DRIZZLE
GRTST DEPTH: 6 ON 27,26 7 = DUSTSTORM OR SANDSTORM:
VSBY 1/2 MILE OR LESS
8 = SMOKE OR HAZE
[NO. OF DAYS WITH] [WEATHER - DAYS WITH] 9 = BLOWING SNOW
X = TORNADO
MAX 32 OR BELOW: 0 0.01 INCH OR MORE: 23
MAX 90 OR ABOVE: 0 0.10 INCH OR MORE: 15
MIN 32 OR BELOW: 8 0.50 INCH OR MORE: 9
MIN 0 OR BELOW: 0 1.00 INCH OR MORE: 5
[HDD (BASE 65) ]
TOTAL THIS MO. 718 CLEAR (SCALE 0-3) 0
DPTR FM NORMAL -40 PTCLDY (SCALE 4-7) 8
TOTAL FM JUL 1 1613 CLOUDY (SCALE 8-10) 23
DPTR FM NORMAL -243
[CDD (BASE 65) ]
TOTAL THIS MO. 0
DPTR FM NORMAL 0 [PRESSURE DATA]
TOTAL FM JAN 1 601 HIGHEST SLP 30.55 ON 5
DPTR FM NORMAL 308 LOWEST SLP 29.40 ON 13
[REMARKS]
#FINAL-12-21#