000
CXUS55 KPAH 011637
CF6EVV
PRELIMINARY LOCAL CLIMATOLOGICAL DATA (WS FORM: F-6)
STATION: EVANSVILLE IN
MONTH: MAY
YEAR: 2020
LATITUDE: 38 2 N
LONGITUDE: 87 32 W
TEMPERATURE IN F: :PCPN: SNOW: WIND :SUNSHINE: SKY :PK WND
================================================================================
1 2 3 4 5 6A 6B 7 8 9 10 11 12 13 14 15 16 17 18
12Z AVG MX 2MIN
DY MAX MIN AVG DEP HDD CDD WTR SNW DPTH SPD SPD DIR MIN PSBL S-S WX SPD DR
================================================================================
1 73 42 58 -3 7 0 0.00 0.0 0 3.7 12 210 M M 0 1 17 130
2 84 54 69 7 0 4 0.00 0.0 0 9.6 21 220 M M 1 27 220
3 77 55 66 4 0 1 0.00 0.0 0 6.6 17 360 M M 5 26 360
4 76 47 62 0 3 0 0.16 0.0 0 4.5 20 110 M M 2 38 27 110
5 59 50 55 -7 10 0 1.50 0.0 0 7.2 21 280 M M 8 13 31 270
6 62 44 53 -10 12 0 0.02 0.0 0 9.3 18 300 M M 5 1 32 320
7 68 46 57 -6 8 0 T 0.0 0 9.2 18 240 M M 3 26 260
8 58 38 48 -15 17 0 0.48 0.0 0 8.2 22 340 M M 6 1 38 340
9 61 35 48 -16 17 0 0.00 0.0 0 4.4 16 320 M M 0 26 300
10 67 43 55 -9 10 0 0.00 0.0 0 9.3 25 260 M M 2 39 260
11 59 39 49 -15 16 0 0.00 0.0 0 6.1 15 360 M M 3 23 280
12 58 42 50 -14 15 0 T 0.0 0 3.0 10 230 M M 6 14 220
13 58 48 53 -12 12 0 0.13 0.0 0 6.0 13 90 M M 10 12 20 120
14 83 57 70 5 0 5 0.01 0.0 0 11.7 26 210 M M 3 1 39 220
15 74 62 68 3 0 3 0.35 0.0 0 8.7 21 210 M M 7 13 31 190
16 81 61 71 5 0 6 1.43 0.0 0 5.1 18 170 M M 7 123 30 160
17 79 63 71 5 0 6 1.53 0.0 0 6.7 23 220 M M 8 138 32 220
18 69 58 64 -2 1 0 0.12 0.0 0 6.0 17 250 M M 9 1 22 250
19 69 58 64 -3 1 0 0.02 0.0 0 5.4 12 240 M M 9 18 16 240
20 62 58 60 -7 5 0 T 0.0 0 8.7 17 60 M M 10 18 23 50
21 74 54 64 -3 1 0 0.00 0.0 0 6.3 14 80 M M 7 17 80
22 80 57 69 1 0 4 0.00 0.0 0 2.8 12 220 M M 6 14 130
23 87 65 76 8 0 11 0.00 0.0 0 6.1 22 210 M M 2 30 230
24 85 66 76 8 0 11 0.00 0.0 0 5.5 15 210 M M 2 20 170
25 90 67 79 11 0 14 T 0.0 0 4.3 20 180 M M 2 31 180
26 84 69 77 8 0 12 T 0.0 0 6.2 16 170 M M 3 25 180
27 72 66 69 0 0 4 0.18 0.0 0 5.8 17 150 M M 7 18 28 160
28 83 67 75 6 0 10 0.06 0.0 0 5.7 17 260 M M 5 1 22 260
29 79 65 72 2 0 7 0.04 0.0 0 6.5 16 320 M M 6 26 310
30 76 58 67 -3 0 2 0.00 0.0 0 5.6 15 360 M M 1 22 40
31 78 55 67 -3 0 2 0.00 0.0 0 6.1 14 90 M M 0 20 70
================================================================================
SM 2265 1689 135 102 6.03 0.0 200.3 M 145
================================================================================
AV 73.1 54.5 6.5 FASTST M M 5 MAX(MPH)
MISC ----> 26 210 # 39 260
================================================================================
NOTES:
# LAST OF SEVERAL OCCURRENCES
COLUMN 17 PEAK WIND IN M.P.H.
PRELIMINARY LOCAL CLIMATOLOGICAL DATA (WS FORM: F-6) , PAGE 2
STATION: EVANSVILLE IN
MONTH: MAY
YEAR: 2020
LATITUDE: 38 2 N
LONGITUDE: 87 32 W
[TEMPERATURE DATA] [PRECIPITATION DATA] SYMBOLS USED IN COLUMN 16
AVERAGE MONTHLY: 63.8 TOTAL FOR MONTH: 6.03 1 = FOG OR MIST
DPTR FM NORMAL: -1.9 DPTR FM NORMAL: 0.67 2 = FOG REDUCING VISIBILITY
HIGHEST: 90 ON 25 GRTST 24HR 1.64 ON 15-16 TO 1/4 MILE OR LESS
LOWEST: 35 ON 9 3 = THUNDER
SNOW, ICE PELLETS, HAIL 4 = ICE PELLETS
TOTAL MONTH: 0.0 INCH 5 = HAIL
GRTST 24HR 0.0 6 = FREEZING RAIN OR DRIZZLE
GRTST DEPTH: 0 7 = DUSTSTORM OR SANDSTORM:
VSBY 1/2 MILE OR LESS
8 = SMOKE OR HAZE
[NO. OF DAYS WITH] [WEATHER - DAYS WITH] 9 = BLOWING SNOW
X = TORNADO
MAX 32 OR BELOW: 0 0.01 INCH OR MORE: 14
MAX 90 OR ABOVE: 1 0.10 INCH OR MORE: 9
MIN 32 OR BELOW: 0 0.50 INCH OR MORE: 3
MIN 0 OR BELOW: 0 1.00 INCH OR MORE: 3
[HDD (BASE 65) ]
TOTAL THIS MO. 135 CLEAR (SCALE 0-3) 12
DPTR FM NORMAL 49 PTCLDY (SCALE 4-7) 14
TOTAL FM JUL 1 4280 CLOUDY (SCALE 8-10) 5
DPTR FM NORMAL -261
[CDD (BASE 65) ]
TOTAL THIS MO. 102
DPTR FM NORMAL -6 [PRESSURE DATA]
TOTAL FM JAN 1 125 HIGHEST SLP 30.30 ON 12
DPTR FM NORMAL -10 LOWEST SLP 29.70 ON 17
[REMARKS]
#FINAL-05-20#