000
CXUS52 KMHX 071512
CF6EWN
PRELIMINARY LOCAL CLIMATOLOGICAL DATA (WS FORM: F-6)
STATION: NEW BERN NC
MONTH: JUNE
YEAR: 2021
LATITUDE: 35 4 N
LONGITUDE: 77 3 W
TEMPERATURE IN F: :PCPN: SNOW: WIND :SUNSHINE: SKY :PK WND
================================================================================
1 2 3 4 5 6A 6B 7 8 9 10 11 12 13 14 15 16 17 18
12Z AVG MX 2MIN
DY MAX MIN AVG DEP HDD CDD WTR SNW DPTH SPD SPD DIR MIN PSBL S-S WX SPD DR
================================================================================
1 82 51 67 -7 0 2 0.00 0.0 0 4.4 13 130 M M 3 12 16 110
2 80 67 74 0 0 9 1.65 0.0 0 5.0 18 190 M M 6 123 27 200
3 80 70 75 1 0 10 1.55 0.0 0 8.0 17 200 M M 7 13 24 210
4 81 70 76 2 0 11 0.47 0.0 0 7.3 17 200 M M 7 13 26 200
5 88 70 79 4 0 14 0.00 0.0 0 3.9 15 150 M M 1 1 21 130
6 86 70 78 3 0 13 0.55 0.0 0 5.3 22 240 M M 5 13 28 240
7 87 73 80 5 0 15 0.26 0.0 0 4.6 24 280 M M 6 13 28 260
8 87 75 81 6 0 16 0.05 0.0 0 6.8 18 270 M M 4 13 25 270
9 89 73 81 5 0 16 0.31 0.0 0 7.2 18 210 M M 4 13 23 210
10 84 71 78 2 0 13 2.06 0.0 0 6.7 23 180 M M 7 13 29 180
11 90 72 81 5 0 16 0.26 0.0 0 8.2 17 240 M M 5 13 24 240
12 82 69 76 0 0 11 T 0.0 0 9.3 18 10 M M 7 23 360
13 83 68 76 -1 0 11 0.01 0.0 0 10.0 17 30 M M 9 1 22 10
14 89 69 79 2 0 14 0.00 0.0 0 5.8 14 170 M M 1 1 19 180
15 88 69 79 2 0 14 0.89 0.0 0 4.5 21 230 M M 4 13 30 220
16 86 65 76 -1 0 11 0.00 0.0 0 3.5 13 300 M M 1 1 17 280
17 84 63 74 -4 0 9 0.00 0.0 0 3.5 10 90 M M 3 12 15 360
18 87 61 74 -4 0 9 0.00 0.0 0 3.8 10 180 M M 0 12 14 150
19 91 70 81 3 0 16 0.00 0.0 0 10.0 20 240 M M 0 26 240
20 85 72 79 1 0 14 0.03 0.0 0 9.7 23 200 M M 5 1 34 210
21 91 73 82 4 0 17 0.37 0.0 0 9.0 24 190 M M 5 13 33 180
22 84 69 77 -1 0 12 0.43 0.0 0 9.5 21 240 M M 6 13 32 250
23 78 63 71 -8 0 6 0.00 0.0 0 10.4 20 50 M M 5 26 50
24 79 57 68 -11 0 3 T 0.0 0 8.3 16 40 M M 3 24 40
25 83 67 75 -4 0 10 1.66 0.0 0 5.3 20 170 M M 6 1 25 170
26 88 71 80 1 0 15 0.02 0.0 0 4.9 15 150 M M 4 8 19 180
27 88 70 79 0 0 14 0.00 0.0 0 4.2 13 140 M M 1 1 17 90
28 86 73 80 1 0 15 0.08 0.0 0 6.9 17 120 M M 3 1 23 100
29 89 73 81 1 0 16 0.07 0.0 0 3.6 13 170 M M 3 18 17 170
30 91 72 82 2 0 17 T 0.0 0 6.4 15 180 M M 2 1 20 220
================================================================================
SM 2566 2056 0 369 10.72 0.0 196.0 M 123
================================================================================
AV 85.5 68.5 6.5 FASTST M M 4 MAX(MPH)
MISC ----> # 24 280 34 210
================================================================================
NOTES:
# LAST OF SEVERAL OCCURRENCES
COLUMN 17 PEAK WIND IN M.P.H.
PRELIMINARY LOCAL CLIMATOLOGICAL DATA (WS FORM: F-6) , PAGE 2
STATION: NEW BERN NC
MONTH: JUNE
YEAR: 2021
LATITUDE: 35 4 N
LONGITUDE: 77 3 W
[TEMPERATURE DATA] [PRECIPITATION DATA] SYMBOLS USED IN COLUMN 16
AVERAGE MONTHLY: 77.0 TOTAL FOR MONTH: 10.72 1 = FOG OR MIST
DPTR FM NORMAL: 0.0 DPTR FM NORMAL: 6.12 2 = FOG REDUCING VISIBILITY
HIGHEST: 91 ON 30,21 GRTST 24HR 2.31 ON 10-11 TO 1/4 MILE OR LESS
LOWEST: 51 ON 1 3 = THUNDER
SNOW, ICE PELLETS, HAIL 4 = ICE PELLETS
TOTAL MONTH: 0.0 INCH 5 = HAIL
GRTST 24HR 0.0 6 = FREEZING RAIN OR DRIZZLE
GRTST DEPTH: 0 7 = DUSTSTORM OR SANDSTORM:
VSBY 1/2 MILE OR LESS
8 = SMOKE OR HAZE
[NO. OF DAYS WITH] [WEATHER - DAYS WITH] 9 = BLOWING SNOW
X = TORNADO
MAX 32 OR BELOW: 0 0.01 INCH OR MORE: 18
MAX 90 OR ABOVE: 4 0.10 INCH OR MORE: 12
MIN 32 OR BELOW: 0 0.50 INCH OR MORE: 6
MIN 0 OR BELOW: 0 1.00 INCH OR MORE: 4
[HDD (BASE 65) ]
TOTAL THIS MO. 0 CLEAR (SCALE 0-3) 11
DPTR FM NORMAL -1 PTCLDY (SCALE 4-7) 18
TOTAL FM JUL 1 2495 CLOUDY (SCALE 8-10) 1
DPTR FM NORMAL -203
[CDD (BASE 65) ]
TOTAL THIS MO. 369
DPTR FM NORMAL 10 [PRESSURE DATA]
TOTAL FM JAN 1 630 HIGHEST SLP 30.33 ON 29
DPTR FM NORMAL 22 LOWEST SLP 29.69 ON 12
[REMARKS]
#FINAL-06-21#