000
CXUS51 KOKX 020020 RRA
CLSEWR
CLIMATE REPORT
NATIONAL WEATHER SERVICE NEW YORK, NY
714 PM EST WED DEC 01 2021
...................................
...THE NEWARK NJ CLIMATE SUMMARY FOR THE SEASON, FROM
9/1/2021 TO 11/30/2021...
CLIMATE NORMAL PERIOD 1991 TO 2020
CLIMATE RECORD PERIOD 1931 TO 2021
WEATHER OBSERVED NORMAL DEPART LAST YEAR`S
VALUE DATE(S) VALUE FROM VALUE
NORMAL
..............................................................
TEMPERATURE (F)
RECORD
HIGH 105 09/02/1953
LOW 12 11/27/1932
HIGHEST 91 09/15 MM MM
LOWEST 27 11/30 MM MM
AVG. MAXIMUM 69.6 66.2 3.4
AVG. MINIMUM 53.0 49.6 3.4
MEAN 61.3 57.9 3.4
DAYS MAX >= 90 1 2.0 -1.0
DAYS MAX <= 32 0 0.0 0.0
DAYS MIN <= 32 2 6.2 -4.2
DAYS MIN <= 0 0 0.0 0.0
PRECIPITATION (INCHES)
RECORD
MAXIMUM 20.22 1944
MINIMUM 4.21 1931
TOTALS 17.03 10.94 6.09 MM
DAILY AVG. 0.19 0.12 0.07
DAYS >= .01 28 26.9 1.1
DAYS >= .10 17 16.5 0.5
DAYS >= .50 3 7.5 -4.5
DAYS >= 1.00 3 3.0 0.0
GREATEST
24 HR. TOTAL 8.44 09/01 TO 09/02
STORM TOTAL 8.41
(MM/DD(HH))
SNOWFALL (INCHES)
RECORDS
TOTAL 14.2 1938
24 HR TOTAL MM
TOTALS 0.1 0.8 -0.7
LIQUID EQUIV 0.00 0.00 0.00
SINCE 7/1 0.1 0.8 -0.7
LIQUID 7/1 0.01
DAYS >= TRACE 3 0.0 3.0
DAYS >= 1.0 0 0.0 0.0
GREATEST
SNOW DEPTH 0
24 HR TOTAL MM
STORM TOTAL 0.1
(MM/DD(HH))
DEGREE DAYS
HEATING TOTAL 609 829 -220
SINCE 7/1 609 829 -220
COOLING TOTAL 301 181 120
SINCE 1/1 1663 1270 393
..............................................................
WIND (MPH)
AVERAGE WIND SPEED 9.0
HIGHEST WIND SPEED/DIRECTION 41/270 DATE 11/13
HIGHEST GUST SPEED/DIRECTION 52/270 DATE 11/13
SKY COVER
POSSIBLE SUNSHINE (PERCENT) MM
AVERAGE SKY COVER 0.61
NUMBER OF DAYS FAIR 18
NUMBER OF DAYS PC 44
NUMBER OF DAYS CLOUDY 29
AVERAGE RH (PERCENT) 62
WEATHER CONDITIONS. NUMBER OF DAYS WITH
THUNDERSTORM 8 MIXED PRECIP 0
HEAVY RAIN 9 RAIN 12
LIGHT RAIN 38 FREEZING RAIN 0
LT FREEZING RAIN 0 HAIL 0
HEAVY SNOW 0 SNOW 0
LIGHT SNOW 3 SLEET 0
FOG 16 FOG W/VIS <= 1/4 MILE 0
HAZE 3
- INDICATES NEGATIVE NUMBERS.
R INDICATES RECORD WAS SET OR TIED.
MM INDICATES DATA IS MISSING.
T INDICATES TRACE AMOUNT.
$$