000
CXUS53 KFGF 010915
CF6FAR
PRELIMINARY LOCAL CLIMATOLOGICAL DATA (WS FORM: F-6)
STATION: FARGO HECTOR INTL AP ND
MONTH: FEBRUARY
YEAR: 2024
LATITUDE: 46 54 N
LONGITUDE: 96 48 W
TEMPERATURE IN F: :PCPN: SNOW: WIND :SUNSHINE: SKY :PK WND
================================================================================
1 2 3 4 5 6A 6B 7 8 9 10 11 12 13 14 15 16 17 18
12Z AVG MX 2MIN
DY MAX MIN AVG DEP HDD CDD WTR SNW DPTH SPD SPD DIR MIN PSBL S-S WX SPD DR
================================================================================
1 48 28 38 28 27 0 0.00 0.0 0 4.6 9 40 M M 1 128 13 30
2 45 30 38 28 27 0 0.00 0.0 0 10.3 17 140 M M 0 26 150
3 39 34 37 27 28 0 T 0.0 0 11.2 23 170 M M 10 1 31 180
4 36 32 34 24 31 0 0.00 0.0 0 3.0 12 160 M M 10 18 15 180
5 38 32 35 25 30 0 0.00 0.0 0 9.4 16 160 M M 8 18 22 170
6 43 33 38 27 27 0 0.00 0.0 0 5.1 14 170 M M 9 128 19 170
7 50 36 43 32 22 0 0.00 0.0 0 11.8 23 160 M M 8 18 36 160
8 50 28 39 28 26 0 0.43 0.8 0 14.5 24 310 M M 10 1 34 320
9 30 23 27 16 38 0 0.06 0.7 1 16.4 25 330 M M 10 1 32 320
10 34 21 28 16 37 0 T T 1 10.2 21 300 M M 10 8 26 300
11 39 10 25 13 40 0 0.00 0.0 1 9.4 20 180 M M 4 26 170
12 37 22 30 18 35 0 0.00 0.0 1 7.2 14 340 M M 3 17 340
13 37 30 34 22 31 0 T T 1 8.9 20 160 M M 9 27 170
14 34 20 27 14 38 0 0.00 0.0 T 11.1 20 320 M M 3 26 340
15 25 14 20 7 45 0 T T T 9.5 17 350 M M 2 21 360
16 22 9 16 2 49 0 T T T 12.5 22 280 M M 8 8 29 280
17 42 18 30 16 35 0 0.00 0.0 T 16.3 31 280 M M 1 39 280
18 38 20 29 15 36 0 0.00 0.0 T 8.9 18 320 M M 0 23 320
19 46 23 35 20 30 0 0.00 0.0 0 8.6 17 140 M M 0 24 170
20 42 22 32 17 33 0 0.00 0.0 0 6.4 14 290 M M 1 18 17 300
21 50 26 38 22 27 0 0.00 0.0 0 5.3 10 320 M M 4 18 14 340
22 49 28 39 23 26 0 0.00 0.0 0 10.3 21 290 M M 0 18 28 300
23 34 20 27 11 38 0 T T 0 10.9 20 350 M M 5 26 350
24 54 20 37 20 28 0 0.00 0.0 0 11.8 23 190 M M 0 30 190
25 41 32 37 20 28 0 T T 0 8.7 14 120 M M 6 19 130
26 61 31 46 28 19 0 T 0.0 0 15.9 32 160 M M 3 47 160
27 31 0 16 -2 49 0 0.19 2.7 1 30.4 45 340 M M 8 89 59 360
28 11 -8 2 -17 63 0 0.00 0.0 3 7.3 21 340 M M 1 25 340
29 45 9 27 8 38 0 0.00 0.0 3 15.0 23 160 M M 1 33 160
================================================================================
SM 1151 643 981 0 0.68 4.2 310.9 M 135
================================================================================
AV 39.7 22.2 10.7 FASTST M M 5 MAX(MPH)
MISC ----> 45 340 59 360
================================================================================
NOTES:
# LAST OF SEVERAL OCCURRENCES
COLUMN 17 PEAK WIND IN M.P.H.
PRELIMINARY LOCAL CLIMATOLOGICAL DATA (WS FORM: F-6) , PAGE 2
STATION: FARGO HECTOR INTL AP ND
MONTH: FEBRUARY
YEAR: 2024
LATITUDE: 46 54 N
LONGITUDE: 96 48 W
[TEMPERATURE DATA] [PRECIPITATION DATA] SYMBOLS USED IN COLUMN 16
AVERAGE MONTHLY: 30.9 TOTAL FOR MONTH: 0.68 1 = FOG OR MIST
DPTR FM NORMAL: 17.5 DPTR FM NORMAL: -0.01 2 = FOG REDUCING VISIBILITY
HIGHEST: 61 ON 26 GRTST 24HR 0.50 ON 8- 9 TO 1/4 MILE OR LESS
LOWEST: -8 ON 28 3 = THUNDER
SNOW, ICE PELLETS, HAIL 4 = ICE PELLETS
TOTAL MONTH: 4.2 INCHES 5 = HAIL
GRTST 24HR 2.7 ON 27-27 6 = FREEZING RAIN OR DRIZZLE
GRTST DEPTH: 3 ON 29,28 7 = DUSTSTORM OR SANDSTORM:
VSBY 1/2 MILE OR LESS
8 = SMOKE OR HAZE
[NO. OF DAYS WITH] [WEATHER - DAYS WITH] 9 = BLOWING SNOW
X = TORNADO
MAX 32 OR BELOW: 5 0.01 INCH OR MORE: 3
MAX 90 OR ABOVE: 0 0.10 INCH OR MORE: 2
MIN 32 OR BELOW: 26 0.50 INCH OR MORE: 0
MIN 0 OR BELOW: 2 1.00 INCH OR MORE: 0
[HDD (BASE 65) ]
TOTAL THIS MO. 981 CLEAR (SCALE 0-3) 14
DPTR FM NORMAL -464 PTCLDY (SCALE 4-7) 6
TOTAL FM JUL 1 4990 CLOUDY (SCALE 8-10) 9
DPTR FM NORMAL -1724
[CDD (BASE 65) ]
TOTAL THIS MO. 0
DPTR FM NORMAL 0 [PRESSURE DATA]
TOTAL FM JAN 1 0 HIGHEST SLP 30.48 ON 16
DPTR FM NORMAL 0 LOWEST SLP 29.23 ON 8
[REMARKS]
#FINAL-02-24#