000
CXUS53 KFGF 010815
CF6FAR
PRELIMINARY LOCAL CLIMATOLOGICAL DATA (WS FORM: F-6)
STATION: FARGO HECTOR INTL AP ND
MONTH: APRIL
YEAR: 2022
LATITUDE: 46 54 N
LONGITUDE: 96 48 W
TEMPERATURE IN F: :PCPN: SNOW: WIND :SUNSHINE: SKY :PK WND
================================================================================
1 2 3 4 5 6A 6B 7 8 9 10 11 12 13 14 15 16 17 18
12Z AVG MX 2MIN
DY MAX MIN AVG DEP HDD CDD WTR SNW DPTH SPD SPD DIR MIN PSBL S-S WX SPD DR
================================================================================
1 43 19 31 -5 34 0 0.01 0.0 2 12.3 18 190 M M 3 M M
2 40 27 34 -2 31 0 0.00 0.0 T 9.0 17 300 M M 6 24 290
3 39 22 31 -6 34 0 0.00 0.0 0 5.5 13 100 M M 3 16 100
4 46 23 35 -3 30 0 0.00 0.0 0 10.9 24 130 M M 5 32 120
5 44 33 39 1 26 0 0.36 T 0 15.2 28 120 M M 10 1 44 120
6 37 32 35 -3 30 0 0.36 0.2 0 28.6 40 340 M M 10 1 51 330
7 37 30 34 -5 31 0 0.05 0.3 T 28.0 41 350 M M 8 1 52 330
8 45 26 36 -4 29 0 0.00 0.0 0 15.3 26 340 M M 0 39 340
9 50 24 37 -3 28 0 0.00 0.0 0 13.0 24 160 M M 0 34 140
10 43 34 39 -1 26 0 0.57 0.0 0 12.2 23 360 M M 10 1 30 360
11 50 30 40 -1 25 0 0.02 0.0 0 8.9 26 280 M M 5 32 280
12 41 33 37 -4 28 0 0.36 0.0 0 17.0 28 40 M M 9 1 39 20
13 38 29 34 -8 31 0 0.08 T 0 16.3 30 210 M M 10 1 38 220
14 30 16 23 -19 42 0 0.13 1.3 T 18.0 32 290 M M 10 1 42 290
15 24 13 19 -24 46 0 T T 1 17.4 25 300 M M 8 18 34 290
16 32 16 24 -19 41 0 0.00 0.0 T 10.3 20 330 M M 0 25 320
17 34 21 28 -16 37 0 0.23 2.1 0 15.0 33 310 M M 8 12 47 310
18 33 21 27 -17 38 0 T T 2 17.9 36 310 M M 4 189 48 310
19 39 18 29 -16 36 0 0.00 0.0 0 14.8 28 140 M M 3 45 140
20 51 32 42 -3 23 0 0.25 0.6 0 12.8 29 130 M M 7 1 41 140
21 44 34 39 -7 26 0 0.00 0.0 0 11.0 22 270 M M 8 29 280
22 45 38 42 -4 23 0 0.53 0.0 0 13.5 25 110 M M 10 13 33 100
23 74 42 58 11 7 0 0.54 0.0 0 19.1 35 190 M M 6 13 50 160
24 42 29 36 -11 29 0 0.34 T 0 20.8 37 330 M M 10 1 45 320
25 29 25 27 -21 38 0 T T 0 24.1 35 340 M M 10 46 340
26 37 24 31 -17 34 0 T T 0 11.0 18 40 M M 6 25 320
27 49 27 38 -10 27 0 0.00 0.0 M 10.6 21 110 M M 0 28 110
28 56 32 44 -5 21 0 0.00 0.0 0 10.5 18 140 M M 3 25 130
29 47 42 45 -4 20 0 0.86 0.0 0 8.8 14 50 M M 10 18 18 40
30 46 39 43 -7 22 0 0.76 0.0 0 13.8 24 330 M M 10 1 33 330
================================================================================
SM 1265 831 893 0 5.45 4.5 441.6 M 192
================================================================================
AV 42.2 27.7 14.7 FASTST M M 6 MAX(MPH)
MISC ----> 41 350 52 330
================================================================================
NOTES:
# LAST OF SEVERAL OCCURRENCES
COLUMN 17 PEAK WIND IN M.P.H.
PRELIMINARY LOCAL CLIMATOLOGICAL DATA (WS FORM: F-6) , PAGE 2
STATION: FARGO HECTOR INTL AP ND
MONTH: APRIL
YEAR: 2022
LATITUDE: 46 54 N
LONGITUDE: 96 48 W
[TEMPERATURE DATA] [PRECIPITATION DATA] SYMBOLS USED IN COLUMN 16
AVERAGE MONTHLY: 34.9 TOTAL FOR MONTH: 5.45 1 = FOG OR MIST
DPTR FM NORMAL: -8.1 DPTR FM NORMAL: 3.91 2 = FOG REDUCING VISIBILITY
HIGHEST: 74 ON 23 GRTST 24HR 1.17 ON 29-30 TO 1/4 MILE OR LESS
LOWEST: 13 ON 15 3 = THUNDER
SNOW, ICE PELLETS, HAIL 4 = ICE PELLETS
TOTAL MONTH: 4.5 INCHES 5 = HAIL
GRTST 24HR 2.1 ON 17-17 6 = FREEZING RAIN OR DRIZZLE
GRTST DEPTH: 3 ON M 7 = DUSTSTORM OR SANDSTORM:
VSBY 1/2 MILE OR LESS
8 = SMOKE OR HAZE
[NO. OF DAYS WITH] [WEATHER - DAYS WITH] 9 = BLOWING SNOW
X = TORNADO
MAX 32 OR BELOW: 4 0.01 INCH OR MORE: 16
MAX 90 OR ABOVE: 0 0.10 INCH OR MORE: 12
MIN 32 OR BELOW: 22 0.50 INCH OR MORE: 5
MIN 0 OR BELOW: 0 1.00 INCH OR MORE: 0
[HDD (BASE 65) ]
TOTAL THIS MO. 893 CLEAR (SCALE 0-3) 8
DPTR FM NORMAL 232 PTCLDY (SCALE 4-7) 10
TOTAL FM JUL 1 8687 CLOUDY (SCALE 8-10) 12
DPTR FM NORMAL 230
[CDD (BASE 65) ]
TOTAL THIS MO. 0
DPTR FM NORMAL -1 [PRESSURE DATA]
TOTAL FM JAN 1 0 HIGHEST SLP M ON M
DPTR FM NORMAL -1 LOWEST SLP 29.11 ON 23
[REMARKS]
#FINAL-04-22#