000
CXUS53 KFGF 010915
CF6FAR
PRELIMINARY LOCAL CLIMATOLOGICAL DATA (WS FORM: F-6)
STATION: FARGO HECTOR INTL AP ND
MONTH: NOVEMBER
YEAR: 2021
LATITUDE: 46 54 N
LONGITUDE: 96 48 W
TEMPERATURE IN F: :PCPN: SNOW: WIND :SUNSHINE: SKY :PK WND
================================================================================
1 2 3 4 5 6A 6B 7 8 9 10 11 12 13 14 15 16 17 18
12Z AVG MX 2MIN
DY MAX MIN AVG DEP HDD CDD WTR SNW DPTH SPD SPD DIR MIN PSBL S-S WX SPD DR
================================================================================
1 44 29 37 0 28 0 0.00 0.0 0 9.1 17 330 M M 9 23 290
2 42 23 33 -3 32 0 0.00 0.0 0 3.8 13 270 M M 8 15 270
3 46 21 34 -2 31 0 0.00 0.0 0 6.0 14 190 M M 0 16 190
4 53 27 40 5 25 0 0.00 0.0 0 10.9 17 160 M M 0 30 140
5 56 37 47 12 18 0 0.02 0.0 0 13.1 22 160 M M 5 32 150
6 62 36 49 15 16 0 0.00 0.0 0 7.5 14 250 M M 0 18 250
7 58 34 46 12 19 0 0.00 0.0 0 5.4 10 350 M M 0 15 170
8 53 29 41 8 24 0 0.00 0.0 0 5.2 9 190 M M 0 M M
9 54 28 41 8 24 0 0.00 0.0 0 6.3 12 140 M M 0 16 150
10 47 40 44 12 21 0 0.70 0.0 0 11.8 21 140 M M 10 18 31 130
11 40 30 35 3 30 0 0.12 0.4 0 19.2 36 330 M M 7 1 46 350
12 30 27 29 -2 36 0 0.07 0.6 1 27.5 44 340 M M 10 12 59 340
13 29 26 28 -3 37 0 0.21 1.8 T 12.7 26 350 M M 10 1268 35 140
14 26 23 25 -5 40 0 0.00 0.0 2 9.1 23 340 M M 10 29 360
15 34 25 30 0 35 0 0.02 0.2 2 11.5 20 140 M M 9 1 27 150
16 41 34 38 9 27 0 0.00 0.0 1 15.8 31 150 M M 2 45 140
17 37 25 31 2 34 0 T T T 24.2 38 280 M M 8 49 270
18 31 20 26 -2 39 0 T T T 14.0 29 310 M M 5 39 320
19 42 23 33 5 32 0 0.00 0.0 0 13.3 26 160 M M 0 37 160
20 39 21 30 3 35 0 0.00 0.0 0 7.3 14 190 M M 2 19 320
21 36 14 25 -2 40 0 0.00 0.0 0 15.8 37 320 M M 2 51 320
22 36 15 26 0 39 0 0.00 0.0 0 6.5 16 180 M M 3 21 180
23 48 26 37 11 28 0 0.00 0.0 0 10.1 23 160 M M 0 31 170
24 30 7 19 -6 46 0 T T 0 21.5 37 350 M M 4 45 340
25 21 2 12 -13 53 0 0.00 0.0 0 9.5 18 150 M M 1 25 180
26 34 21 28 4 37 0 0.00 0.0 0 14.0 22 150 M M 2 33 150
27 45 20 33 9 32 0 0.00 0.0 0 11.4 28 330 M M 4 37 330
28 36 17 27 4 38 0 T T 0 8.4 21 150 M M 4 29 150
29 44 26 35 12 30 0 0.00 0.0 0 10.0 20 330 M M 2 29 150
30 37 26 32 10 33 0 0.07 0.3 0 10.1 20 160 M M 4 1 28 160
================================================================================
SM 1231 732 959 0 1.21 3.3 351.0 M 121
================================================================================
AV 41.0 24.4 11.7 FASTST M M 4 MAX(MPH)
MISC ----> 44 340 59 340
================================================================================
NOTES:
# LAST OF SEVERAL OCCURRENCES
COLUMN 17 PEAK WIND IN M.P.H.
PRELIMINARY LOCAL CLIMATOLOGICAL DATA (WS FORM: F-6) , PAGE 2
STATION: FARGO HECTOR INTL AP ND
MONTH: NOVEMBER
YEAR: 2021
LATITUDE: 46 54 N
LONGITUDE: 96 48 W
[TEMPERATURE DATA] [PRECIPITATION DATA] SYMBOLS USED IN COLUMN 16
AVERAGE MONTHLY: 32.7 TOTAL FOR MONTH: 1.21 1 = FOG OR MIST
DPTR FM NORMAL: 3.2 DPTR FM NORMAL: 0.24 2 = FOG REDUCING VISIBILITY
HIGHEST: 62 ON 6 GRTST 24HR 0.70 ON 10-10 TO 1/4 MILE OR LESS
LOWEST: 2 ON 25 3 = THUNDER
SNOW, ICE PELLETS, HAIL 4 = ICE PELLETS
TOTAL MONTH: 3.3 INCHES 5 = HAIL
GRTST 24HR 1.8 ON 13-13 6 = FREEZING RAIN OR DRIZZLE
GRTST DEPTH: 2 ON 15,14 7 = DUSTSTORM OR SANDSTORM:
VSBY 1/2 MILE OR LESS
8 = SMOKE OR HAZE
[NO. OF DAYS WITH] [WEATHER - DAYS WITH] 9 = BLOWING SNOW
X = TORNADO
MAX 32 OR BELOW: 6 0.01 INCH OR MORE: 7
MAX 90 OR ABOVE: 0 0.10 INCH OR MORE: 3
MIN 32 OR BELOW: 25 0.50 INCH OR MORE: 1
MIN 0 OR BELOW: 0 1.00 INCH OR MORE: 0
[HDD (BASE 65) ]
TOTAL THIS MO. 959 CLEAR (SCALE 0-3) 15
DPTR FM NORMAL -106 PTCLDY (SCALE 4-7) 9
TOTAL FM JUL 1 1475 CLOUDY (SCALE 8-10) 6
DPTR FM NORMAL -445
[CDD (BASE 65) ]
TOTAL THIS MO. 0
DPTR FM NORMAL 0 [PRESSURE DATA]
TOTAL FM JAN 1 865 HIGHEST SLP 30.58 ON 25
DPTR FM NORMAL 323 LOWEST SLP 29.44 ON 16
[REMARKS]
#FINAL-11-21#