999
CXUS53 KFGF 010815
CF6FAR
PRELIMINARY LOCAL CLIMATOLOGICAL DATA (WS FORM: F-6)
STATION: FARGO HECTOR INTL AP ND
MONTH: AUGUST
YEAR: 2020
LATITUDE: 46 54 N
LONGITUDE: 96 48 W
TEMPERATURE IN F: :PCPN: SNOW: WIND :SUNSHINE: SKY :PK WND
================================================================================
1 2 3 4 5 6A 6B 7 8 9 10 11 12 13 14 15 16 17 18
12Z AVG MX 2MIN
DY MAX MIN AVG DEP HDD CDD WTR SNW DPTH SPD SPD DIR MIN PSBL S-S WX SPD DR
================================================================================
1 78 60 69 -2 0 4 0.00 0.0 0 13.9 23 340 M M 2 33 360
2 76 54 65 -6 0 0 0.00 0.0 M 8.2 20 30 M M 3 27 30
3 75 49 62 -9 3 0 0.00 0.0 0 6.4 15 60 M M 0 21 50
4 78 55 67 -4 0 2 0.00 0.0 M 7.0 15 190 M M 1 21 190
5 77 58 68 -3 0 3 0.00 0.0 0 8.3 15 170 M M 4 22 130
6 80 57 69 -2 0 4 0.00 0.0 0 8.1 17 160 M M 2 24 140
7 79 66 73 2 0 8 0.72 0.0 M 10.7 22 190 M M 5 13 32 160
8 84 67 76 5 0 11 0.00 0.0 0 7.1 22 30 M M 2 1 30 30
9 82 56 69 -2 0 4 0.58 0.0 0 8.2 22 300 M M 3 13 32 300
10 80 52 66 -5 0 1 0.00 0.0 0 10.2 21 280 M M 0 28 280
11 82 57 70 0 0 5 0.00 0.0 0 9.0 17 210 M M 2 24 210
12 80 65 73 3 0 8 0.00 0.0 0 10.4 20 130 M M 4 30 130
13 90 65 78 8 0 13 T 0.0 0 12.9 24 180 M M 6 38 33 140
14 71 53 62 -8 3 0 1.86 0.0 0 12.0 39 310 M M 6 13 55 260
15 81 52 67 -3 0 2 0.00 0.0 0 7.1 15 270 M M 1 1 20 260
16 82 56 69 -1 0 4 0.00 0.0 0 5.6 22 340 M M 2 28 340
17 79 52 66 -4 0 1 0.00 0.0 0 3.5 9 330 M M 0 15 280
18 82 58 70 1 0 5 0.00 0.0 0 9.8 17 180 M M 0 23 160
19 87 63 75 6 0 10 0.06 0.0 0 8.9 20 200 M M 1 3 27 170
20 84 65 75 6 0 10 0.00 0.0 0 8.4 17 140 M M 0 25 150
21 86 66 76 7 0 11 0.00 0.0 0 4.9 13 330 M M 1 16 20
22 88 64 76 8 0 11 0.00 0.0 0 4.2 12 310 M M 1 12 15 320
23 86 60 73 5 0 8 0.15 0.0 0 7.1 23 290 M M 3 123 30 300
24 81 62 72 4 0 7 0.01 0.0 0 6.8 17 30 M M 4 13 23 30
25 84 59 72 4 0 7 0.00 0.0 0 8.0 20 130 M M 1 29 120
26 84 60 72 5 0 7 T 0.0 0 7.8 21 340 M M 2 1 26 340
27 80 56 68 1 0 3 T 0.0 0 5.5 14 30 M M 3 18 50
28 76 54 65 -2 0 0 0.11 0.0 0 10.4 25 340 M M 5 1 32 340
29 76 47 62 -4 3 0 0.00 0.0 0 3.6 8 140 M M 1 13 150
30 78 57 68 2 0 3 0.67 0.0 0 14.2 26 160 M M 4 13 42 170
31 70 50 60 -6 5 0 T 0.0 0 11.4 24 300 M M 1 31 270
================================================================================
SM 2496 1795 14 152 4.16 0.0 259.6 M 70
================================================================================
AV 80.5 57.9 8.4 FASTST M M 2 MAX(MPH)
MISC ----> 39 310 55 260
================================================================================
NOTES:
# LAST OF SEVERAL OCCURRENCES
COLUMN 17 PEAK WIND IN M.P.H.
PRELIMINARY LOCAL CLIMATOLOGICAL DATA (WS FORM: F-6) , PAGE 2
STATION: FARGO HECTOR INTL AP ND
MONTH: AUGUST
YEAR: 2020
LATITUDE: 46 54 N
LONGITUDE: 96 48 W
[TEMPERATURE DATA] [PRECIPITATION DATA] SYMBOLS USED IN COLUMN 16
AVERAGE MONTHLY: 69.2 TOTAL FOR MONTH: 4.16 1 = FOG OR MIST
DPTR FM NORMAL: -0.1 DPTR FM NORMAL: 1.60 2 = FOG REDUCING VISIBILITY
HIGHEST: 90 ON 13 GRTST 24HR 1.86 ON 14-14 TO 1/4 MILE OR LESS
LOWEST: 47 ON 29 3 = THUNDER
SNOW, ICE PELLETS, HAIL 4 = ICE PELLETS
TOTAL MONTH: 0.0 INCH 5 = HAIL
GRTST 24HR 0.0 6 = FREEZING RAIN OR DRIZZLE
GRTST DEPTH: 0 7 = DUSTSTORM OR SANDSTORM:
VSBY 1/2 MILE OR LESS
8 = SMOKE OR HAZE
[NO. OF DAYS WITH] [WEATHER - DAYS WITH] 9 = BLOWING SNOW
X = TORNADO
MAX 32 OR BELOW: 0 0.01 INCH OR MORE: 8
MAX 90 OR ABOVE: 1 0.10 INCH OR MORE: 6
MIN 32 OR BELOW: 0 0.50 INCH OR MORE: 4
MIN 0 OR BELOW: 0 1.00 INCH OR MORE: 1
[HDD (BASE 65) ]
TOTAL THIS MO. 14 CLEAR (SCALE 0-3) 22
DPTR FM NORMAL -20 PTCLDY (SCALE 4-7) 9
TOTAL FM JUL 1 15 CLOUDY (SCALE 8-10) 0
DPTR FM NORMAL -37
[CDD (BASE 65) ]
TOTAL THIS MO. 152
DPTR FM NORMAL -13 [PRESSURE DATA]
TOTAL FM JAN 1 644 HIGHEST SLP M ON M
DPTR FM NORMAL 139 LOWEST SLP 29.54 ON 30
[REMARKS]
#FINAL-08-20#