000
CXUS53 KFGF 010915
CF6FAR
PRELIMINARY LOCAL CLIMATOLOGICAL DATA (WS FORM: F-6)
STATION: FARGO HECTOR INTL AP ND
MONTH: FEBRUARY
YEAR: 2020
LATITUDE: 46 54 N
LONGITUDE: 96 48 W
TEMPERATURE IN F: :PCPN: SNOW: WIND :SUNSHINE: SKY :PK WND
================================================================================
1 2 3 4 5 6A 6B 7 8 9 10 11 12 13 14 15 16 17 18
12Z AVG MX 2MIN
DY MAX MIN AVG DEP HDD CDD WTR SNW DPTH SPD SPD DIR MIN PSBL S-S WX SPD DR
================================================================================
1 42 12 27 17 38 0 0.00 0.0 15 12.3 21 230 M M 4 27 190
2 41 22 32 21 33 0 0.00 0.0 14 13.6 26 310 M M 4 34 300
3 28 -1 14 3 51 0 0.00 0.0 12 10.0 22 350 M M 1 27 330
4 17 -9 4 -7 61 0 0.00 0.0 12 4.1 13 170 M M 1 17 170
5 28 4 16 5 49 0 0.00 0.0 12 13.7 23 210 M M 0 31 200
6 18 5 12 0 53 0 0.01 0.2 12 13.5 25 340 M M 8 18 31 340
7 5 -14 -4 -16 69 0 T T 12 11.9 24 340 M M 2 8 29 330
8 19 -8 6 -6 59 0 T 0.2 12 7.4 15 170 M M 8 1 18 150
9 24 13 19 7 46 0 0.00 0.0 12 6.8 14 180 M M 6 18 180
10 27 13 20 7 45 0 T T 12 13.0 24 290 M M 5 1 29 290
11 29 19 24 11 41 0 0.00 0.0 12 13.3 21 210 M M 5 26 170
12 28 -20 4 -10 61 0 0.02 0.2 11 23.2 41 350 M M 7 1289 53 350
13 -2 -24 -13 -27 78 0 0.00 0.0 11 6.6 13 170 M M 0 8 18 170
14 22 -11 6 -8 59 0 0.00 0.0 11 19.8 31 160 M M 1 43 160
15 29 2 16 2 49 0 T T 11 11.1 23 300 M M 5 1 31 290
16 18 -5 7 -8 58 0 0.00 0.0 11 7.4 16 150 M M 5 26 160
17 24 13 19 4 46 0 0.06 0.7 12 7.8 15 340 M M 10 1 20 150
18 13 -9 2 -14 63 0 0.00 0.0 12 11.6 25 350 M M 4 18 33 350
19 2 -18 -8 -24 73 0 0.00 0.0 12 6.4 10 260 M M 0 13 310
20 19 -13 3 -13 62 0 0.00 0.0 12 12.6 20 180 M M 0 24 180
21 34 10 22 5 43 0 0.00 0.0 12 10.8 17 180 M M 0 22 170
22 36 13 25 8 40 0 0.00 0.0 12 8.5 14 180 M M 0 17 160
23 38 17 28 10 37 0 0.00 0.0 12 12.7 24 280 M M 0 30 290
24 31 8 20 2 45 0 0.00 0.0 11 4.9 12 360 M M 1 128 14 360
25 19 3 11 -8 54 0 0.00 0.0 11 13.7 26 340 M M 4 33 350
26 16 2 9 -10 56 0 T 0.1 11 4.6 10 320 M M 6 18 13 330
27 17 1 9 -11 56 0 T T 11 3.5 9 210 M M 9 8 10 210
28 25 4 15 -5 50 0 0.00 0.0 11 4.6 13 150 M M 5 17 160
29 36 18 27 7 38 0 0.00 0.0 11 13.4 18 150 M M 6 1 30 170
================================================================================
SM 683 47 1513 0 0.09 1.4 302.8 M 107
================================================================================
AV 23.6 1.6 10.4 FASTST M M 4 MAX(MPH)
MISC ----> 41 350 53 350
================================================================================
NOTES:
# LAST OF SEVERAL OCCURRENCES
COLUMN 17 PEAK WIND IN M.P.H.
PRELIMINARY LOCAL CLIMATOLOGICAL DATA (WS FORM: F-6) , PAGE 2
STATION: FARGO HECTOR INTL AP ND
MONTH: FEBRUARY
YEAR: 2020
LATITUDE: 46 54 N
LONGITUDE: 96 48 W
[TEMPERATURE DATA] [PRECIPITATION DATA] SYMBOLS USED IN COLUMN 16
AVERAGE MONTHLY: 12.6 TOTAL FOR MONTH: 0.09 1 = FOG OR MIST
DPTR FM NORMAL: -2.0 DPTR FM NORMAL: -0.52 2 = FOG REDUCING VISIBILITY
HIGHEST: 42 ON 1 GRTST 24HR 0.34 ON 12-12 TO 1/4 MILE OR LESS
LOWEST: -24 ON 13 3 = THUNDER
SNOW, ICE PELLETS, HAIL 4 = ICE PELLETS
TOTAL MONTH: 1.4 INCHES 5 = HAIL
GRTST 24HR 0.7 ON 17-17 6 = FREEZING RAIN OR DRIZZLE
GRTST DEPTH: 16 ON M 7 = DUSTSTORM OR SANDSTORM:
VSBY 1/2 MILE OR LESS
8 = SMOKE OR HAZE
[NO. OF DAYS WITH] [WEATHER - DAYS WITH] 9 = BLOWING SNOW
X = TORNADO
MAX 32 OR BELOW: 23 0.01 INCH OR MORE: 3
MAX 90 OR ABOVE: 0 0.10 INCH OR MORE: 0
MIN 32 OR BELOW: 29 0.50 INCH OR MORE: 0
MIN 0 OR BELOW: 11 1.00 INCH OR MORE: 0
[HDD (BASE 65) ]
TOTAL THIS MO. 1513 CLEAR (SCALE 0-3) 12
DPTR FM NORMAL 103 PTCLDY (SCALE 4-7) 15
TOTAL FM JUL 1 6779 CLOUDY (SCALE 8-10) 2
DPTR FM NORMAL 11
[CDD (BASE 65) ]
TOTAL THIS MO. 0
DPTR FM NORMAL 0 [PRESSURE DATA]
TOTAL FM JAN 1 0 HIGHEST SLP 30.84 ON 19
DPTR FM NORMAL 0 LOWEST SLP 29.34 ON 2
[REMARKS]
#FINAL-02-20#