000
CXUS53 KLMK 010810
CF6FFT
PRELIMINARY LOCAL CLIMATOLOGICAL DATA (WS FORM: F-6)
STATION: FRANKFORT KY
MONTH: FEBRUARY
YEAR: 2023
LATITUDE: 38 10 N
LONGITUDE: 84 54 W
TEMPERATURE IN F: :PCPN: SNOW: WIND :SUNSHINE: SKY :PK WND
================================================================================
1 2 3 4 5 6A 6B 7 8 9 10 11 12 13 14 15 16 17 18
12Z AVG MX 2MIN
DY MAX MIN AVG DEP HDD CDD WTR SNW DPTH SPD SPD DIR MIN PSBL S-S WX SPD DR
================================================================================
1 33 22 28 -7 37 0 0.00 M M 3.4 9 30 M M 3 14 40
2 36 25 31 -4 34 0 0.00 M M 4.1 12 230 M M 0 18 16 230
3 30 17 24 -11 41 0 0.00 M M 6.5 16 330 M M 1 22 300
4 51 15 33 -2 32 0 0.00 M M 9.3 18 200 M M 0 25 210
5 55 40 48 12 17 0 0.00 M M 13.3 24 230 M M 2 34 220
6 54 24 39 3 26 0 0.00 M M 4.3 9 140 M M 0 1 13 140
7 66 36 51 15 14 0 T M M 9.6 24 220 M M 5 18 34 240
8 57 45 51 15 14 0 0.01 M M 4.9 12 140 M M 10 1 17 140
9 72 45 59 23 6 0 0.01 M M 18.3 48 210 M M 8 69 200
10 47 34 41 4 24 0 0.00 M M 6.4 12 330 M M 10 20 270
11 51 22 37 0 28 0 0.00 M M 5.1 13 80 M M 0 18 16 20
12 58 28 43 6 22 0 0.00 M M 6.9 14 320 M M 0 21 310
13 62 25 44 7 21 0 0.00 M M 5.1 20 230 M M 0 26 260
14 63 28 46 8 19 0 0.04 M M 6.6 21 140 M M 2 3 28 130
15 74 54 64 26 1 0 0.03 M M 12.4 24 220 M M 2 34 240
16 61 43 52 14 13 0 1.98 M M 8.9 21 300 M M 9 13 30 300
17 43 27 35 -3 30 0 T M M 9.5 18 330 M M 9 30 300
18 47 18 33 -5 32 0 0.00 M M 5.7 13 190 M M 0 18 200
19 61 38 50 11 15 0 0.00 M M 12.1 28 220 M M 0 36 210
20 60 44 52 13 13 0 T M M 10.0 17 210 M M 5 1 25 200
21 59 38 49 10 16 0 0.00 M M 5.8 18 290 M M 1 1 29 240
22 75 44 60 20 5 0 0.49 M M 15.0 29 200 M M 6 13 44 190
23 76 47 62 22 3 0 0.06 M M 10.8 29 240 M M 6 12 40 230
24 47 31 39 -1 26 0 0.00 M M 7.9 18 340 M M 2 27 290
25 53 34 44 4 21 0 0.11 M M 5.3 15 110 M M 3 21 120
26 59 32 46 5 19 0 0.00 M M 5.8 14 210 M M 4 12 22 250
27 73 49 61 20 4 0 0.14 M M 15.3 38 210 M M 9 18 59 190
28 63 46 55 14 10 0 0.00 M M 6.1 18 280 M M 3 31 260
================================================================================
SM 1586 951 543 0 2.87 M 234.4 M 100
================================================================================
AV 56.6 34.0 8.4 FASTST M M 4 MAX(MPH)
MISC ----> 48 210 69 200
================================================================================
NOTES:
# LAST OF SEVERAL OCCURRENCES
COLUMN 17 PEAK WIND IN M.P.H.
PRELIMINARY LOCAL CLIMATOLOGICAL DATA (WS FORM: F-6) , PAGE 2
STATION: FRANKFORT KY
MONTH: FEBRUARY
YEAR: 2023
LATITUDE: 38 10 N
LONGITUDE: 84 54 W
[TEMPERATURE DATA] [PRECIPITATION DATA] SYMBOLS USED IN COLUMN 16
AVERAGE MONTHLY: 45.3 TOTAL FOR MONTH: 2.87 1 = FOG OR MIST
DPTR FM NORMAL: 7.5 DPTR FM NORMAL: -0.53 2 = FOG REDUCING VISIBILITY
HIGHEST: 76 ON 23 GRTST 24HR 1.98 ON 16-16 TO 1/4 MILE OR LESS
LOWEST: 15 ON 4 3 = THUNDER
SNOW, ICE PELLETS, HAIL 4 = ICE PELLETS
TOTAL MONTH: M 5 = HAIL
GRTST 24HR M ON M 6 = FREEZING RAIN OR DRIZZLE
GRTST DEPTH: M ON M 7 = DUSTSTORM OR SANDSTORM:
VSBY 1/2 MILE OR LESS
8 = SMOKE OR HAZE
[NO. OF DAYS WITH] [WEATHER - DAYS WITH] 9 = BLOWING SNOW
X = TORNADO
MAX 32 OR BELOW: 1 0.01 INCH OR MORE: 9
MAX 90 OR ABOVE: 0 0.10 INCH OR MORE: 4
MIN 32 OR BELOW: 13 0.50 INCH OR MORE: 1
MIN 0 OR BELOW: 0 1.00 INCH OR MORE: 1
[HDD (BASE 65) ]
TOTAL THIS MO. 543 CLEAR (SCALE 0-3) 16
DPTR FM NORMAL -219 PTCLDY (SCALE 4-7) 7
TOTAL FM JUL 1 3019 CLOUDY (SCALE 8-10) 5
DPTR FM NORMAL -406
[CDD (BASE 65) ]
TOTAL THIS MO. 0
DPTR FM NORMAL 0 [PRESSURE DATA]
TOTAL FM JAN 1 0 HIGHEST SLP 30.59 ON 3
DPTR FM NORMAL 0 LOWEST SLP 29.22 ON 27
[REMARKS]
#FINAL-02-23#