000
CXUS53 KFGF 011423
CF6FGF
PRELIMINARY LOCAL CLIMATOLOGICAL DATA (WS FORM: F-6)
STATION: GRAND FORKS UNIV. (NWS) ND
MONTH: AUGUST
YEAR: 2023
LATITUDE: 47 55 N
LONGITUDE: 97 6 W
TEMPERATURE IN F: :PCPN: SNOW: WIND :SUNSHINE: SKY :PK WND
================================================================================
1 2 3 4 5 6A 6B 7 8 9 10 11 12 13 14 15 16 17 18
12Z AVG MX 2MIN
DY MAX MIN AVG DEP HDD CDD WTR SNW DPTH SPD SPD DIR MIN PSBL S-S WX SPD DR
================================================================================
1 94 66 80 10 0 15 0.01 0.0 0 M M M M M M M M
2 89 64 77 7 0 12 0.00 0.0 0 M M M M M M M M
3 87 65 76 6 0 11 0.00 0.0 0 M M M M M M M M
4 82 58 70 0 0 5 0.00 0.0 0 M M M M M M M M
5 84 65 75 5 0 10 0.01 0.0 0 M M M M M M M M
6 81 60 71 1 0 6 0.73 0.0 0 M M M M M M M M
7 81 55 68 -1 0 3 T 0.0 0 M M M M M M M M
8 80 57 69 0 0 4 0.02 0.0 0 M M M M M M M M
9 74 57 66 -3 0 1 0.00 0.0 0 M M M M M M M M
10 71 50 61 -8 4 0 0.01 0.0 0 M M M M M M 3 M M
11 77 56 67 -2 0 2 0.15 0.0 0 M M M M M M 3 M M
12 75 55 65 -4 0 0 0.01 0.0 0 M M M M M M M M
13 67 57 62 -7 3 0 0.05 0.0 0 M M M M M M M M
14 80 54 67 -2 0 2 0.00 0.0 0 M M M M M M M M
15 91 60 76 8 0 11 0.00 0.0 0 M M M M M M M M
16 81 62 72 4 0 7 T 0.0 0 M M M M M M M M
17 78 55 67 -1 0 2 0.00 0.0 0 M M M M M M M M
18 85 56 71 3 0 6 0.00 0.0 0 M M M M M M M M
19 89 59 74 6 0 9 0.00 0.0 0 M M M M M M M M
20 68 53 61 -7 4 0 0.12 0.0 0 M M M M M M M M
21 68 58 63 -4 2 0 T 0.0 0 M M M M M M M M
22 69 61 65 -2 0 0 0.06 0.0 0 M M M M M M M M
23 76 63 70 3 0 5 0.01 0.0 0 M M M M M M M M
24 86 66 76 10 0 11 0.17 0.0 0 M M M M M M M M
25 74 60 67 1 0 2 0.04 0.0 0 M M M M M M M M
26 73 50 62 -4 3 0 0.00 0.0 0 M M M M M M M M
27 82 59 71 5 0 6 0.01 0.0 0 M M M M M M M M
28 81 58 70 5 0 5 0.00 0.0 0 M M M M M M 8 M M
29 76 58 67 2 0 2 0.00 0.0 0 M M M M M M 8 M M
30 82 49 66 1 0 1 0.00 0.0 0 M M M M M M 18 M M
31 85 67 76 12 0 11 T 0.0 0 M M M M M M 8 M M
================================================================================
SM 2466 1813 16 149 1.40 0.0 M M M
================================================================================
AV 79.5 58.5 M FASTST M M M MAX(MPH)
MISC ----> M M M M
================================================================================
NOTES:
# LAST OF SEVERAL OCCURRENCES
COLUMN 17 PEAK WIND IN M.P.H.
PRELIMINARY LOCAL CLIMATOLOGICAL DATA (WS FORM: F-6) , PAGE 2
STATION: GRAND FORKS UNIV. (NWS) ND
MONTH: AUGUST
YEAR: 2023
LATITUDE: 47 55 N
LONGITUDE: 97 6 W
[TEMPERATURE DATA] [PRECIPITATION DATA] SYMBOLS USED IN COLUMN 16
AVERAGE MONTHLY: 69.0 TOTAL FOR MONTH: 1.40 1 = FOG OR MIST
DPTR FM NORMAL: 1.2 DPTR FM NORMAL: -1.63 2 = FOG REDUCING VISIBILITY
HIGHEST: 94 ON 1 GRTST 24HR 0.73 ON 6- 6 TO 1/4 MILE OR LESS
LOWEST: 49 ON 30 3 = THUNDER
SNOW, ICE PELLETS, HAIL 4 = ICE PELLETS
TOTAL MONTH: 0.0 INCH 5 = HAIL
GRTST 24HR 0.0 6 = FREEZING RAIN OR DRIZZLE
GRTST DEPTH: 0 7 = DUSTSTORM OR SANDSTORM:
VSBY 1/2 MILE OR LESS
8 = SMOKE OR HAZE
[NO. OF DAYS WITH] [WEATHER - DAYS WITH] 9 = BLOWING SNOW
X = TORNADO
MAX 32 OR BELOW: 0 0.01 INCH OR MORE: 14
MAX 90 OR ABOVE: 2 0.10 INCH OR MORE: 4
MIN 32 OR BELOW: 0 0.50 INCH OR MORE: 1
MIN 0 OR BELOW: 0 1.00 INCH OR MORE: 0
[HDD (BASE 65) ]
TOTAL THIS MO. 16 CLEAR (SCALE 0-3) 0
DPTR FM NORMAL -23 PTCLDY (SCALE 4-7) 0
TOTAL FM JUL 1 47 CLOUDY (SCALE 8-10) 31
DPTR FM NORMAL -17
[CDD (BASE 65) ]
TOTAL THIS MO. 149
DPTR FM NORMAL 22 [PRESSURE DATA]
TOTAL FM JAN 1 585 HIGHEST SLP M ON M
DPTR FM NORMAL 188 LOWEST SLP M ON M
[REMARKS]
#FINAL-08-23#