000
CXUS53 KFGF 010937
CLSFGF
CLIMATE REPORT
NATIONAL WEATHER SERVICE GRAND FORKS
430 AM CDT TUE SEP 01 2020
...................................
...THE GRAND FORKS UNIV. (NWS) ND CLIMATE SUMMARY FOR THE SEASON, FROM
6/1/2020 TO 8/31/2020...
CLIMATE NORMAL PERIOD 1981 TO 2010
CLIMATE RECORD PERIOD 1893 TO 2020
WEATHER OBSERVED NORMAL DEPART LAST YEAR`S
VALUE DATE(S) VALUE FROM VALUE DATE(S)
NORMAL
................................................................
TEMPERATURE (F)
RECORD
HIGH 109 07/12/1936
LOW 28 06/01/1917
06/03/1910
06/02/1910
HIGHEST 97 06/16 80 17 96 06/07
LOWEST 49 06/11 56 -7 41 06/02
06/12
08/29
06/01
AVG. MAXIMUM 82.0 79.4 2.6 79.3
AVG. MINIMUM 59.7 56.2 3.5 57.3
MEAN 70.8 67.8 3.0 68.3
DAYS MAX >= 90 12 7.6 4.4 5
DAYS MAX <= 32 0 0.0 0.0 0
DAYS MIN <= 32 0 0.0 0.0 0
DAYS MIN <= 0 0 0.0 0.0 0
PRECIPITATION (INCHES)
RECORD
MAXIMUM 20.68 2002
MINIMUM 3.41 1936
TOTALS 13.04 10.05 2.99 10.85
DAILY AVG. 0.14 0.11 0.03 0.12
DAYS >= .01 29 29.7 -0.7 32
DAYS >= .10 18 17.9 0.1 20
DAYS >= .50 12 6.4 5.6 7
DAYS >= 1.00 4 2.3 1.7 3
GREATEST
24 HR. TOTAL 2.53 06/30 TO 06/30 1.76 06/08 TO 06/08
STORM TOTAL 2.53 MM
(MM/DD(HH)) MM
SNOWFALL (INCHES)
RECORDS
TOTAL 0.5 1905
24 HR TOTAL 0.5 06/25/1905 TO 06/25/1905
SNOW DEPTH MM MM
TOTALS T 0.0 0.0 0.0
LIQUID EQUIV T 0.00 0.00 0.00
SINCE 7/1 T 0.0 0.0 MM
LIQUID 7/1 -0.10 0.00 -0.10 MM
SNOWDEPTH AVG. 0 0
DAYS >= TRACE 1 0.0 1.0 0
DAYS >= 1.0 0 0.0 0.0 0
GREATEST
SNOW DEPTH 0 0 MM
24 HR TOTAL 0.0 MM 0.0
STORM TOTAL 0.0 MM
(MM/DD(HH)) MM
DEGREE DAYS
HEATING TOTAL 41 147 -106 99
SINCE 7/1 12 67 -55 40
COOLING TOTAL 597 406 191 428
SINCE 1/1 607 432 175 440
FREEZE DATES
RECORD
EARLIEST MM
LATEST MM
EARLIEST MM
LATEST 05/15
................................................................
WIND (MPH)
AVERAGE WIND SPEED MM
RESULTANT WIND SPEED/DIRECTION MM
HIGHEST WIND SPEED/DIRECTION MM DATE MM
HIGHEST GUST SPEED/DIRECTION MM DATE MM
SKY COVER
POSSIBLE SUNSHINE (PERCENT) MM
AVERAGE SKY COVER MM
NUMBER OF DAYS FAIR 0
NUMBER OF DAYS PC 0
NUMBER OF DAYS CLOUDY 0
AVERAGE RH (PERCENT) MM
WEATHER CONDITIONS. NUMBER OF DAYS WITH
THUNDERSTORM 8 MIXED PRECIP 0
HEAVY RAIN 2 RAIN 4
LIGHT RAIN 17 FREEZING RAIN 0
LT FREEZING RAIN 0 HAIL 1
HEAVY SNOW 0 SNOW 0
LIGHT SNOW 0 SLEET 0
FOG 0 FOG W/VIS <= 1/4 MILE 0
HAZE 1
- INDICATES NEGATIVE NUMBERS.
R INDICATES RECORD WAS SET OR TIED.
MM INDICATES DATA IS MISSING.
T INDICATES TRACE AMOUNT.
$$