000
CXUS53 KMKX 010810
CF6FLD
PRELIMINARY LOCAL CLIMATOLOGICAL DATA (WS FORM: F-6)
STATION: FOND_DU_LAC WI
MONTH: OCTOBER
YEAR: 2021
LATITUDE: 43 46 N
LONGITUDE: 88 29 W
TEMPERATURE IN F: :PCPN: SNOW: WIND :SUNSHINE: SKY :PK WND
================================================================================
1 2 3 4 5 6A 6B 7 8 9 10 11 12 13 14 15 16 17 18
12Z AVG MX 2MIN
DY MAX MIN AVG DEP HDD CDD WTR SNW DPTH SPD SPD DIR MIN PSBL S-S WX SPD DR
================================================================================
1 88 53 71 15 0 6 0.00 M M 4.8 13 160 M M 1 18 160
2 83 67 75 19 0 10 0.05 M M 5.5 13 200 M M 4 19 170
3 72 66 69 14 0 4 0.48 M M 2.3 12 70 M M 8 138 16 70
4 70 66 68 13 0 3 0.03 M M 10.4 17 10 M M 10 8 23 30
5 72 62 67 13 0 2 0.00 M M 7.9 15 40 M M 9 20 40
6 77 58 68 14 0 3 0.00 M M 5.9 16 80 M M 3 8 22 70
7 68 63 66 13 0 1 0.23 M M 6.3 13 90 M M 10 8 17 80
8 78 60 69 16 0 4 0.45 M M 3.0 9 150 M M 7 128 11 140
9 76 60 68 16 0 3 T M M 5.5 13 130 M M 6 1238 22 120
10 78 65 72 20 0 7 0.02 M M 9.7 22 190 M M 1 37 190
11 72 65 69 17 0 4 0.26 M M 4.3 12 130 M M 8 17 120
12 68 64 66 15 0 1 0.03 M M 5.7 13 290 M M 10 8 18 280
13 71 63 67 16 0 2 0.01 M M 7.7 23 160 M M 8 32 160
14 71 49 60 10 5 0 T M M 8.0 17 240 M M 1 26 240
15 61 46 54 4 11 0 0.01 M M 5.4 12 290 M M 4 16 290
16 62 44 53 3 12 0 0.00 M M 11.2 26 290 M M 1 36 300
17 68 40 54 5 11 0 0.00 M M 8.9 21 310 M M 0 31 270
18 75 38 57 8 8 0 0.00 M M 3.5 9 240 M M 0 8 14 180
19 77 46 62 14 3 0 0.00 M M 6.4 16 200 M M 0 27 200
20 68 50 59 11 6 0 0.13 M M 6.1 14 80 M M 4 128 19 90
21 61 37 49 2 16 0 0.12 M M 8.1 18 10 M M 7 128 27 10
22 51 32 42 -5 23 0 0.00 M M 3.4 12 320 M M 5 16 330
23 56 34 45 -2 20 0 0.00 M M 4.4 10 320 M M 4 14 300
24 56 31 44 -2 21 0 0.00 M M 8.2 21 50 M M 4 32 60
25 54 43 49 3 16 0 T M M 17.1 28 10 M M 6 37 360
26 56 34 45 0 20 0 0.00 0.0 0 4.6 13 20 M M 0 18 30
27 60 32 46 1 19 0 0.00 M M 6.2 17 120 M M 3 24 110
28 57 49 53 9 12 0 0.09 M M 8.1 16 70 M M 9 8 25 60
29 57 52 55 11 10 0 0.12 M M 15.9 24 10 M M 9 39 20
30 59 41 50 6 15 0 0.00 M M 8.6 18 10 M M 7 29 360
31 54 38 46 3 19 0 0.00 M M 11.9 26 300 M M 4 36 290
================================================================================
SM 2076 1548 247 50 2.03 0.0 225.0 M 153
================================================================================
AV 67.0 49.9 7.3 FASTST M M 5 MAX(MPH)
MISC ----> 28 10 39 20
================================================================================
NOTES:
# LAST OF SEVERAL OCCURRENCES
COLUMN 17 PEAK WIND IN M.P.H.
PRELIMINARY LOCAL CLIMATOLOGICAL DATA (WS FORM: F-6) , PAGE 2
STATION: FOND_DU_LAC WI
MONTH: OCTOBER
YEAR: 2021
LATITUDE: 43 46 N
LONGITUDE: 88 29 W
[TEMPERATURE DATA] [PRECIPITATION DATA] SYMBOLS USED IN COLUMN 16
AVERAGE MONTHLY: 58.5 TOTAL FOR MONTH: 2.03 1 = FOG OR MIST
DPTR FM NORMAL: 9.0 DPTR FM NORMAL: -0.51 2 = FOG REDUCING VISIBILITY
HIGHEST: 88 ON 1 GRTST 24HR 0.48 ON 2- 3 TO 1/4 MILE OR LESS
LOWEST: 31 ON 24 3 = THUNDER
SNOW, ICE PELLETS, HAIL 4 = ICE PELLETS
TOTAL MONTH: 0.0 INCH 5 = HAIL
GRTST 24HR 0.0 6 = FREEZING RAIN OR DRIZZLE
GRTST DEPTH: 0 7 = DUSTSTORM OR SANDSTORM:
VSBY 1/2 MILE OR LESS
8 = SMOKE OR HAZE
[NO. OF DAYS WITH] [WEATHER - DAYS WITH] 9 = BLOWING SNOW
X = TORNADO
MAX 32 OR BELOW: 0 0.01 INCH OR MORE: 14
MAX 90 OR ABOVE: 0 0.10 INCH OR MORE: 7
MIN 32 OR BELOW: 3 0.50 INCH OR MORE: 0
MIN 0 OR BELOW: 0 1.00 INCH OR MORE: 0
[HDD (BASE 65) ]
TOTAL THIS MO. 247 CLEAR (SCALE 0-3) 8
DPTR FM NORMAL -238 PTCLDY (SCALE 4-7) 17
TOTAL FM JUL 1 270 CLOUDY (SCALE 8-10) 6
DPTR FM NORMAL -395
[CDD (BASE 65) ]
TOTAL THIS MO. 50
DPTR FM NORMAL 44 [PRESSURE DATA]
TOTAL FM JAN 1 1031 HIGHEST SLP M ON M
DPTR FM NORMAL 448 LOWEST SLP 29.59 ON 10
[REMARKS]
#FINAL-10-21#