000
CXUS53 KMKX 010810
CF6FLD
PRELIMINARY LOCAL CLIMATOLOGICAL DATA (WS FORM: F-6)
STATION: FOND_DU_LAC WI
MONTH: APRIL
YEAR: 2021
LATITUDE: 43 46 N
LONGITUDE: 88 29 W
TEMPERATURE IN F: :PCPN: SNOW: WIND :SUNSHINE: SKY :PK WND
================================================================================
1 2 3 4 5 6A 6B 7 8 9 10 11 12 13 14 15 16 17 18
12Z AVG MX 2MIN
DY MAX MIN AVG DEP HDD CDD WTR SNW DPTH SPD SPD DIR MIN PSBL S-S WX SPD DR
================================================================================
1 40 21 31 -10 34 0 0.00 M M 8.8 18 20 M M 0 25 20
2 51 24 38 -3 27 0 0.00 M M 11.4 24 170 M M 0 31 180
3 71 39 55 13 10 0 M M M 9.9 21 180 M M 0 30 190
4 76 34 55 13 10 0 0.00 M M 10.1 18 150 M M 0 36 180
5 78 50 64 21 1 0 0.00 M M 11.0 23 190 M M 0 32 190
6 82 60 71 28 0 6 T M M 10.9 20 200 M M 2 29 220
7 82 55 69 25 0 4 0.20 M M 9.6 20 170 M M 4 3 31 170
8 63 49 56 12 9 0 0.24 M M 10.4 16 190 M M 9 1 29 190
9 59 49 54 10 11 0 0.05 M M 9.8 14 140 M M 10 23 200
10 55 49 52 7 13 0 0.47 M M 11.2 23 10 M M 10 1 32 20
11 57 48 53 8 12 0 0.11 0.0 0 6.9 21 20 M M 9 1 31 10
12 60 40 50 4 15 0 0.12 0.0 0 8.4 20 270 M M 7 1 35 260
13 46 39 43 -3 22 0 0.00 M M 8.5 18 240 M M 9 31 250
14 43 35 39 -7 26 0 T M M 9.9 16 300 M M 9 22 300
15 50 38 44 -3 21 0 T M M 11.2 21 330 M M 9 30 320
16 57 35 46 -1 19 0 0.00 M M 7.4 14 30 M M 0 18 50
17 57 31 44 -4 21 0 0.00 M M 5.8 13 40 M M 0 20 50
18 63 39 51 3 14 0 0.00 M M 5.8 15 240 M M 6 21 240
19 52 35 44 -4 21 0 0.06 M M 13.9 25 290 M M 10 32 280
20 45 29 37 -12 28 0 0.00 M M 5.8 14 360 M M 5 19 360
21 43 28 36 -13 29 0 0.02 M M 5.7 18 300 M M 7 18 25 290
22 62 28 45 -4 20 0 0.00 M M 8.1 18 280 M M 0 25 280
23 61 42 52 2 13 0 0.00 M M 9.6 18 210 M M 2 31 190
24 63 39 51 1 14 0 0.11 M M 8.9 25 300 M M 10 33 330
25 49 30 40 -10 25 0 0.00 M M 10.4 18 120 M M 4 26 140
26 60 38 49 -2 16 0 0.01 M M 13.1 25 120 M M 7 35 130
27 65 46 56 5 9 0 0.00 M M 10.8 23 20 M M 3 30 30
28 59 43 51 0 14 0 0.09 M M 9.0 22 320 M M 8 13 27 330
29 70 43 57 5 8 0 0.01 M M 7.8 25 320 M M 6 3 35 320
30 60 39 50 -2 15 0 0.00 M M 9.5 24 340 M M 2 32 340
================================================================================
SM 1779 1175 477 10 1.49 0.0 279.6 M 148
================================================================================
AV 59.3 39.2 9.3 FASTST M M 5 MAX(MPH)
MISC ----> # 25 290 36 180
================================================================================
NOTES:
# LAST OF SEVERAL OCCURRENCES
COLUMN 17 PEAK WIND IN M.P.H.
PRELIMINARY LOCAL CLIMATOLOGICAL DATA (WS FORM: F-6) , PAGE 2
STATION: FOND_DU_LAC WI
MONTH: APRIL
YEAR: 2021
LATITUDE: 43 46 N
LONGITUDE: 88 29 W
[TEMPERATURE DATA] [PRECIPITATION DATA] SYMBOLS USED IN COLUMN 16
AVERAGE MONTHLY: 49.2 TOTAL FOR MONTH: 1.49 1 = FOG OR MIST
DPTR FM NORMAL: 2.4 DPTR FM NORMAL: -1.38 2 = FOG REDUCING VISIBILITY
HIGHEST: 82 ON 7, 6 GRTST 24HR 0.55 ON 10-11 TO 1/4 MILE OR LESS
LOWEST: 21 ON 1 3 = THUNDER
SNOW, ICE PELLETS, HAIL 4 = ICE PELLETS
TOTAL MONTH: 0.0 INCH 5 = HAIL
GRTST 24HR 0.0 6 = FREEZING RAIN OR DRIZZLE
GRTST DEPTH: 0 7 = DUSTSTORM OR SANDSTORM:
VSBY 1/2 MILE OR LESS
8 = SMOKE OR HAZE
[NO. OF DAYS WITH] [WEATHER - DAYS WITH] 9 = BLOWING SNOW
X = TORNADO
MAX 32 OR BELOW: 0 0.01 INCH OR MORE: 12
MAX 90 OR ABOVE: 0 0.10 INCH OR MORE: 6
MIN 32 OR BELOW: 7 0.50 INCH OR MORE: 0
MIN 0 OR BELOW: 0 1.00 INCH OR MORE: 0
[HDD (BASE 65) ]
TOTAL THIS MO. 477 CLEAR (SCALE 0-3) 12
DPTR FM NORMAL -71 PTCLDY (SCALE 4-7) 9
TOTAL FM JUL 1 6482 CLOUDY (SCALE 8-10) 9
DPTR FM NORMAL -441
[CDD (BASE 65) ]
TOTAL THIS MO. 10
DPTR FM NORMAL 8 [PRESSURE DATA]
TOTAL FM JAN 1 10 HIGHEST SLP M ON M
DPTR FM NORMAL 8 LOWEST SLP 29.33 ON 10
[REMARKS]
#FINAL-04-21#