000
CXUS52 KILM 011000
CF6FLO
PRELIMINARY LOCAL CLIMATOLOGICAL DATA (WS FORM: F-6)
STATION: FLORENCE SOUTH CAROLINA
MONTH: JUNE
YEAR: 2023
LATITUDE: 34 10 N
LONGITUDE: 79 43 W
TEMPERATURE IN F: :PCPN: SNOW: WIND :SUNSHINE: SKY :PK WND
================================================================================
1 2 3 4 5 6A 6B 7 8 9 10 11 12 13 14 15 16 17 18
12Z AVG MX 2MIN
DY MAX MIN AVG DEP HDD CDD WTR SNW DPTH SPD SPD DIR MIN PSBL S-S WX SPD DR
================================================================================
1 82 63 73 -3 0 8 T M M 7.6 17 10 M M 4 22 10
2 85 65 75 -1 0 10 0.00 M M 7.8 16 20 M M 4 21 30
3 90 62 76 0 0 11 0.00 M M 7.3 18 60 M M 0 24 40
4 72 61 67 -10 0 2 0.00 M M 9.9 21 50 M M 5 25 50
5 80 55 68 -9 0 3 0.00 M M 2.2 8 130 M M 3 11 120
6 87 60 74 -3 0 9 0.02 M M 6.7 24 260 M M 3 3 30 260
7 90 61 76 -1 0 11 0.09 M M 7.8 21 10 M M 2 1 26 10
8 82 63 73 -5 0 8 0.31 M M 3.7 22 220 M M 6 13 25 210
9 84 56 70 -8 0 5 0.00 M M 4.1 14 340 M M 2 17 330
10 87 54 71 -7 0 6 0.00 M M 3.7 13 200 M M 0 8 15 300
11 90 60 75 -3 0 10 0.84 M M 5.7 22 200 M M 4 138 28 200
12 88 67 78 -1 0 13 0.00 M M 8.8 24 260 M M 6 13 31 260
13 86 63 75 -4 0 10 0.00 M M 6.8 17 230 M M 1 22 240
14 85 65 75 -4 0 10 0.00 M M 10.2 26 240 M M 2 1 35 240
15 85 68 77 -2 0 12 0.00 M M 7.7 15 230 M M 3 20 240
16 89 67 78 -1 0 13 0.00 M M 7.1 15 230 M M 3 22 210
17 87 63 75 -5 0 10 0.00 M M 4.9 12 270 M M 1 16 270
18 90 63 77 -3 0 12 T M M 4.6 20 260 M M 2 138 25 250
19 88 69 79 -1 0 14 0.44 M M 6.7 31 240 M M 7 13 38 240
20 81 70 76 -4 0 11 1.04 M M 6.9 21 150 M M 9 13 27 160
21 80 69 75 -5 0 10 0.04 M M 8.7 15 40 M M 9 25 190
22 81 70 76 -4 0 11 0.32 M M 7.6 20 210 M M 10 13 24 220
23 84 69 77 -4 0 12 T M M 5.8 16 220 M M 7 21 220
24 88 67 78 -3 0 13 0.04 M M 5.5 20 330 M M M 26 330
25 91 68 80 -1 0 15 0.00 M M 4.1 10 220 M M 2 16 270
26 92 71 82 1 0 17 0.10 M M 9.2 20 220 M M 1 13 26 240
27 91 69 80 -1 0 15 0.02 M M 7.9 28 220 M M 1 3 32 230
28 91 69 80 -1 0 15 0.00 M M 4.9 15 50 M M 1 18 60
29 91 68 80 -1 0 15 0.00 M M 2.6 13 50 M M 1 8 15 50
30 89 70 80 -2 0 15 T M M 3.9 12 180 M M 3 138 16 170
================================================================================
SM 2586 1945 0 326 3.26 M 190.4 M 102
================================================================================
AV 86.2 64.8 6.3 FASTST M M 4 MAX(MPH)
MISC ----> 31 240 38 240
================================================================================
NOTES:
# LAST OF SEVERAL OCCURRENCES
COLUMN 17 PEAK WIND IN M.P.H.
PRELIMINARY LOCAL CLIMATOLOGICAL DATA (WS FORM: F-6) , PAGE 2
STATION: FLORENCE SOUTH CAROLINA
MONTH: JUNE
YEAR: 2023
LATITUDE: 34 10 N
LONGITUDE: 79 43 W
[TEMPERATURE DATA] [PRECIPITATION DATA] SYMBOLS USED IN COLUMN 16
AVERAGE MONTHLY: 75.5 TOTAL FOR MONTH: 3.26 1 = FOG OR MIST
DPTR FM NORMAL: -3.6 DPTR FM NORMAL: -1.35 2 = FOG REDUCING VISIBILITY
HIGHEST: 92 ON 26 GRTST 24HR 1.43 ON 19-20 TO 1/4 MILE OR LESS
LOWEST: 54 ON 10 3 = THUNDER
SNOW, ICE PELLETS, HAIL 4 = ICE PELLETS
TOTAL MONTH: M 5 = HAIL
GRTST 24HR M ON M 6 = FREEZING RAIN OR DRIZZLE
GRTST DEPTH: M ON M 7 = DUSTSTORM OR SANDSTORM:
VSBY 1/2 MILE OR LESS
8 = SMOKE OR HAZE
[NO. OF DAYS WITH] [WEATHER - DAYS WITH] 9 = BLOWING SNOW
X = TORNADO
MAX 32 OR BELOW: 0 0.01 INCH OR MORE: 11
MAX 90 OR ABOVE: 9 0.10 INCH OR MORE: 6
MIN 32 OR BELOW: 0 0.50 INCH OR MORE: 2
MIN 0 OR BELOW: 0 1.00 INCH OR MORE: 1
[HDD (BASE 65) ]
TOTAL THIS MO. 0 CLEAR (SCALE 0-3) 17
DPTR FM NORMAL -1 PTCLDY (SCALE 4-7) 9
TOTAL FM JUL 1 2015 CLOUDY (SCALE 8-10) 4
DPTR FM NORMAL -318
[CDD (BASE 65) ]
TOTAL THIS MO. 326
DPTR FM NORMAL -98 [PRESSURE DATA]
TOTAL FM JAN 1 641 HIGHEST SLP 30.08 ON 30
DPTR FM NORMAL -142 LOWEST SLP 29.63 ON 7
[REMARKS]
#FINAL-06-23#