018
CXUS52 KILM 011218
CF6FLO
PRELIMINARY LOCAL CLIMATOLOGICAL DATA (WS FORM: F-6)
STATION: FLORENCE SOUTH CAROLINA
MONTH: DECEMBER
YEAR: 2020
LATITUDE: 34 10 N
LONGITUDE: 79 43 W
TEMPERATURE IN F: :PCPN: SNOW: WIND :SUNSHINE: SKY :PK WND
================================================================================
1 2 3 4 5 6A 6B 7 8 9 10 11 12 13 14 15 16 17 18
12Z AVG MX 2MIN
DY MAX MIN AVG DEP HDD CDD WTR SNW DPTH SPD SPD DIR MIN PSBL S-S WX SPD DR
================================================================================
1 49 33 41 -10 24 0 0.00 M M 12.2 22 270 M M 2 28 240
2 55 28 42 -8 23 0 0.00 M M 5.2 13 340 M M 0 17 320
3 58 26 42 -8 23 0 0.00 M M 0.9 9 190 M M 0 12 230
4 70 37 54 4 11 0 0.15 M M 7.3 28 270 M M 7 1 40 220
5 60 36 48 -2 17 0 T M M 7.5 21 270 M M 1 1 28 270
6 58 31 45 -4 20 0 0.00 M M 2.5 12 210 M M 0 1 16 180
7 56 37 47 -2 18 0 0.20 M M 7.2 21 360 M M 8 1 27 360
8 49 29 39 -10 26 0 0.00 M M 5.1 17 330 M M 0 22 340
9 56 27 42 -6 23 0 0.00 M M 4.5 13 260 M M 0 16 240
10 65 33 49 1 16 0 0.00 M M 3.0 12 100 M M 0 15 70
11 66 39 53 5 12 0 0.00 M M 2.5 8 230 M M 0 1 12 240
12 69 42 56 8 9 0 0.00 M M 3.5 15 220 M M 2 12 18 210
13 73 57 65 17 0 0 0.03 M M 5.8 13 230 M M 7 12 17 220
14 69 42 56 9 9 0 0.12 M M 10.0 30 340 M M 4 1 43 340
15 48 37 43 -4 22 0 T M M 10.8 20 50 M M 6 24 50
16 43 40 42 -5 23 0 0.56 M M 7.2 16 40 M M 10 18 21 50
17 45 36 41 -6 24 0 0.00 M M 4.9 13 300 M M 9 12 16 300
18 50 31 41 -5 24 0 0.01 M M 6.3 15 10 M M 4 12 21 350
19 53 27 40 -6 25 0 0.00 M M 3.5 9 90 M M 1 1 12 140
20 48 42 45 -1 20 0 0.34 M M 5.1 14 20 M M 10 1 18 30
21 57 44 51 5 14 0 0.07 M M 7.3 17 250 M M 6 1 23 250
22 63 35 49 3 16 0 0.00 M M 5.6 13 340 M M 0 19 340
23 62 32 47 1 18 0 0.00 M M 5.8 13 90 M M 3 15 90
24 68 46 57 12 8 0 1.16 M M 10.0 32 280 M M 9 1 46 290
25 46 29 38 -7 27 0 T M M 15.5 28 270 M M 3 36 280
26 44 22 33 -12 32 0 0.00 M M 3.1 9 260 M M 0 13 270
27 54 23 39 -6 26 0 0.00 M M 1.7 9 170 M M 0 13 130
28 64 28 46 1 19 0 0.00 M M 4.8 16 230 M M 0 1 20 220
29 62 35 49 4 16 0 0.00 M M 6.6 14 30 M M 0 1 20 40
30 46 36 41 -4 24 0 T M M 5.4 10 60 M M 7 14 60
31 65 44 55 10 10 0 0.31 M M 2.6 14 320 M M 10 1 17 320
================================================================================
SM 1771 1084 579 0 2.95 M 183.4 M 109
================================================================================
AV 57.1 35.0 5.9 FASTST M M 4 MAX(MPH)
MISC ----> 32 280 46 290
================================================================================
NOTES:
# LAST OF SEVERAL OCCURRENCES
COLUMN 17 PEAK WIND IN M.P.H.
PRELIMINARY LOCAL CLIMATOLOGICAL DATA (WS FORM: F-6) , PAGE 2
STATION: FLORENCE SOUTH CAROLINA
MONTH: DECEMBER
YEAR: 2020
LATITUDE: 34 10 N
LONGITUDE: 79 43 W
[TEMPERATURE DATA] [PRECIPITATION DATA] SYMBOLS USED IN COLUMN 16
AVERAGE MONTHLY: 46.0 TOTAL FOR MONTH: 2.95 1 = FOG OR MIST
DPTR FM NORMAL: -1.1 DPTR FM NORMAL: -0.06 2 = FOG REDUCING VISIBILITY
HIGHEST: 73 ON 13 GRTST 24HR 1.16 ON 24-24 TO 1/4 MILE OR LESS
LOWEST: 22 ON 26 3 = THUNDER
SNOW, ICE PELLETS, HAIL 4 = ICE PELLETS
TOTAL MONTH: M 5 = HAIL
GRTST 24HR M ON M 6 = FREEZING RAIN OR DRIZZLE
GRTST DEPTH: M ON M 7 = DUSTSTORM OR SANDSTORM:
VSBY 1/2 MILE OR LESS
8 = SMOKE OR HAZE
[NO. OF DAYS WITH] [WEATHER - DAYS WITH] 9 = BLOWING SNOW
X = TORNADO
MAX 32 OR BELOW: 0 0.01 INCH OR MORE: 10
MAX 90 OR ABOVE: 0 0.10 INCH OR MORE: 7
MIN 32 OR BELOW: 12 0.50 INCH OR MORE: 2
MIN 0 OR BELOW: 0 1.00 INCH OR MORE: 1
[HDD (BASE 65) ]
TOTAL THIS MO. 579 CLEAR (SCALE 0-3) 18
DPTR FM NORMAL 22 PTCLDY (SCALE 4-7) 7
TOTAL FM JUL 1 828 CLOUDY (SCALE 8-10) 6
DPTR FM NORMAL -150
[CDD (BASE 65) ]
TOTAL THIS MO. 0
DPTR FM NORMAL -4 [PRESSURE DATA]
TOTAL FM JAN 1 2419 HIGHEST SLP 30.49 ON 30
DPTR FM NORMAL 356 LOWEST SLP 29.57 ON 24
[REMARKS]
#FINAL-12-20#