000
CXUS52 KILM 011904
CF6FLO
PRELIMINARY LOCAL CLIMATOLOGICAL DATA (WS FORM: F-6)
STATION: FLORENCE SOUTH CAROLINA
MONTH: JULY
YEAR: 2020
LATITUDE: 34 10 N
LONGITUDE: 79 43 W
TEMPERATURE IN F: :PCPN: SNOW: WIND :SUNSHINE: SKY :PK WND
================================================================================
1 2 3 4 5 6A 6B 7 8 9 10 11 12 13 14 15 16 17 18
12Z AVG MX 2MIN
DY MAX MIN AVG DEP HDD CDD WTR SNW DPTH SPD SPD DIR MIN PSBL S-S WX SPD DR
================================================================================
1 89 74 82 1 0 17 1.34 M M 2.9 26 60 M M 4 13 33 60
2 92 74 83 2 0 18 0.21 M M 4.6 17 20 M M 2 18 23 340
3 93 74 84 3 0 19 0.00 M M 3.8 10 20 M M 1 1 13 20
4 94 73 84 3 0 19 0.00 M M 3.7 17 30 M M 0 1 19 30
5 94 73 84 3 0 19 0.00 M M 5.4 15 140 M M 0 23 220
6 89 72 81 0 0 16 0.08 M M 4.8 24 160 M M 1 13 35 140
7 85 74 80 -1 0 15 1.31 M M 5.6 15 110 M M 7 1 19 110
8 88 75 82 1 0 17 0.04 M M 6.4 14 80 M M 9 13 17 70
9 91 75 83 2 0 18 0.28 M M 6.7 15 40 M M 8 13 22 340
10 93 74 84 3 0 19 0.20 M M 4.8 13 50 M M 2 13 15 50
11 93 74 84 3 0 19 0.56 M M 3.1 15 10 M M 3 13 17 30
12 95 75 85 4 0 20 0.00 M M 3.4 9 240 M M 1 13 250
13 95 73 84 3 0 19 0.02 M M 4.1 20 350 M M 2 38 25 340
14 96 70 83 2 0 18 0.00 M M 3.6 8 180 M M 2 12 70
15 96 79 88 7 0 23 T M M 5.3 28 50 M M 4 138 35 50
16 94 77 86 5 0 21 0.00 M M 4.8 16 180 M M 4 13 20 170
17 94 73 84 3 0 19 0.00 M M 3.1 8 200 M M 1 12 280
18 95 74 85 4 0 20 0.00 M M 4.6 10 220 M M 1 17 240
19 96 78 87 6 0 22 0.00 M M 7.2 14 220 M M 1 17 250
20 98 78 88 7 0 23 0.04 M M 6.8 20 230 M M 2 3 24 220
21 96 76 86 5 0 21 0.00 M M 6.2 16 170 M M 0 19 190
22 96 76 86 5 0 21 0.00 M M 6.4 13 260 M M 1 18 250
23 97 76 87 6 0 22 0.17 M M 6.9 18 340 M M 1 8 21 340
24 92 72 82 1 0 17 1.34 M M 6.3 32 360 M M 4 13 41 340
25 92 74 83 2 0 18 0.00 M M 3.5 17 310 M M 2 3 22 310
26 94 73 84 3 0 19 0.00 M M 3.9 14 180 M M 1 16 180
27 96 77 87 6 0 22 0.00 M M 6.6 13 190 M M 1 16 260
28 97 78 88 7 0 23 T M M 7.0 17 160 M M 1 20 160
29 94 75 85 4 0 20 0.10 M M 5.7 20 110 M M 3 13 22 110
30 89 76 83 2 0 18 1.32 M M 7.1 17 240 M M 7 138 22 310
31 94 78 86 5 0 21 M M M 11.2 20 230 M M 1 8 26 260
================================================================================
SM 2897 2320 0 603 7.01 M 165.5 M 77
================================================================================
AV 93.5 74.8 5.3 FASTST M M 2 MAX(MPH)
MISC ----> 32 360 41 340
================================================================================
NOTES:
# LAST OF SEVERAL OCCURRENCES
COLUMN 17 PEAK WIND IN M.P.H.
PRELIMINARY LOCAL CLIMATOLOGICAL DATA (WS FORM: F-6) , PAGE 2
STATION: FLORENCE SOUTH CAROLINA
MONTH: JULY
YEAR: 2020
LATITUDE: 34 10 N
LONGITUDE: 79 43 W
[TEMPERATURE DATA] [PRECIPITATION DATA] SYMBOLS USED IN COLUMN 16
AVERAGE MONTHLY: 84.1 TOTAL FOR MONTH: 7.01 1 = FOG OR MIST
DPTR FM NORMAL: 2.9 DPTR FM NORMAL: 1.75 2 = FOG REDUCING VISIBILITY
HIGHEST: 98 ON 20 GRTST 24HR 3.10 ON 30- 1 TO 1/4 MILE OR LESS
LOWEST: 70 ON 14 3 = THUNDER
SNOW, ICE PELLETS, HAIL 4 = ICE PELLETS
TOTAL MONTH: M 5 = HAIL
GRTST 24HR M ON M 6 = FREEZING RAIN OR DRIZZLE
GRTST DEPTH: M ON M 7 = DUSTSTORM OR SANDSTORM:
VSBY 1/2 MILE OR LESS
8 = SMOKE OR HAZE
[NO. OF DAYS WITH] [WEATHER - DAYS WITH] 9 = BLOWING SNOW
X = TORNADO
MAX 32 OR BELOW: 0 0.01 INCH OR MORE: 14
MAX 90 OR ABOVE: 26 0.10 INCH OR MORE: 10
MIN 32 OR BELOW: 0 0.50 INCH OR MORE: 5
MIN 0 OR BELOW: 0 1.00 INCH OR MORE: 4
[HDD (BASE 65) ]
TOTAL THIS MO. 0 CLEAR (SCALE 0-3) 23
DPTR FM NORMAL 0 PTCLDY (SCALE 4-7) 7
TOTAL FM JUL 1 0 CLOUDY (SCALE 8-10) 1
DPTR FM NORMAL 0
[CDD (BASE 65) ]
TOTAL THIS MO. 603
DPTR FM NORMAL 101 [PRESSURE DATA]
TOTAL FM JAN 1 1445 HIGHEST SLP 30.21 ON 17
DPTR FM NORMAL 239 LOWEST SLP 29.76 ON 12
[REMARKS]
#FINAL-07-20#
CORRECTED MISSING JULY 31 LOW TEMP.
CORRECTED JULY 30 PRECIP USING BACKUP STATION IN DARLINGTON.
SET JULY 31 PRECIP TO MISSING.