000
CXUS54 KLZK 011230
CF6FLP
PRELIMINARY LOCAL CLIMATOLOGICAL DATA (WS FORM: F-6)
STATION: FLIPPIN
MONTH: JANUARY
YEAR: 2022
LATITUDE: 36 17 N
LONGITUDE: 92 28 W
TEMPERATURE IN F: :PCPN: SNOW: WIND :SUNSHINE: SKY :PK WND
================================================================================
1 2 3 4 5 6A 6B 7 8 9 10 11 12 13 14 15 16 17 18
12Z AVG MX 2MIN
DY MAX MIN AVG DEP HDD CDD WTR SNW DPTH SPD SPD DIR MIN PSBL S-S WX SPD DR
================================================================================
1 58 25 42 M 23 0 1.35 M M 6.0 18 320 M M 10 1 25 330
2 26 19 23 M 42 0 T M M 9.7 15 300 M M 7 23 330
3 41 13 27 M 38 0 0.00 M M 2.2 7 330 M M 0 M M
4 48 20 34 M 31 0 0.00 M M 4.8 13 210 M M 0 21 160
5 47 31 39 M 26 0 0.00 M M 6.2 13 310 M M 0 M M
6 31 16 24 M 41 0 T M M 8.4 12 330 M M 8 1 18 330
7 35 13 24 M 41 0 0.00 M M 4.9 9 130 M M 0 M M
8 44 24 34 M 31 0 T M M 5.6 9 140 M M 10 M M
9 49 28 39 M 26 0 0.01 M M 8.7 15 20 M M 5 1 27 30
10 52 18 35 M 30 0 0.00 M M 3.1 13 300 M M 0 18 300
11 61 20 41 M 24 0 0.00 M M M M M M M M M M
12 65 27 46 M 19 0 0.00 M M 7.5 13 280 M M 0 18 280
13 65 37 51 M 14 0 0.00 M M 5.6 14 300 M M 0 22 300
14 53 31 42 M 23 0 T M M 2.9 8 110 M M 2 M M
15 44 32 38 M 27 0 1.08 M M 6.8 13 350 M M 10 1 18 360
16 35 25 30 M 35 0 0.14 M M 8.5 17 310 M M 7 1 31 300
17 44 26 35 M 30 0 0.28 M M 4.2 10 300 M M 1 1 M M
18 61 24 43 M 22 0 0.00 M M 2.9 12 220 M M 0 1 24 220
19 50 21 36 M 29 0 0.05 M M 7.5 17 360 M M 7 1 25 350
20 29 14 22 M 43 0 0.00 M M 9.5 15 20 M M 0 21 20
21 33 7 20 M 45 0 0.00 M M 2.4 8 30 M M 0 M M
22 45 9 27 M 38 0 0.00 M M 3.0 12 280 M M 0 M M
23 54 20 37 M 28 0 0.00 M M 4.9 14 310 M M 0 24 310
24 66 25 46 M 19 0 0.00 M M 5.7 15 360 M M 0 23 360
25 41 24 33 M 32 0 0.00 M M 8.1 13 350 M M 1 20 350
26 34 16 25 M 40 0 0.00 M M 4.1 10 30 M M 4 M M
27 43 27 35 M 30 0 T M M 3.3 10 290 M M 8 M M
28 40 18 29 M 36 0 0.00 M M 7.7 22 310 M M 3 33 330
29 55 13 34 M 31 0 0.00 M M 3.8 10 200 M M 0 20 190
30 57 26 42 M 23 0 0.00 M M 4.1 9 10 M M 0 M M
31 67 21 44 M 21 0 0.00 M M 2.8 8 170 M M 1 M M
================================================================================
SM 1473 670 938 0 2.91 M 164.8 M 84
================================================================================
AV 47.5 21.6 5.5 FASTST M M 3 MAX(MPH)
MISC ----> 22 310 33 330
================================================================================
NOTES:
# LAST OF SEVERAL OCCURRENCES
COLUMN 17 PEAK WIND IN M.P.H.
PRELIMINARY LOCAL CLIMATOLOGICAL DATA (WS FORM: F-6) , PAGE 2
STATION: FLIPPIN
MONTH: JANUARY
YEAR: 2022
LATITUDE: 36 17 N
LONGITUDE: 92 28 W
[TEMPERATURE DATA] [PRECIPITATION DATA] SYMBOLS USED IN COLUMN 16
AVERAGE MONTHLY: 34.6 TOTAL FOR MONTH: 2.91 1 = FOG OR MIST
DPTR FM NORMAL: 0.0 DPTR FM NORMAL: M 2 = FOG REDUCING VISIBILITY
HIGHEST: 67 ON 31 GRTST 24HR 2.33 ON 8- 9 TO 1/4 MILE OR LESS
LOWEST: 7 ON 21 3 = THUNDER
SNOW, ICE PELLETS, HAIL 4 = ICE PELLETS
TOTAL MONTH: M 5 = HAIL
GRTST 24HR M ON M 6 = FREEZING RAIN OR DRIZZLE
GRTST DEPTH: M ON M 7 = DUSTSTORM OR SANDSTORM:
VSBY 1/2 MILE OR LESS
8 = SMOKE OR HAZE
[NO. OF DAYS WITH] [WEATHER - DAYS WITH] 9 = BLOWING SNOW
X = TORNADO
MAX 32 OR BELOW: 3 0.01 INCH OR MORE: 6
MAX 90 OR ABOVE: 0 0.10 INCH OR MORE: 4
MIN 32 OR BELOW: 30 0.50 INCH OR MORE: 2
MIN 0 OR BELOW: 0 1.00 INCH OR MORE: 2
[HDD (BASE 65) ]
TOTAL THIS MO. 938 CLEAR (SCALE 0-3) 20
DPTR FM NORMAL M PTCLDY (SCALE 4-7) 7
TOTAL FM JUL 1 2005 CLOUDY (SCALE 8-10) 4
DPTR FM NORMAL M
[CDD (BASE 65) ]
TOTAL THIS MO. 0
DPTR FM NORMAL M [PRESSURE DATA]
TOTAL FM JAN 1 0 HIGHEST SLP 30.69 ON 10
DPTR FM NORMAL M LOWEST SLP 29.59 ON 1
[REMARKS]
#FINAL-01-22#