000
CXUS52 KTBW 021241
CF6FMY
PRELIMINARY LOCAL CLIMATOLOGICAL DATA (WS FORM: F-6)
STATION: FORT MYERS
MONTH: MARCH
YEAR: 2023
LATITUDE: 26 34 N
LONGITUDE: 81 52 W
TEMPERATURE IN F: :PCPN: SNOW: WIND :SUNSHINE: SKY :PK WND
================================================================================
1 2 3 4 5 6A 6B 7 8 9 10 11 12 13 14 15 16 17 18
12Z AVG MX 2MIN
DY MAX MIN AVG DEP HDD CDD WTR SNW DPTH SPD SPD DIR MIN PSBL S-S WX SPD DR
================================================================================
1 87 60 74 5 0 9 0.00 0.0 0 3.9 14 260 M M 0 1 20 270
2 87 63 75 6 0 10 0.00 0.0 0 6.2 15 210 M M 0 1 21 200
3 87 68 78 9 0 13 0.00 0.0 0 10.2 28 200 M M 0 46 210
4 87 71 79 10 0 14 0.00 0.0 0 6.6 20 210 M M 2 29 200
5 89 67 78 9 0 13 0.00 0.0 0 4.6 15 260 M M 1 1 24 260
6 92 71 82 13 0 17 0.00 0.0 0 7.3 16 300 M M 1 21 270
7 91 70 81 12 0 16 0.00 0.0 0 8.0 18 320 M M 2 24 290
8 90 69 80 10 0 15 T 0.0 0 8.3 17 70 M M 4 1 25 60
9 87 66 77 7 0 12 0.00 0.0 0 7.9 15 120 M M 3 21 120
10 83 62 73 3 0 8 T 0.0 0 5.8 17 260 M M 1 22 260
11 86 69 78 8 0 13 0.02 0.0 0 8.6 17 300 M M 2 1 23 290
12 85 62 74 4 0 9 0.00 0.0 0 5.4 17 250 M M 0 27 240
13 86 73 80 10 0 15 T 0.0 0 10.3 25 250 M M 5 13 32 260
14 84 63 74 4 0 9 0.00 0.0 0 9.5 16 20 M M 3 23 20
15 76 57 67 -3 0 2 T 0.0 0 11.1 18 40 M M 3 24 50
16 81 55 68 -2 0 3 0.00 0.0 0 10.8 20 90 M M 0 29 90
17 84 58 71 1 0 6 0.00 0.0 0 8.1 16 190 M M 1 24 170
18 87 67 77 7 0 12 0.00 0.0 0 8.3 17 240 M M 1 25 250
19 72 57 65 -6 0 0 0.08 0.0 0 10.8 18 20 M M 9 26 20
20 76 54 65 -6 0 0 T 0.0 0 9.7 18 360 M M 2 25 360
21 84 50 67 -4 0 2 0.00 0.0 0 8.3 16 310 M M 0 22 320
22 87 58 73 2 0 8 0.00 0.0 0 7.0 16 280 M M 3 22 280
23 90 63 77 6 0 12 0.00 0.0 0 6.3 15 80 M M 1 22 110
24 88 62 75 4 0 10 0.00 0.0 0 5.8 16 250 M M 1 23 220
25 89 69 79 8 0 14 0.00 0.0 0 8.3 21 210 M M 1 12 28 210
26 90 70 80 8 0 15 0.00 0.0 0 6.9 17 220 M M 2 1 26 220
27 90 68 79 7 0 14 0.00 0.0 0 7.0 15 190 M M 0 22 200
28 89 72 81 9 0 16 0.00 0.0 0 6.9 16 270 M M 3 1 25 250
29 91 71 81 9 0 16 0.00 0.0 0 6.5 18 280 M M 2 1 24 270
30 89 65 77 5 0 12 0.00 0.0 0 11.0 17 100 M M 2 25 80
31 90 67 79 7 0 14 0.00 0.0 0 10.0 20 110 M M 2 26 130
================================================================================
SM 2674 1997 0 329 0.10 0.0 245.4 M 57
================================================================================
AV 86.3 64.4 7.9 FASTST M M 2 MAX(MPH)
MISC ----> 28 200 46 210
================================================================================
NOTES:
# LAST OF SEVERAL OCCURRENCES
COLUMN 17 PEAK WIND IN M.P.H.
PRELIMINARY LOCAL CLIMATOLOGICAL DATA (WS FORM: F-6) , PAGE 2
STATION: FORT MYERS
MONTH: MARCH
YEAR: 2023
LATITUDE: 26 34 N
LONGITUDE: 81 52 W
[TEMPERATURE DATA] [PRECIPITATION DATA] SYMBOLS USED IN COLUMN 16
AVERAGE MONTHLY: 75.3 TOTAL FOR MONTH: 0.10 1 = FOG OR MIST
DPTR FM NORMAL: 5.0 DPTR FM NORMAL: -1.97 2 = FOG REDUCING VISIBILITY
HIGHEST: 92 ON 6 GRTST 24HR 0.08 ON 19-19 TO 1/4 MILE OR LESS
LOWEST: 50 ON 21 3 = THUNDER
SNOW, ICE PELLETS, HAIL 4 = ICE PELLETS
TOTAL MONTH: 0.0 INCH 5 = HAIL
GRTST 24HR 0.0 6 = FREEZING RAIN OR DRIZZLE
GRTST DEPTH: 0 7 = DUSTSTORM OR SANDSTORM:
VSBY 1/2 MILE OR LESS
8 = SMOKE OR HAZE
[NO. OF DAYS WITH] [WEATHER - DAYS WITH] 9 = BLOWING SNOW
X = TORNADO
MAX 32 OR BELOW: 0 0.01 INCH OR MORE: 2
MAX 90 OR ABOVE: 8 0.10 INCH OR MORE: 0
MIN 32 OR BELOW: 0 0.50 INCH OR MORE: 0
MIN 0 OR BELOW: 0 1.00 INCH OR MORE: 0
[HDD (BASE 65) ]
TOTAL THIS MO. 0 CLEAR (SCALE 0-3) 25
DPTR FM NORMAL -22 PTCLDY (SCALE 4-7) 5
TOTAL FM JUL 1 100 CLOUDY (SCALE 8-10) 1
DPTR FM NORMAL -149
[CDD (BASE 65) ]
TOTAL THIS MO. 329
DPTR FM NORMAL 142 [PRESSURE DATA]
TOTAL FM JAN 1 745 HIGHEST SLP 30.28 ON 22
DPTR FM NORMAL 355 LOWEST SLP 29.82 ON 3
[REMARKS]
#FINAL-03-23#