000
CXUS52 KTBW 011336
CF6FMY
PRELIMINARY LOCAL CLIMATOLOGICAL DATA (WS FORM: F-6)
STATION: FORT MYERS
MONTH: MAY
YEAR: 2022
LATITUDE: 26 34 N
LONGITUDE: 81 52 W
TEMPERATURE IN F: :PCPN: SNOW: WIND :SUNSHINE: SKY :PK WND
================================================================================
1 2 3 4 5 6A 6B 7 8 9 10 11 12 13 14 15 16 17 18
12Z AVG MX 2MIN
DY MAX MIN AVG DEP HDD CDD WTR SNW DPTH SPD SPD DIR MIN PSBL S-S WX SPD DR
================================================================================
1 88 66 77 0 0 12 0.62 0.0 0 5.1 28 80 M M 2 138 39 70
2 90 66 78 1 0 13 1.59 0.0 0 5.1 20 90 M M 3 123 26 100
3 89 70 80 2 0 15 0.05 0.0 0 5.8 25 120 M M 2 3 38 120
4 89 70 80 2 0 15 T 0.0 0 4.1 17 330 M M 2 13 23 340
5 90 71 81 3 0 16 0.00 0.0 0 5.3 16 270 M M 1 27 300
6 89 74 82 4 0 17 0.00 0.0 0 7.5 15 250 M M 1 22 260
7 88 69 79 1 0 14 0.90 0.0 0 10.7 24 250 M M 5 13 37 290
8 87 73 80 2 0 15 0.00 0.0 0 8.1 17 280 M M 2 22 260
9 90 69 80 2 0 15 0.00 0.0 0 9.4 17 70 M M 1 25 60
10 87 65 76 -2 0 11 0.00 0.0 0 9.9 18 70 M M 1 28 70
11 87 65 76 -3 0 11 0.00 0.0 0 9.7 17 30 M M 1 27 350
12 88 65 77 -2 0 12 0.09 0.0 0 7.4 18 310 M M 4 13 25 320
13 86 68 77 -2 0 12 0.03 0.0 0 4.8 26 150 M M 4 3 40 140
14 88 65 77 -2 0 12 0.00 0.0 0 4.5 14 270 M M 1 19 260
15 89 69 79 0 0 14 0.00 0.0 0 5.6 16 260 M M 0 21 260
16 87 71 79 0 0 14 0.00 0.0 0 6.1 16 280 M M 0 24 280
17 89 71 80 0 0 15 0.00 0.0 0 5.4 16 280 M M 1 22 260
18 91 73 82 2 0 17 T 0.0 0 5.0 15 250 M M 2 20 250
19 91 74 83 3 0 18 0.00 0.0 0 3.8 13 260 M M 1 18 270
20 89 73 81 1 0 16 0.61 0.0 0 7.4 23 170 M M 5 13 33 160
21 92 74 83 3 0 18 0.00 0.0 0 7.2 14 170 M M 4 3 22 150
22 95 78 87 7 0 22 0.00 0.0 0 10.5 20 110 M M 3 26 120
23 93 75 84 4 0 19 1.19 0.0 0 7.3 25 50 M M 3 13 32 40
24 91 74 83 3 0 18 0.16 0.0 0 6.6 17 120 M M 3 38 24 130
25 92 73 83 3 0 18 0.00 0.0 0 9.1 17 130 M M 0 26 140
26 90 75 83 2 0 18 0.00 0.0 0 7.3 17 120 M M 2 23 230
27 89 76 83 2 0 18 0.00 0.0 0 7.9 17 250 M M 1 26 240
28 89 76 83 2 0 18 0.62 0.0 0 6.8 16 260 M M 2 3 21 260
29 91 71 81 0 0 16 1.23 0.0 0 6.0 25 120 M M 2 13 35 110
30 91 70 81 0 0 16 1.28 0.0 0 5.6 28 150 M M 3 13 40 140
31 91 72 82 1 0 17 0.30 0.0 0 6.3 30 50 M M 3 13 44 50
================================================================================
SM 2776 2201 0 482 8.67 0.0 211.3 M 65
================================================================================
AV 89.5 71.0 6.8 FASTST M M 2 MAX(MPH)
MISC ----> 30 50 44 50
================================================================================
NOTES:
# LAST OF SEVERAL OCCURRENCES
COLUMN 17 PEAK WIND IN M.P.H.
PRELIMINARY LOCAL CLIMATOLOGICAL DATA (WS FORM: F-6) , PAGE 2
STATION: FORT MYERS
MONTH: MAY
YEAR: 2022
LATITUDE: 26 34 N
LONGITUDE: 81 52 W
[TEMPERATURE DATA] [PRECIPITATION DATA] SYMBOLS USED IN COLUMN 16
AVERAGE MONTHLY: 80.3 TOTAL FOR MONTH: 8.67 1 = FOG OR MIST
DPTR FM NORMAL: 1.0 DPTR FM NORMAL: 5.21 2 = FOG REDUCING VISIBILITY
HIGHEST: 95 ON 22 GRTST 24HR 2.50 ON 29-30 TO 1/4 MILE OR LESS
LOWEST: 65 ON 14,12 3 = THUNDER
SNOW, ICE PELLETS, HAIL 4 = ICE PELLETS
TOTAL MONTH: 0.0 INCH 5 = HAIL
GRTST 24HR 0.0 6 = FREEZING RAIN OR DRIZZLE
GRTST DEPTH: 0 7 = DUSTSTORM OR SANDSTORM:
VSBY 1/2 MILE OR LESS
8 = SMOKE OR HAZE
[NO. OF DAYS WITH] [WEATHER - DAYS WITH] 9 = BLOWING SNOW
X = TORNADO
MAX 32 OR BELOW: 0 0.01 INCH OR MORE: 13
MAX 90 OR ABOVE: 14 0.10 INCH OR MORE: 10
MIN 32 OR BELOW: 0 0.50 INCH OR MORE: 8
MIN 0 OR BELOW: 0 1.00 INCH OR MORE: 4
[HDD (BASE 65) ]
TOTAL THIS MO. 0 CLEAR (SCALE 0-3) 24
DPTR FM NORMAL 0 PTCLDY (SCALE 4-7) 7
TOTAL FM JUL 1 105 CLOUDY (SCALE 8-10) 0
DPTR FM NORMAL -148
[CDD (BASE 65) ]
TOTAL THIS MO. 482
DPTR FM NORMAL 39 [PRESSURE DATA]
TOTAL FM JAN 1 1517 HIGHEST SLP 30.19 ON 22
DPTR FM NORMAL 388 LOWEST SLP 29.81 ON 8
[REMARKS]
#FINAL-05-22#