823
CXUS52 KTBW 040335
CF6FMY
PRELIMINARY LOCAL CLIMATOLOGICAL DATA (WS FORM: F-6)
STATION: Fort Myers
MONTH: APRIL
YEAR: 2020
LATITUDE: 26 34 N
LONGITUDE: 81 52 W
TEMPERATURE IN F: :PCPN: SNOW: WIND :SUNSHINE: SKY :PK WND
================================================================================
1 2 3 4 5 6A 6B 7 8 9 10 11 12 13 14 15 16 17 18
12Z AVG MX 2MIN
DY MAX MIN AVG DEP HDD CDD WTR SNW DPTH SPD SPD DIR MIN PSBL S-S WX SPD DR
================================================================================
1 82 64 73 1 0 8 0.11 0.0 0 11.7 25 270 M M 3 8 33 260
2 85 58 72 0 0 7 0.00 0.0 0 8.6 15 320 M M 0 22 70
3 89 59 74 2 0 9 0.00 0.0 0 6.0 17 250 M M 0 24 230
4 87 66 77 5 0 12 0.00 0.0 0 4.7 17 270 M M 1 31 230
5 84 67 76 4 0 11 0.04 0.0 0 5.6 18 40 M M 7 1 21 50
6 88 67 78 6 0 13 0.00 0.0 0 8.4 18 60 M M 6 22 60
7 93 67 80 7 0 15 0.00 0.0 0 6.3 16 260 M M 1 31 230
8 89 71 80 7 0 15 0.00 0.0 0 6.9 15 280 M M 2 31 320
9 90 75 83 10 0 18 0.00 0.0 0 10.3 18 270 M M 3 29 240
10 91 75 83 10 0 18 0.00 0.0 0 10.9 20 280 M M 3 28 230
11 90 68 79 6 0 14 0.00 0.0 0 8.4 15 130 M M 4 23 290
12 95 74 85 12 0 20 0.00 0.0 0 10.5 17 160 M M 2 23 150
13 90 77 84 11 0 19 0.00 0.0 0 9.2 21 190 M M 2 31 220
14 94 76 85 11 0 20 0.00 0.0 0 7.7 17 220 M M 1 18 22 230
15 92 75 84 10 0 19 0.00 0.0 0 9.2 23 260 M M 2 29 220
16 88 68 78 4 0 13 0.52 0.0 0 9.1 21 30 M M 6 1 25 60
17 91 68 80 6 0 15 0.00 0.0 0 7.5 16 260 M M 6 24 330
18 90 72 81 7 0 16 0.00 0.0 0 5.7 18 330 M M 1 30 300
19 92 71 82 8 0 17 0.00 0.0 0 6.8 17 220 M M 1 24 230
20 89 78 84 10 0 19 0.14 0.0 0 13.2 28 250 M M 6 1 40 240
21 91 71 81 6 0 16 0.02 0.0 0 7.4 17 320 M M 3 21 290
22 94 65 80 5 0 15 0.00 0.0 0 8.1 16 30 M M 0 20 20
23 94 69 82 7 0 17 0.00 0.0 0 10.4 21 170 M M 0 30 190
24 90 71 81 6 0 16 0.24 0.0 0 9.1 25 10 M M 7 13 34 10
25 90 70 80 5 0 15 0.01 0.0 0 7.3 16 250 M M 4 3 23 230
26 82 71 77 2 0 12 0.15 0.0 0 5.1 15 340 M M 4 13 21 230
27 87 65 76 0 0 11 0.00 0.0 0 8.6 16 20 M M 0 20 40
28 89 60 75 -1 0 10 0.00 0.0 0 8.9 16 80 M M 0 22 60
29 90 65 78 2 0 13 0.00 0.0 0 7.9 18 240 M M 2 25 230
30 82 68 75 -1 0 10 0.48 0.0 0 8.7 20 250 M M 5 13 31 220
================================================================================
SM 2678 2071 0 433 1.71 0.0 248.2 M 82
================================================================================
AV 89.3 69.0 8.3 FASTST M M 3 MAX(MPH)
MISC ----> # 28 250 # 40 240
================================================================================
NOTES:
# LAST OF SEVERAL OCCURRENCES
COLUMN 17 PEAK WIND IN M.P.H.
PRELIMINARY LOCAL CLIMATOLOGICAL DATA (WS FORM: F-6) , PAGE 2
STATION: Fort Myers
MONTH: APRIL
YEAR: 2020
LATITUDE: 26 34 N
LONGITUDE: 81 52 W
[TEMPERATURE DATA] [PRECIPITATION DATA] SYMBOLS USED IN COLUMN 16
AVERAGE MONTHLY: 79.2 TOTAL FOR MONTH: 1.71 1 = FOG OR MIST
DPTR FM NORMAL: 5.3 DPTR FM NORMAL: -0.47 2 = FOG REDUCING VISIBILITY
HIGHEST: 95 ON 12 GRTST 24HR 0.52 ON 16-16 TO 1/4 MILE OR LESS
LOWEST: 58 ON 2 3 = THUNDER
SNOW, ICE PELLETS, HAIL 4 = ICE PELLETS
TOTAL MONTH: 0.0 INCH 5 = HAIL
GRTST 24HR 0.0 6 = FREEZING RAIN OR DRIZZLE
GRTST DEPTH: 0 7 = DUSTSTORM OR SANDSTORM:
VSBY 1/2 MILE OR LESS
8 = SMOKE OR HAZE
[NO. OF DAYS WITH] [WEATHER - DAYS WITH] 9 = BLOWING SNOW
X = TORNADO
MAX 32 OR BELOW: 0 0.01 INCH OR MORE: 9
MAX 90 OR ABOVE: 17 0.10 INCH OR MORE: 6
MIN 32 OR BELOW: 0 0.50 INCH OR MORE: 1
MIN 0 OR BELOW: 0 1.00 INCH OR MORE: 0
[HDD (BASE 65) ]
TOTAL THIS MO. 0 CLEAR (SCALE 0-3) 19
DPTR FM NORMAL -3 PTCLDY (SCALE 4-7) 11
TOTAL FM JUL 1 107 CLOUDY (SCALE 8-10) 0
DPTR FM NORMAL -180
[CDD (BASE 65) ]
TOTAL THIS MO. 433
DPTR FM NORMAL 164 [PRESSURE DATA]
TOTAL FM JAN 1 1103 HIGHEST SLP 30.17 ON 28
DPTR FM NORMAL 473 LOWEST SLP 29.72 ON 1
[REMARKS]
#FINAL-04-20#