000
CXUS52 KTBW 012130
CLMFMY
CLIMATE REPORT
NATIONAL WEATHER SERVICE TAMPA BAY FL
430 PM EST FRI DEC 01 2023
...................................
...THE FORT MYERS CLIMATE SUMMARY FOR THE MONTH OF NOVEMBER 2023...
CLIMATE NORMAL PERIOD: 1991 TO 2020
CLIMATE RECORD PERIOD: 1902 TO 2023
WEATHER OBSERVED NORMAL DEPART LAST YEAR`S
VALUE DATE(S) VALUE FROM VALUE DATE(S)
NORMAL
................................................................
TEMPERATURE (F)
ALL-TIME NOVEMBER RECORD
HIGH 92 11/02/2022
11/01/2022
11/04/2015
11/06/1996
LOW 34 11/25/1970
11/30/1959
11/26/1950
11/17/1940
11/16/1940
NOVEMBER 2023
HIGHEST 91 11/11 MM MM 92 11/02
11/01
LOWEST 51 11/29 MM MM 57 11/18
AVG. MAXIMUM 81.9 81.3 0.6 84.5
AVG. MINIMUM 64.1 61.8 2.3 68.7
MEAN 73.0 71.5 1.5 76.6
DAYS MAX >= 90 1 0.4 0.6 4
DAYS MAX <= 32 0 0.0 0.0 0
DAYS MIN <= 32 0 0.0 0.0 0
DAYS MIN <= 0 0 0.0 0.0 0
PRECIPITATION (INCHES)
ALL-TIME NOVEMBER RECORD
MAXIMUM 8.06 1987
MINIMUM T 2016
2000
1944
NOVEMBER 2023
TOTALS 2.97 1.78 1.19 1.98
DAILY AVG. 0.10 0.06 0.04 0.07
DAYS >= .01 6 4.3 1.7 6
DAYS >= .10 2 2.5 -0.5 3
DAYS >= .50 2 1.0 1.0 1
DAYS >= 1.00 2 0.4 1.6 1
GREATEST
24 HR. TOTAL 1.73 11/14 TO 11/15
DEGREE DAYS
HEATING TOTAL 7 16 -9 1
SINCE 7/1 7 14 -7 MM
COOLING TOTAL 257 212 45 355
SINCE 1/1 4813 3911 902 MM
................................................................
WIND (MPH)
AVERAGE WIND SPEED 8.4
HIGHEST WIND SPEED/DIRECTION 33/090 DATE 11/15
HIGHEST GUST SPEED/DIRECTION 51/090 DATE 11/15
SKY COVER (DOES NOT INCLUDE ANY CLOUDS ABOVE 12000 FEET)
POSSIBLE SUNSHINE (PERCENT) MM
AVERAGE SKY COVER 0.34
NUMBER OF DAYS FAIR 17
NUMBER OF DAYS PC 11
NUMBER OF DAYS CLOUDY 2
AVERAGE RH (PERCENT) 75
WEATHER CONDITIONS. NUMBER OF DAYS WITH
THUNDERSTORM 0 MIXED PRECIP 0
HEAVY RAIN 2 RAIN 3
LIGHT RAIN 12 FREEZING RAIN 0
LT FREEZING RAIN 0 HAIL 0
HEAVY SNOW 0 SNOW 0
LIGHT SNOW 0 SLEET 0
FOG 9 FOG W/VIS <= 1/4 MILE 2
HAZE 0
- INDICATES NEGATIVE NUMBERS.
R INDICATES RECORD WAS SET OR TIED.
MM INDICATES DATA IS MISSING.
T INDICATES TRACE AMOUNT.
$$