000
CXUS53 KOAX 280930
CF6FNB
PRELIMINARY LOCAL CLIMATOLOGICAL DATA (WS FORM: F-6)
STATION: FALLS CITY NE
MONTH: MARCH
YEAR: 2024
LATITUDE: 40 4 N
LONGITUDE: 95 35 W
TEMPERATURE IN F: :PCPN: SNOW: WIND :SUNSHINE: SKY :PK WND
================================================================================
1 2 3 4 5 6A 6B 7 8 9 10 11 12 13 14 15 16 17 18
12Z AVG MX 2MIN
DY MAX MIN AVG DEP HDD CDD WTR SNW DPTH SPD SPD DIR MIN PSBL S-S WX SPD DR
================================================================================
1 56 36 46 10 19 0 T M M 12.6 26 200 M M 4 36 220
2 72 31 52 15 13 0 0.00 M M 11.8 30 160 M M 0 1 40 170
3 77 45 61 24 4 0 0.00 M M 16.9 31 220 M M 0 44 230
4 60 38 49 11 16 0 0.00 M M 11.5 23 30 M M 7 31 360
5 60 29 45 7 20 0 0.00 M M 7.6 16 320 M M 0 22 350
6 63 23 43 4 22 0 0.00 M M 6.8 20 100 M M 1 26 100
7 51 39 45 6 20 0 0.11 M M 7.4 13 90 M M 7 18 19 30
8 48 33 41 1 24 0 0.04 M M 13.8 24 350 M M 8 1 35 350
9 52 24 38 -2 27 0 0.00 M M 7.1 17 320 M M 0 24 300
10 67 23 45 5 20 0 0.00 M M 7.1 20 200 M M 0 29 190
11 76 42 59 18 6 0 0.00 M M 13.3 26 220 M M 0 40 200
12 70 47 59 18 6 0 0.00 M M 7.6 17 210 M M 0 23 150
13 75 34 55 13 10 0 0.28 M M 7.1 28 30 M M 2 13 41 20
14 57 47 52 10 13 0 0.21 M M 10.9 38 230 M M 8 13 56 240
15 60 39 50 8 15 0 T M M 8.5 15 340 M M 3 22 330
16 62 35 49 6 16 0 0.00 M M 11.9 24 300 M M 0 33 310
17 43 25 34 -9 31 0 0.00 M M 12.3 26 320 M M 1 40 320
18 42 17 30 -14 35 0 0.00 M M 8.3 20 320 M M 2 25 330
19 69 32 51 7 14 0 0.00 M M 8.8 20 220 M M 0 28 220
20 52 32 42 -2 23 0 0.00 M M 9.2 20 30 M M 0 27 50
21 58 34 46 1 19 0 0.00 M M 11.2 21 110 M M 2 8 28 100
22 46 32 39 -6 26 0 T M M 12.6 25 360 M M 8 35 340
23 42 26 34 -12 31 0 T M M 9.7 18 110 M M 5 25 90
24 54 33 44 -2 21 0 0.57 M M 15.7 30 170 M M 6 13 42 170
25 67 36 52 6 13 0 0.06 M M 15.7 29 200 M M 7 13 40 210
26 37 24 31 -16 34 0 0.01 M M 16.0 29 310 M M 8 16 39 310
27 48 19 34 -13 31 0 0.00 M M 7.1 15 200 M M 2 19 210
================================================================================
SM 1564 875 529 0 1.28 M 288.5 M 81
================================================================================
AV 57.9 32.4 10.7 FASTST M M 3 MAX(MPH)
MISC ----> 38 230 56 240
================================================================================
NOTES:
# LAST OF SEVERAL OCCURRENCES
COLUMN 17 PEAK WIND IN M.P.H.
PRELIMINARY LOCAL CLIMATOLOGICAL DATA (WS FORM: F-6) , PAGE 2
STATION: FALLS CITY NE
MONTH: MARCH
YEAR: 2024
LATITUDE: 40 4 N
LONGITUDE: 95 35 W
[TEMPERATURE DATA] [PRECIPITATION DATA] SYMBOLS USED IN COLUMN 16
AVERAGE MONTHLY: 45.2 TOTAL FOR MONTH: 1.28 1 = FOG OR MIST
DPTR FM NORMAL: 3.2 DPTR FM NORMAL: -0.48 2 = FOG REDUCING VISIBILITY
HIGHEST: 77 ON 3 GRTST 24HR 0.59 ON 24-25 TO 1/4 MILE OR LESS
LOWEST: 17 ON 18 3 = THUNDER
SNOW, ICE PELLETS, HAIL 4 = ICE PELLETS
TOTAL MONTH: M 5 = HAIL
GRTST 24HR M ON M 6 = FREEZING RAIN OR DRIZZLE
GRTST DEPTH: M ON M 7 = DUSTSTORM OR SANDSTORM:
VSBY 1/2 MILE OR LESS
8 = SMOKE OR HAZE
[NO. OF DAYS WITH] [WEATHER - DAYS WITH] 9 = BLOWING SNOW
X = TORNADO
MAX 32 OR BELOW: 0 0.01 INCH OR MORE: 7
MAX 90 OR ABOVE: 0 0.10 INCH OR MORE: 4
MIN 32 OR BELOW: 13 0.50 INCH OR MORE: 1
MIN 0 OR BELOW: 0 1.00 INCH OR MORE: 0
[HDD (BASE 65) ]
TOTAL THIS MO. 529 CLEAR (SCALE 0-3) 17
DPTR FM NORMAL -96 PTCLDY (SCALE 4-7) 9
TOTAL FM JUL 1 4206 CLOUDY (SCALE 8-10) 1
DPTR FM NORMAL -764
[CDD (BASE 65) ]
TOTAL THIS MO. 0
DPTR FM NORMAL 0 [PRESSURE DATA]
TOTAL FM JAN 1 0 HIGHEST SLP M ON M
DPTR FM NORMAL 0 LOWEST SLP 29.29 ON 25
[REMARKS]