000
CXUS55 KBOU 010813
CF6FNL
PRELIMINARY LOCAL CLIMATOLOGICAL DATA (WS FORM: F-6)
STATION: FT COLLINS/LOVELAND CO
MONTH: APRIL
YEAR: 2020
LATITUDE: 40 27 N
LONGITUDE: 105 1 W
TEMPERATURE IN F: :PCPN: SNOW: WIND :SUNSHINE: SKY :PK WND
================================================================================
1 2 3 4 5 6A 6B 7 8 9 10 11 12 13 14 15 16 17 18
12Z AVG MX 2MIN
DY MAX MIN AVG DEP HDD CDD WTR SNW DPTH SPD SPD DIR MIN PSBL S-S WX SPD DR
================================================================================
1 72 32 52 M 13 0 M M M 8.1 17 60 M M 3 32 60
2 36 14 25 M 40 0 M M M 9.3 14 60 M M 10 12 M M
3 43 16 30 M 35 0 M M M 6.8 13 150 M M 9 M M
4 61 21 41 M 24 0 M M M 7.5 14 190 M M 1 M M
5 72 28 50 M 15 0 M M M 6.2 14 130 M M 0 22 210
6 74 33 54 M 11 0 M M M 10.2 24 230 M M 0 33 260
7 74 38 56 M 9 0 M M M 9.5 21 250 M M 0 31 270
8 72 36 54 M 11 0 M M M 5.9 14 60 M M 1 17 190
9 60 32 46 M 19 0 M M M 7.0 13 130 M M 1 16 70
10 75 34 55 M 10 0 M M M 5.5 17 310 M M 0 22 310
11 69 27 48 M 17 0 M M M 8.6 24 20 M M 1 1 41 30
12 31 20 26 M 39 0 M M M 12.2 28 30 M M 10 1 33 30
13 32 13 23 M 42 0 M M M 6.6 12 80 M M 10 1 M M
14 47 13 30 M 35 0 M M M 5.0 8 80 M M 2 M M
15 51 28 40 M 25 0 M M M 7.4 22 10 M M 7 1 27 20
16 32 14 23 M 42 0 M M M 10.5 17 70 M M 9 12 M M
17 44 9 27 M 38 0 M M M 2.8 6 50 M M 3 12 M M
18 47 26 37 M 28 0 M M M 4.2 9 290 M M 2 1 M M
19 56 34 45 M 20 0 M M M 6.9 15 340 M M 2 36 350
20 67 34 51 M 14 0 M M M 3.9 10 120 M M 2 M M
21 71 36 54 M 11 0 M M M 6.0 12 160 M M 0 M M
22 69 41 55 M 10 0 M M M 8.5 23 350 M M 3 35 40
23 70 39 55 M 10 0 M M M 8.5 24 320 M M 4 29 320
24 59 40 50 M 15 0 M M M 14.0 27 10 M M 6 36 10
25 66 39 53 M 12 0 M M M 3.7 10 260 M M 4 M M
26 74 37 56 M 9 0 M M M 7.0 24 270 M M 2 43 270
27 80 39 60 M 5 0 M M M 7.1 17 310 M M 1 35 300
28 74 43 59 M 6 0 M M M 14.4 24 330 M M 3 38 340
29 72 38 55 M 10 0 M M M 6.0 15 190 M M 0 M M
30 80 42 61 M 4 0 0.00 0.0 0 6.2 16 360 M M 0 25 360
================================================================================
SM 1830 896 579 0 0.00 0.0 225.5 M 96
================================================================================
AV 61.0 29.9 7.5 FASTST M M 3 MAX(MPH)
MISC ----> # 28 30 # 43 270
================================================================================
NOTES:
# LAST OF SEVERAL OCCURRENCES
COLUMN 17 PEAK WIND IN M.P.H.
PRELIMINARY LOCAL CLIMATOLOGICAL DATA (WS FORM: F-6) , PAGE 2
STATION: FT COLLINS/LOVELAND CO
MONTH: APRIL
YEAR: 2020
LATITUDE: 40 27 N
LONGITUDE: 105 1 W
[TEMPERATURE DATA] [PRECIPITATION DATA] SYMBOLS USED IN COLUMN 16
AVERAGE MONTHLY: 45.4 TOTAL FOR MONTH: 0.00 1 = FOG OR MIST
DPTR FM NORMAL: M DPTR FM NORMAL: M 2 = FOG REDUCING VISIBILITY
HIGHEST: 80 ON 30,27 GRTST 24HR 0.00 ON 30-30 TO 1/4 MILE OR LESS
LOWEST: 9 ON 17 3 = THUNDER
SNOW, ICE PELLETS, HAIL 4 = ICE PELLETS
TOTAL MONTH: 0.0 INCH 5 = HAIL
GRTST 24HR 0.0 6 = FREEZING RAIN OR DRIZZLE
GRTST DEPTH: 0 7 = DUSTSTORM OR SANDSTORM:
VSBY 1/2 MILE OR LESS
8 = SMOKE OR HAZE
[NO. OF DAYS WITH] [WEATHER - DAYS WITH] 9 = BLOWING SNOW
X = TORNADO
MAX 32 OR BELOW: 3 0.01 INCH OR MORE: 0
MAX 90 OR ABOVE: 0 0.10 INCH OR MORE: 0
MIN 32 OR BELOW: 14 0.50 INCH OR MORE: 0
MIN 0 OR BELOW: 0 1.00 INCH OR MORE: 0
[HDD (BASE 65) ]
TOTAL THIS MO. 579 CLEAR (SCALE 0-3) 21
DPTR FM NORMAL M PTCLDY (SCALE 4-7) 4
TOTAL FM JUL 1 5886 CLOUDY (SCALE 8-10) 5
DPTR FM NORMAL M
[CDD (BASE 65) ]
TOTAL THIS MO. 0
DPTR FM NORMAL M [PRESSURE DATA]
TOTAL FM JAN 1 0 HIGHEST SLP 30.34 ON 16
DPTR FM NORMAL M LOWEST SLP 29.41 ON 11
[REMARKS]
#FINAL-04-20#