000
CXUS54 KFWD 010730
CF6FTW
PRELIMINARY LOCAL CLIMATOLOGICAL DATA (WS FORM: F-6)
STATION: FORT WORTH MEACHAM
MONTH: MAY
YEAR: 2021
LATITUDE: 32 49 N
LONGITUDE: 97 21 W
TEMPERATURE IN F: :PCPN: SNOW: WIND :SUNSHINE: SKY :PK WND
================================================================================
1 2 3 4 5 6A 6B 7 8 9 10 11 12 13 14 15 16 17 18
12Z AVG MX 2MIN
DY MAX MIN AVG DEP HDD CDD WTR SNW DPTH SPD SPD DIR MIN PSBL S-S WX SPD DR
================================================================================
1 70 62 66 -2 0 1 0.19 M M 6.2 14 120 M M 10 12 17 120
2 80 61 71 2 0 6 0.07 M M 7.5 17 140 M M 5 1 24 140
3 87 66 77 8 0 12 0.13 M M 11.7 21 140 M M 3 13 30 180
4 73 56 65 -4 0 0 0.00 M M 11.6 22 320 M M 3 8 32 320
5 75 48 62 -8 3 0 0.00 M M 4.3 13 40 M M 0 18 100
6 80 51 66 -4 0 1 0.00 M M 5.3 10 10 M M 0 17 10
7 83 59 71 1 0 6 0.00 M M 10.2 24 170 M M 0 33 170
8 86 61 74 3 0 9 0.00 M M 18.4 29 170 M M 2 42 170
9 79 62 71 0 0 6 0.00 M M 12.4 25 170 M M 5 36 170
10 63 54 59 -12 6 0 0.53 M M 11.5 20 280 M M 9 13 27 270
11 59 55 57 -15 8 0 1.12 M M 9.7 18 110 M M 10 13 26 320
12 63 54 59 -13 6 0 T M M 8.6 16 360 M M 10 1 23 20
13 74 58 66 -6 0 1 0.00 M M 5.1 10 110 M M 7 19 40
14 77 59 68 -5 0 3 0.00 M M 9.7 16 130 M M 5 23 140
15 80 61 71 -2 0 6 0.00 M M 11.8 21 160 M M 4 30 170
16 77 66 72 -1 0 7 0.44 M M 10.7 21 160 M M 8 13 30 170
17 79 64 72 -2 0 7 0.86 M M 10.5 24 280 M M 5 13 33 280
18 72 60 66 -8 0 1 0.56 M M 8.1 24 40 M M 5 13 34 300
19 79 63 71 -3 0 6 0.00 M M 6.6 15 140 M M 3 M M
20 80 66 73 -2 0 8 0.00 M M 5.4 10 100 M M 3 M M
21 83 68 76 1 0 11 T M M 9.6 18 130 M M 7 25 130
22 77 69 73 -2 0 8 0.53 M M 10.3 22 130 M M 9 1 31 130
23 73 66 70 -6 0 5 0.13 M M 8.4 16 160 M M 8 1 21 160
24 75 66 71 -5 0 6 1.64 M M 9.3 25 100 M M 9 13 36 110
25 81 64 73 -3 0 8 0.67 M M 8.6 20 280 M M 5 13 29 280
26 89 70 80 3 0 15 0.00 M M 9.1 16 140 M M 3 23 160
27 87 73 80 3 0 15 0.00 M M 13.4 23 170 M M 4 32 180
28 78 66 72 -5 0 7 0.01 M M 5.7 25 30 M M 6 3 37 40
29 84 63 74 -4 0 9 0.00 M M 9.1 16 100 M M 3 25 100
30 75 64 70 -8 0 5 0.00 M M 10.4 16 100 M M 8 21 100
31 72 64 68 -10 0 3 2.49 M M 9.2 28 330 M M 9 13 41 320
================================================================================
SM 2390 1919 23 172 9.37 M 288.4 M 168
================================================================================
AV 77.1 61.9 9.3 FASTST M M 5 MAX(MPH)
MISC ----> 29 170 42 170
================================================================================
NOTES:
# LAST OF SEVERAL OCCURRENCES
COLUMN 17 PEAK WIND IN M.P.H.
PRELIMINARY LOCAL CLIMATOLOGICAL DATA (WS FORM: F-6) , PAGE 2
STATION: FORT WORTH MEACHAM
MONTH: MAY
YEAR: 2021
LATITUDE: 32 49 N
LONGITUDE: 97 21 W
[TEMPERATURE DATA] [PRECIPITATION DATA] SYMBOLS USED IN COLUMN 16
AVERAGE MONTHLY: 69.5 TOTAL FOR MONTH: 9.37 1 = FOG OR MIST
DPTR FM NORMAL: -3.8 DPTR FM NORMAL: 5.35 2 = FOG REDUCING VISIBILITY
HIGHEST: 89 ON 26 GRTST 24HR 2.49 ON 31-31 TO 1/4 MILE OR LESS
LOWEST: 48 ON 5 3 = THUNDER
SNOW, ICE PELLETS, HAIL 4 = ICE PELLETS
TOTAL MONTH: M 5 = HAIL
GRTST 24HR M ON M 6 = FREEZING RAIN OR DRIZZLE
GRTST DEPTH: M ON M 7 = DUSTSTORM OR SANDSTORM:
VSBY 1/2 MILE OR LESS
8 = SMOKE OR HAZE
[NO. OF DAYS WITH] [WEATHER - DAYS WITH] 9 = BLOWING SNOW
X = TORNADO
MAX 32 OR BELOW: 0 0.01 INCH OR MORE: 14
MAX 90 OR ABOVE: 0 0.10 INCH OR MORE: 12
MIN 32 OR BELOW: 0 0.50 INCH OR MORE: 8
MIN 0 OR BELOW: 0 1.00 INCH OR MORE: 3
[HDD (BASE 65) ]
TOTAL THIS MO. 23 CLEAR (SCALE 0-3) 6
DPTR FM NORMAL 9 PTCLDY (SCALE 4-7) 16
TOTAL FM JUL 1 2409 CLOUDY (SCALE 8-10) 9
DPTR FM NORMAL 72
[CDD (BASE 65) ]
TOTAL THIS MO. 172
DPTR FM NORMAL -99 [PRESSURE DATA]
TOTAL FM JAN 1 249 HIGHEST SLP M ON M
DPTR FM NORMAL -151 LOWEST SLP 29.42 ON 3
[REMARKS]
#FINAL-05-21#