000
CXUS52 KFFC 011010
CF6FTY
PRELIMINARY LOCAL CLIMATOLOGICAL DATA (WS FORM: F-6)
STATION: FULTON COUNTY AIRPORT
MONTH: JULY
YEAR: 2022
LATITUDE: 33 46 N
LONGITUDE: 84 31 W
TEMPERATURE IN F: :PCPN: SNOW: WIND :SUNSHINE: SKY :PK WND
================================================================================
1 2 3 4 5 6A 6B 7 8 9 10 11 12 13 14 15 16 17 18
12Z AVG MX 2MIN
DY MAX MIN AVG DEP HDD CDD WTR SNW DPTH SPD SPD DIR MIN PSBL S-S WX SPD DR
================================================================================
1 84 71 78 -1 0 13 0.00 M M 2.9 12 30 M M 3 3 17 360
2 91 70 81 2 0 16 T M M 2.2 13 270 M M 3 13 18 270
3 93 74 84 5 0 19 0.09 M M 2.9 20 290 M M 3 13 27 280
4 93 73 83 4 0 18 0.03 M M 3.8 24 160 M M 5 123 35 160
5 93 72 83 3 0 18 0.19 M M 1.6 20 160 M M 3 13 27 170
6 94 76 85 5 0 20 0.00 M M 5.0 12 240 M M 2 19 250
7 94 75 85 5 0 20 T M M 5.4 22 320 M M 3 3 29 320
8 95 74 85 5 0 20 0.39 M M 5.2 16 40 M M 2 13 23 40
9 87 73 80 0 0 15 0.21 M M 4.3 13 330 M M 5 13 19 350
10 87 74 81 1 0 16 0.31 M M 5.0 20 20 M M 7 138 26 30
11 82 72 77 -3 0 12 0.00 M M 6.0 12 70 M M 9 16 50
12 88 70 79 -1 0 14 0.00 M M 4.0 10 200 M M 3 15 200
13 90 73 82 2 0 17 T M M 4.4 18 320 M M 4 3 25 340
14 89 73 81 1 0 16 0.00 M M 3.7 12 360 M M 2 18 10
15 93 68 81 1 0 16 0.00 M M 2.3 10 210 M M 2 15 210
16 89 70 80 0 0 15 T M M 3.0 14 350 M M 1 3 20 340
17 90 70 80 0 0 15 T M M 3.6 14 200 M M 1 21 180
18 92 70 81 1 0 16 T 0.0 M 4.6 22 310 M M 2 30 310
19 86 69 78 -2 0 13 1.15 0.0 M 3.9 17 270 M M 6 13 26 270
20 92 74 83 3 0 18 T 0.0 M 6.1 14 210 M M 5 1 22 210
21 81 71 76 -4 0 11 0.69 M M 4.2 16 40 M M 3 13 23 40
22 90 70 80 0 0 15 0.00 M M 4.1 16 270 M M 1 3 25 270
23 92 70 81 1 0 16 T M M 2.6 14 200 M M 2 38 20 200
24 92 71 82 2 0 17 0.00 M M 2.7 9 250 M M 1 13 290
25 90 74 82 2 0 17 0.00 M M 4.7 13 260 M M 2 17 270
26 91 75 83 2 0 18 0.00 M M 5.2 13 260 M M 1 18 230
27 92 73 83 2 0 18 0.00 M M 4.5 12 230 M M 1 17 200
28 93 75 84 3 0 19 0.00 M M 6.1 15 240 M M 1 23 240
29 91 75 83 2 0 18 0.91 M M 5.0 24 300 M M 2 1238 34 310
30 91 73 82 2 0 17 0.59 M M 2.5 22 190 M M 4 13 36 190
31 90 71 81 1 0 16 T M M 4.5 15 240 M M 3 24 230
================================================================================
SM 2795 2239 0 509 4.56 0.0 126.0 M 92
================================================================================
AV 90.2 72.2 4.1 FASTST M M 3 MAX(MPH)
MISC ----> # 24 160 36 190
================================================================================
NOTES:
# LAST OF SEVERAL OCCURRENCES
COLUMN 17 PEAK WIND IN M.P.H.
PRELIMINARY LOCAL CLIMATOLOGICAL DATA (WS FORM: F-6) , PAGE 2
STATION: FULTON COUNTY AIRPORT
MONTH: JULY
YEAR: 2022
LATITUDE: 33 46 N
LONGITUDE: 84 31 W
[TEMPERATURE DATA] [PRECIPITATION DATA] SYMBOLS USED IN COLUMN 16
AVERAGE MONTHLY: 81.2 TOTAL FOR MONTH: 4.56 1 = FOG OR MIST
DPTR FM NORMAL: 1.1 DPTR FM NORMAL: -0.45 2 = FOG REDUCING VISIBILITY
HIGHEST: 95 ON 8 GRTST 24HR 1.15 ON 19-20 TO 1/4 MILE OR LESS
LOWEST: 68 ON 15 3 = THUNDER
SNOW, ICE PELLETS, HAIL 4 = ICE PELLETS
TOTAL MONTH: 0.0 INCH 5 = HAIL
GRTST 24HR 0.0 6 = FREEZING RAIN OR DRIZZLE
GRTST DEPTH: M ON M 7 = DUSTSTORM OR SANDSTORM:
VSBY 1/2 MILE OR LESS
8 = SMOKE OR HAZE
[NO. OF DAYS WITH] [WEATHER - DAYS WITH] 9 = BLOWING SNOW
X = TORNADO
MAX 32 OR BELOW: 0 0.01 INCH OR MORE: 10
MAX 90 OR ABOVE: 22 0.10 INCH OR MORE: 8
MIN 32 OR BELOW: 0 0.50 INCH OR MORE: 4
MIN 0 OR BELOW: 0 1.00 INCH OR MORE: 1
[HDD (BASE 65) ]
TOTAL THIS MO. 0 CLEAR (SCALE 0-3) 21
DPTR FM NORMAL 0 PTCLDY (SCALE 4-7) 9
TOTAL FM JUL 1 0 CLOUDY (SCALE 8-10) 1
DPTR FM NORMAL 0
[CDD (BASE 65) ]
TOTAL THIS MO. 509
DPTR FM NORMAL 41 [PRESSURE DATA]
TOTAL FM JAN 1 1223 HIGHEST SLP 30.22 ON 31
DPTR FM NORMAL 169 LOWEST SLP 29.85 ON 10
[REMARKS]
#FINAL-07-22#