000
CXUS52 KFFC 011010
CF6FTY
PRELIMINARY LOCAL CLIMATOLOGICAL DATA (WS FORM: F-6)
STATION: FULTON COUNTY AIRPORT
MONTH: SEPTEMBER
YEAR: 2021
LATITUDE: 33 46 N
LONGITUDE: 84 31 W
TEMPERATURE IN F: :PCPN: SNOW: WIND :SUNSHINE: SKY :PK WND
================================================================================
1 2 3 4 5 6A 6B 7 8 9 10 11 12 13 14 15 16 17 18
12Z AVG MX 2MIN
DY MAX MIN AVG DEP HDD CDD WTR SNW DPTH SPD SPD DIR MIN PSBL S-S WX SPD DR
================================================================================
1 86 71 79 2 0 14 0.01 M M 7.0 18 290 M M 6 1 27 290
2 87 66 77 0 0 12 0.00 M M 2.3 10 90 M M 1 13 70
3 83 63 73 -4 0 8 0.00 M M 3.9 14 60 M M 0 22 80
4 84 58 71 -5 0 6 0.00 M M 1.6 9 80 M M 0 12 360
5 86 58 72 -4 0 7 0.00 M M 1.9 9 200 M M 1 14 200
6 84 72 78 2 0 13 T M M 3.3 12 280 M M 6 17 320
7 84 69 77 1 0 12 0.10 M M 2.8 18 200 M M 4 13 28 190
8 85 68 77 1 0 12 0.00 M M 4.1 14 190 M M 3 1 20 180
9 82 62 72 -3 0 7 0.09 M M 6.6 18 330 M M 4 1 28 330
10 82 57 70 -5 0 5 0.00 M M 2.2 10 60 M M 1 14 130
11 84 59 72 -3 0 7 0.00 M 0 2.4 10 150 M M 1 15 170
12 85 60 73 -2 0 8 0.00 M M 1.0 8 170 M M 0 12 240
13 88 63 76 2 0 11 0.00 M M 2.0 12 320 M M 1 17 280
14 90 66 78 4 0 13 0.00 M M 1.6 7 200 M M 2 1 10 190
15 79 68 74 0 0 9 0.56 M M 2.4 9 70 M M 6 1 14 90
16 77 69 73 -1 0 8 0.16 M M 5.8 13 90 M M 10 1 20 160
17 79 71 75 2 0 10 T M M 3.7 10 140 M M 9 18 15 100
18 84 70 77 4 0 12 0.10 M M 2.5 10 80 M M 5 1 15 120
19 80 71 76 3 0 11 1.06 M M 3.1 13 150 M M 6 1 17 170
20 76 70 73 1 0 8 0.86 M M 6.0 16 80 M M 9 18 22 70
21 85 70 78 6 0 13 0.14 M M 4.2 13 70 M M 7 1 17 70
22 77 57 67 -5 0 2 0.02 M M 7.1 22 340 M M 6 18 37 330
23 72 51 62 -10 3 0 0.00 M M 6.2 20 320 M M 0 27 310
24 77 47 62 -9 3 0 0.00 M M 1.6 9 150 M M 0 14 150
25 78 52 65 -6 0 0 0.00 M M 2.3 13 310 M M 0 17 330
26 80 53 67 -3 0 2 0.00 M M 2.0 14 320 M M 0 17 320
27 82 54 68 -2 0 3 0.00 M M 1.6 9 160 M M 1 13 150
28 83 56 70 0 0 5 0.00 0.0 M 1.9 13 330 M M 0 1 16 320
29 86 59 73 3 0 8 0.00 0.0 M 2.9 14 330 M M 0 1 19 330
30 84 59 72 3 0 7 0.00 M M 1.0 10 80 M M 0 1 14 80
================================================================================
SM 2469 1869 6 233 3.10 0.0 97.0 M 89
================================================================================
AV 82.3 62.3 3.2 FASTST M M 3 MAX(MPH)
MISC ----> 22 340 37 330
================================================================================
NOTES:
# LAST OF SEVERAL OCCURRENCES
COLUMN 17 PEAK WIND IN M.P.H.
PRELIMINARY LOCAL CLIMATOLOGICAL DATA (WS FORM: F-6) , PAGE 2
STATION: FULTON COUNTY AIRPORT
MONTH: SEPTEMBER
YEAR: 2021
LATITUDE: 33 46 N
LONGITUDE: 84 31 W
[TEMPERATURE DATA] [PRECIPITATION DATA] SYMBOLS USED IN COLUMN 16
AVERAGE MONTHLY: 72.3 TOTAL FOR MONTH: 3.10 1 = FOG OR MIST
DPTR FM NORMAL: -1.2 DPTR FM NORMAL: -0.26 2 = FOG REDUCING VISIBILITY
HIGHEST: 90 ON 14 GRTST 24HR 1.27 ON 19-20 TO 1/4 MILE OR LESS
LOWEST: 47 ON 24 3 = THUNDER
SNOW, ICE PELLETS, HAIL 4 = ICE PELLETS
TOTAL MONTH: 0.0 INCH 5 = HAIL
GRTST 24HR 0.0 6 = FREEZING RAIN OR DRIZZLE
GRTST DEPTH: 0 7 = DUSTSTORM OR SANDSTORM:
VSBY 1/2 MILE OR LESS
8 = SMOKE OR HAZE
[NO. OF DAYS WITH] [WEATHER - DAYS WITH] 9 = BLOWING SNOW
X = TORNADO
MAX 32 OR BELOW: 0 0.01 INCH OR MORE: 10
MAX 90 OR ABOVE: 1 0.10 INCH OR MORE: 7
MIN 32 OR BELOW: 0 0.50 INCH OR MORE: 3
MIN 0 OR BELOW: 0 1.00 INCH OR MORE: 1
[HDD (BASE 65) ]
TOTAL THIS MO. 6 CLEAR (SCALE 0-3) 17
DPTR FM NORMAL -2 PTCLDY (SCALE 4-7) 10
TOTAL FM JUL 1 6 CLOUDY (SCALE 8-10) 3
DPTR FM NORMAL 1
[CDD (BASE 65) ]
TOTAL THIS MO. 233
DPTR FM NORMAL -28 [PRESSURE DATA]
TOTAL FM JAN 1 1665 HIGHEST SLP 30.31 ON 12
DPTR FM NORMAL -92 LOWEST SLP 29.66 ON 1
[REMARKS]
#FINAL-09-21#