000
CXUS52 KFFC 011110
CF6FTY
PRELIMINARY LOCAL CLIMATOLOGICAL DATA (WS FORM: F-6)
STATION: FULTON COUNTY AIRPORT
MONTH: NOVEMBER
YEAR: 2023
LATITUDE: 33 46 N
LONGITUDE: 84 31 W
TEMPERATURE IN F: :PCPN: SNOW: WIND :SUNSHINE: SKY :PK WND
================================================================================
1 2 3 4 5 6A 6B 7 8 9 10 11 12 13 14 15 16 17 18
12Z AVG MX 2MIN
DY MAX MIN AVG DEP HDD CDD WTR SNW DPTH SPD SPD DIR MIN PSBL S-S WX SPD DR
================================================================================
1 54 31 43 -14 22 0 0.00 M M 7.9 21 360 M M 0 32 340
2 58 28 43 -13 22 0 0.00 M M 2.4 15 80 M M 0 19 80
3 66 29 48 -8 17 0 0.00 M M 1.4 9 90 M M 0 13 120
4 72 34 53 -3 12 0 0.00 M M 2.0 13 310 M M 0 20 310
5 74 38 56 1 9 0 0.00 M M 2.3 15 310 M M 0 23 300
6 77 41 59 4 6 0 0.00 M M 0.5 12 200 M M 0 1 17 190
7 81 43 62 7 3 0 0.00 M M 1.6 12 200 M M 0 1 16 200
8 81 46 64 10 1 0 0.00 M M 1.9 13 220 M M 0 18 18 230
9 79 54 67 13 0 2 0.00 M M 3.8 10 280 M M 1 16 280
10 66 55 61 7 4 0 0.07 M M 2.5 13 320 M M 5 1 17 310
11 55 50 53 0 12 0 0.60 M M 7.7 14 70 M M 10 1 22 80
12 59 50 55 2 10 0 T M M 5.0 15 80 M M 10 21 50
13 68 49 59 6 6 0 0.00 M M 2.7 10 50 M M 4 15 50
14 70 46 58 6 7 0 0.00 M M 5.1 18 90 M M 0 27 90
15 64 54 59 7 6 0 T M M 9.1 17 60 M M 9 24 50
16 72 55 64 12 1 0 0.00 M M 6.9 16 90 M M 7 24 80
17 71 54 63 11 2 0 0.00 M M 3.5 8 90 M M 7 12 70
18 72 52 62 10 3 0 0.00 M M 5.4 17 310 M M 2 25 360
19 69 41 55 4 10 0 0.00 M M 4.6 13 80 M M 0 17 140
20 66 53 60 9 5 0 0.00 M M 7.2 14 90 M M 9 22 90
21 67 56 62 11 3 0 0.50 M M 7.8 20 120 M M 10 1 29 170
22 58 45 52 2 13 0 0.00 M M 9.6 18 320 M M 8 28 350
23 57 38 48 -2 17 0 0.00 M M 2.6 13 320 M M 2 8 20 300
24 63 40 52 2 13 0 0.00 M M 2.6 13 330 M M 1 19 280
25 60 36 48 -2 17 0 0.00 M M 6.0 18 70 M M 1 24 80
26 50 44 47 -3 18 0 0.03 M M 5.5 12 130 M M 10 1 19 70
27 51 38 45 -4 20 0 0.00 M M 7.8 18 300 M M 2 31 320
28 52 32 42 -7 23 0 0.00 M M 7.0 23 290 M M 0 39 310
29 56 27 42 -7 23 0 0.00 M M 1.4 9 290 M M 0 13 290
30 59 29 44 -5 21 0 0.00 M M 2.4 12 170 M M 0 18 140
================================================================================
SM 1947 1288 326 2 1.20 M 136.2 M 98
================================================================================
AV 64.9 42.9 4.5 FASTST M M 3 MAX(MPH)
MISC ----> 23 290 39 310
================================================================================
NOTES:
# LAST OF SEVERAL OCCURRENCES
COLUMN 17 PEAK WIND IN M.P.H.
PRELIMINARY LOCAL CLIMATOLOGICAL DATA (WS FORM: F-6) , PAGE 2
STATION: FULTON COUNTY AIRPORT
MONTH: NOVEMBER
YEAR: 2023
LATITUDE: 33 46 N
LONGITUDE: 84 31 W
[TEMPERATURE DATA] [PRECIPITATION DATA] SYMBOLS USED IN COLUMN 16
AVERAGE MONTHLY: 53.9 TOTAL FOR MONTH: 1.20 1 = FOG OR MIST
DPTR FM NORMAL: 1.6 DPTR FM NORMAL: -2.57 2 = FOG REDUCING VISIBILITY
HIGHEST: 81 ON 8, 7 GRTST 24HR 0.65 ON 10-11 TO 1/4 MILE OR LESS
LOWEST: 27 ON 29 3 = THUNDER
SNOW, ICE PELLETS, HAIL 4 = ICE PELLETS
TOTAL MONTH: M 5 = HAIL
GRTST 24HR M ON M 6 = FREEZING RAIN OR DRIZZLE
GRTST DEPTH: M ON M 7 = DUSTSTORM OR SANDSTORM:
VSBY 1/2 MILE OR LESS
8 = SMOKE OR HAZE
[NO. OF DAYS WITH] [WEATHER - DAYS WITH] 9 = BLOWING SNOW
X = TORNADO
MAX 32 OR BELOW: 0 0.01 INCH OR MORE: 4
MAX 90 OR ABOVE: 0 0.10 INCH OR MORE: 2
MIN 32 OR BELOW: 6 0.50 INCH OR MORE: 2
MIN 0 OR BELOW: 0 1.00 INCH OR MORE: 0
[HDD (BASE 65) ]
TOTAL THIS MO. 326 CLEAR (SCALE 0-3) 19
DPTR FM NORMAL -59 PTCLDY (SCALE 4-7) 4
TOTAL FM JUL 1 429 CLOUDY (SCALE 8-10) 7
DPTR FM NORMAL -91
[CDD (BASE 65) ]
TOTAL THIS MO. 2
DPTR FM NORMAL -3 [PRESSURE DATA]
TOTAL FM JAN 1 1783 HIGHEST SLP 30.52 ON 2
DPTR FM NORMAL -41 LOWEST SLP 29.78 ON 21
[REMARKS]
#FINAL-11-23#