000
CXUS51 KCAR 010600
CF6FVE
PRELIMINARY LOCAL CLIMATOLOGICAL DATA (WS FORM: F-6)
STATION: FRENCHVILLE ME
MONTH: MARCH
YEAR: 2020
LATITUDE: 47 16 N
LONGITUDE: 68 19 W
TEMPERATURE IN F: :PCPN: SNOW: WIND :SUNSHINE: SKY :PK WND
================================================================================
1 2 3 4 5 6A 6B 7 8 9 10 11 12 13 14 15 16 17 18
12Z AVG MX 2MIN
DY MAX MIN AVG DEP HDD CDD WTR SNW DPTH SPD SPD DIR MIN PSBL S-S WX SPD DR
================================================================================
1 25 5 15 -3 50 0 T M M 6.8 15 330 M M 5 18 20 350
2 27 1 14 -4 51 0 0.02 M M 11.2 22 190 M M 6 1 28 170
3 42 27 35 16 30 0 0.00 M M 6.1 14 80 M M 6 12 20 90
4 36 28 32 13 33 0 0.42 M M 12.7 30 270 M M 10 1 39 280
5 30 19 25 6 40 0 T M M 18.0 30 290 M M 5 1 40 300
6 27 10 19 -1 46 0 0.00 M M 9.5 16 10 M M 0 22 360
7 25 7 16 -4 49 0 0.00 M M 13.8 25 340 M M 0 8 32 350
8 36 10 23 3 42 0 T M M 13.2 29 290 M M 5 8 37 290
9 26 17 22 1 43 0 0.27 M M 6.4 14 60 M M 10 128 17 30
10 32 19 26 5 39 0 0.14 M M 12.1 25 320 M M 10 126 30 320
11 25 14 20 -2 45 0 T M M 10.7 22 320 M M 10 18 29 320
12 28 5 17 -5 48 0 0.00 M M 4.1 12 330 M M 4 14 270
13 34 16 25 3 40 0 0.31 M M 14.9 28 120 M M 9 128 40 130
14 34 17 26 4 39 0 T M M 23.0 37 280 M M 9 9 48 290
15 22 11 17 -6 48 0 T M M 16.8 26 330 M M 9 8 34 350
16 24 3 14 -9 51 0 0.00 M M 7.4 16 320 M M 1 19 320
17 34 19 27 3 38 0 0.07 M M 15.1 28 280 M M 9 128 36 310
18 28 19 24 0 41 0 T M M 11.2 18 290 0 0 0 32 320
19 40 13 27 3 38 0 T M M 8.8 16 180 M M 9 1 22 170
20 46 31 39 14 26 0 0.09 M M 11.9 32 320 M M 10 126 41 310
21 35 7 21 -4 44 0 T M M 19.2 35 290 M M 3 45 290
22 20 4 12 -14 53 0 0.00 M M 10.7 22 330 M M 0 26 330
23 31 0 16 -10 49 0 T M M 8.2 20 170 M M 4 1 29 170
24 38 24 31 5 34 0 0.01 M M 8.9 23 330 M M 8 1 28 330
25 42 21 32 5 33 0 0.00 M M 8.0 17 160 M M 0 23 150
26 43 27 35 8 30 0 0.00 M M 7.5 14 150 M M 2 17 160
27 36 27 32 4 33 0 0.09 M M 13.7 26 330 M M 8 1 32 320
28 44 26 35 7 30 0 0.00 M M 9.5 20 330 M M 0 26 320
29 46 26 36 8 29 0 0.01 M M 7.9 22 180 M M 2 1 29 170
30 38 27 33 4 32 0 T M M 10.0 21 120 M M 9 1 27 120
31 45 23 34 5 31 0 0.00 M M 10.4 20 50 M M 5 26 60
================================================================================
SM 1039 503 1235 0 1.43 M 347.7 0 168
================================================================================
AV 33.5 16.2 11.2 FASTST 0 0 5 MAX(MPH)
MISC ----> # 37 280 # 48 290
================================================================================
NOTES:
# LAST OF SEVERAL OCCURRENCES
COLUMN 17 PEAK WIND IN M.P.H.
PRELIMINARY LOCAL CLIMATOLOGICAL DATA (WS FORM: F-6) , PAGE 2
STATION: FRENCHVILLE ME
MONTH: MARCH
YEAR: 2020
LATITUDE: 47 16 N
LONGITUDE: 68 19 W
[TEMPERATURE DATA] [PRECIPITATION DATA] SYMBOLS USED IN COLUMN 16
AVERAGE MONTHLY: 24.9 TOTAL FOR MONTH: 1.43 1 = FOG OR MIST
DPTR FM NORMAL: 1.6 DPTR FM NORMAL: -0.05 2 = FOG REDUCING VISIBILITY
HIGHEST: 46 ON 29,20 GRTST 24HR 0.42 ON 4- 4 TO 1/4 MILE OR LESS
LOWEST: 0 ON 23 3 = THUNDER
SNOW, ICE PELLETS, HAIL 4 = ICE PELLETS
TOTAL MONTH: M 5 = HAIL
GRTST 24HR M ON M 6 = FREEZING RAIN OR DRIZZLE
GRTST DEPTH: M ON M 7 = DUSTSTORM OR SANDSTORM:
VSBY 1/2 MILE OR LESS
8 = SMOKE OR HAZE
[NO. OF DAYS WITH] [WEATHER - DAYS WITH] 9 = BLOWING SNOW
X = TORNADO
MAX 32 OR BELOW: 14 0.01 INCH OR MORE: 10
MAX 90 OR ABOVE: 0 0.10 INCH OR MORE: 4
MIN 32 OR BELOW: 31 0.50 INCH OR MORE: 0
MIN 0 OR BELOW: 1 1.00 INCH OR MORE: 0
[HDD (BASE 65) ]
TOTAL THIS MO. 1235 CLEAR (SCALE 0-3) 10
DPTR FM NORMAL -56 PTCLDY (SCALE 4-7) 10
TOTAL FM JUL 1 7930 CLOUDY (SCALE 8-10) 11
DPTR FM NORMAL -361
[CDD (BASE 65) ]
TOTAL THIS MO. 0
DPTR FM NORMAL 0 [PRESSURE DATA]
TOTAL FM JAN 1 0 HIGHEST SLP 30.78 ON 22
DPTR FM NORMAL 0 LOWEST SLP 29.04 ON 4
[REMARKS]
#FINAL-03-20#