000
CXUS54 KOUN 010810
CF6GAG
PRELIMINARY LOCAL CLIMATOLOGICAL DATA (WS FORM: F-6)
STATION: GAGE
MONTH: SEPTEMBER
YEAR: 2021
LATITUDE: 36 17 N
LONGITUDE: 99 46 W
TEMPERATURE IN F: :PCPN: SNOW: WIND :SUNSHINE: SKY :PK WND
================================================================================
1 2 3 4 5 6A 6B 7 8 9 10 11 12 13 14 15 16 17 18
12Z AVG MX 2MIN
DY MAX MIN AVG DEP HDD CDD WTR SNW DPTH SPD SPD DIR MIN PSBL S-S WX SPD DR
================================================================================
1 99 66 83 5 0 18 0.00 M M 10.0 22 170 M M 0 29 170
2 98 77 88 11 0 23 0.00 M M 16.2 25 190 M M 1 33 170
3 97 72 85 8 0 20 1.00 M M 11.3 41 290 M M 5 123 52 290
4 81 66 74 -3 0 9 0.44 M M 8.2 18 350 M M 5 1 23 350
5 87 61 74 -2 0 9 0.00 M M 3.9 10 130 M M 2 128 14 120
6 93 59 76 0 0 11 0.00 M M 10.0 20 180 M M 0 1 25 180
7 100 70 85 9 0 20 0.00 M M 11.8 23 10 M M 0 3 30 20
8 89 57 73 -2 0 8 0.00 M M 6.4 15 80 M M 1 1 21 80
9 94 56 75 0 0 10 0.00 M M 12.7 24 180 M M 0 31 180
10 97 70 84 9 0 19 0.00 M M 15.9 23 170 M M 0 30 170
11 102 73 88 14 0 23 0.00 M M 18.9 29 190 M M 0 36 210
12 97 63 80 6 0 15 0.00 M M 16.3 23 170 M M 0 31 160
13 94 58 76 2 0 11 0.00 0.0 M 15.0 26 190 M M 0 35 180
14 93 68 81 8 0 16 T 0.0 M 13.4 22 160 M M 1 28 180
15 89 64 77 4 0 12 0.16 0.0 M 11.2 24 230 M M 4 13 32 240
16 92 65 79 7 0 14 0.00 M M 14.0 24 190 M M 0 33 200
17 95 70 83 11 0 18 0.15 M M 16.3 26 20 M M 1 3 36 30
18 91 63 77 5 0 12 0.01 M M 6.2 22 150 M M 0 1 26 150
19 94 59 77 6 0 12 0.00 M M 14.9 25 170 M M 0 34 170
20 89 65 77 6 0 12 0.00 M M 17.2 28 20 M M 1 36 360
21 76 47 62 -8 3 0 0.00 M M 10.7 23 360 M M 1 30 350
22 80 41 61 -9 4 0 0.00 M M 5.8 12 160 M M 0 15 220
23 87 49 68 -2 0 3 0.00 M M 15.2 25 200 M M 0 33 200
24 92 56 74 5 0 9 0.00 M M 12.1 21 40 M M 0 28 40
25 89 49 69 0 0 4 0.00 M M 9.3 21 190 M M 0 28 190
26 94 61 78 10 0 13 0.00 M M 15.9 29 210 M M 0 36 210
27 95 65 80 12 0 15 0.00 M M 15.2 23 200 M M 0 28 190
28 92 60 76 8 0 11 0.00 M M 12.7 33 190 M M 0 40 190
29 88 65 77 10 0 12 0.01 M M 14.6 32 180 M M 1 40 180
30 74 59 67 0 0 2 0.00 M M 10.2 26 40 M M 7 36 20
================================================================================
SM 2738 1854 7 361 1.77 0.0 371.5 M 30
================================================================================
AV 91.3 61.8 12.4 FASTST M M 1 MAX(MPH)
MISC ----> 41 290 52 290
================================================================================
NOTES:
# LAST OF SEVERAL OCCURRENCES
COLUMN 17 PEAK WIND IN M.P.H.
PRELIMINARY LOCAL CLIMATOLOGICAL DATA (WS FORM: F-6) , PAGE 2
STATION: GAGE
MONTH: SEPTEMBER
YEAR: 2021
LATITUDE: 36 17 N
LONGITUDE: 99 46 W
[TEMPERATURE DATA] [PRECIPITATION DATA] SYMBOLS USED IN COLUMN 16
AVERAGE MONTHLY: 76.5 TOTAL FOR MONTH: 1.77 1 = FOG OR MIST
DPTR FM NORMAL: 4.1 DPTR FM NORMAL: 0.25 2 = FOG REDUCING VISIBILITY
HIGHEST: 102 ON 11 GRTST 24HR 1.44 ON 3- 4 TO 1/4 MILE OR LESS
LOWEST: 41 ON 22 3 = THUNDER
SNOW, ICE PELLETS, HAIL 4 = ICE PELLETS
TOTAL MONTH: 0.0 INCH 5 = HAIL
GRTST 24HR 0.0 6 = FREEZING RAIN OR DRIZZLE
GRTST DEPTH: M ON M 7 = DUSTSTORM OR SANDSTORM:
VSBY 1/2 MILE OR LESS
8 = SMOKE OR HAZE
[NO. OF DAYS WITH] [WEATHER - DAYS WITH] 9 = BLOWING SNOW
X = TORNADO
MAX 32 OR BELOW: 0 0.01 INCH OR MORE: 6
MAX 90 OR ABOVE: 19 0.10 INCH OR MORE: 4
MIN 32 OR BELOW: 0 0.50 INCH OR MORE: 1
MIN 0 OR BELOW: 0 1.00 INCH OR MORE: 1
[HDD (BASE 65) ]
TOTAL THIS MO. 7 CLEAR (SCALE 0-3) 26
DPTR FM NORMAL -22 PTCLDY (SCALE 4-7) 4
TOTAL FM JUL 1 7 CLOUDY (SCALE 8-10) 0
DPTR FM NORMAL -20
[CDD (BASE 65) ]
TOTAL THIS MO. 361
DPTR FM NORMAL 109 [PRESSURE DATA]
TOTAL FM JAN 1 1891 HIGHEST SLP M ON M
DPTR FM NORMAL 35 LOWEST SLP 29.63 ON 20
[REMARKS]
#FINAL-09-21#