000
CXUS53 KDDC 031311
CF6GCK
PRELIMINARY LOCAL CLIMATOLOGICAL DATA (WS FORM: F-6)
STATION: GARDEN CITY REGIONAL ARPT KS
MONTH: MARCH
YEAR: 2023
LATITUDE: 37 55 N
LONGITUDE: 100 43 W
TEMPERATURE IN F: :PCPN: SNOW: WIND :SUNSHINE: SKY :PK WND
================================================================================
1 2 3 4 5 6A 6B 7 8 9 10 11 12 13 14 15 16 17 18
12Z AVG MX 2MIN
DY MAX MIN AVG DEP HDD CDD WTR SNW DPTH SPD SPD DIR MIN PSBL S-S WX SPD DR
================================================================================
1 55 19 37 -2 28 0 0.00 M M 11.5 20 120 M M 0 28 120
2 47 23 35 -4 30 0 0.00 M M 13.8 25 10 M M 3 33 10
3 59 21 40 1 25 0 0.00 M M 9.2 18 290 M M 0 26 310
4 54 29 42 2 23 0 0.00 M M 15.0 29 10 M M 1 37 10
5 75 31 53 13 12 0 0.00 M M 11.9 26 240 M M 0 37 230
6 56 26 41 1 24 0 0.00 M M 15.1 26 60 M M 0 34 50
7 33 29 31 -10 34 0 0.00 M M 13.8 24 70 M M 9 35 50
8 39 29 34 -7 31 0 0.00 M M 11.6 17 70 M M 10 21 60
9 50 30 40 -2 25 0 0.00 M M 12.3 22 10 M M 6 1 30 330
10 59 18 39 -3 26 0 0.00 M M 17.1 31 180 M M 2 12 41 180
11 59 34 47 5 18 0 0.00 M M 14.9 31 30 M M 3 1 39 20
12 47 30 39 -4 26 0 0.00 M M 11.9 29 20 M M 9 36 20
13 41 24 33 -10 32 0 0.00 M M 10.3 17 150 M M 7 23 150
14 63 23 43 -1 22 0 0.00 M M 17.4 32 210 M M 0 43 180
15 74 37 56 12 9 0 0.00 M M 19.3 29 190 M M 0 37 170
16 59 24 42 -2 23 0 T M M 27.4 48 360 M M 6 18 64 350
17 48 15 32 -12 33 0 0.00 M M 13.2 25 350 M M 2 33 330
18 42 10 26 -19 39 0 0.00 M M 12.3 25 350 M M 0 35 360
19 59 10 35 -10 30 0 0.00 M M 16.1 30 190 M M 0 42 180
20 66 39 53 7 12 0 0.00 M M 21.0 28 160 M M 1 40 150
21 64 31 48 2 17 0 0.00 M M 10.9 21 150 M M 0 27 140
22 80 30 55 9 10 0 0.00 M M 15.4 40 220 M M 2 178 54 210
23 52 30 41 -5 24 0 T M M 11.0 21 360 M M 5 1 26 20
24 47 28 38 -9 27 0 T M M 8.2 17 10 M M 8 12 23 10
25 48 21 35 -12 30 0 0.00 M M 12.6 38 350 M M 8 12 47 340
26 50 19 35 -12 30 0 0.00 M M 10.2 21 60 M M 1 28 60
27 48 22 35 -13 30 0 0.01 M M 11.2 35 320 M M 6 1 45 320
28 52 15 34 -14 31 0 0.00 M M 8.8 22 190 M M 1 27 170
29 62 31 47 -1 18 0 0.00 M M 12.5 23 190 M M 0 29 190
30 76 38 57 9 8 0 0.00 M M 21.0 40 180 M M 2 52 190
31 66 33 50 1 15 0 0.00 M M 16.0 36 310 M M 1 8 53 280
================================================================================
SM 1730 799 742 0 0.01 M 432.9 M 93
================================================================================
AV 55.8 25.8 14.0 FASTST M M 3 MAX(MPH)
MISC ----> 48 360 64 350
================================================================================
NOTES:
# LAST OF SEVERAL OCCURRENCES
COLUMN 17 PEAK WIND IN M.P.H.
PRELIMINARY LOCAL CLIMATOLOGICAL DATA (WS FORM: F-6) , PAGE 2
STATION: GARDEN CITY REGIONAL ARPT KS
MONTH: MARCH
YEAR: 2023
LATITUDE: 37 55 N
LONGITUDE: 100 43 W
[TEMPERATURE DATA] [PRECIPITATION DATA] SYMBOLS USED IN COLUMN 16
AVERAGE MONTHLY: 40.8 TOTAL FOR MONTH: 0.01 1 = FOG OR MIST
DPTR FM NORMAL: -3.2 DPTR FM NORMAL: -1.06 2 = FOG REDUCING VISIBILITY
HIGHEST: 80 ON 22 GRTST 24HR 0.01 ON 27-27 TO 1/4 MILE OR LESS
LOWEST: 10 ON 19,18 3 = THUNDER
4 = ICE PELLETS
5 = HAIL
6 = FREEZING RAIN OR DRIZZLE
7 = DUSTSTORM OR SANDSTORM:
VSBY 1/2 MILE OR LESS
8 = SMOKE OR HAZE
[NO. OF DAYS WITH] [WEATHER - DAYS WITH] 9 = BLOWING SNOW
X = TORNADO
MAX 32 OR BELOW: 0 0.01 INCH OR MORE: 1
MAX 90 OR ABOVE: 0 0.10 INCH OR MORE: 0
MIN 32 OR BELOW: 26 0.50 INCH OR MORE: 0
MIN 0 OR BELOW: 0 1.00 INCH OR MORE: 0
[HDD (BASE 65) ]
TOTAL THIS MO. 742 CLEAR (SCALE 0-3) 19
DPTR FM NORMAL 90 PTCLDY (SCALE 4-7) 8
TOTAL FM JUL 1 4799 CLOUDY (SCALE 8-10) 4
DPTR FM NORMAL 155
[CDD (BASE 65) ]
TOTAL THIS MO. 0
DPTR FM NORMAL -1 [PRESSURE DATA]
TOTAL FM JAN 1 0 HIGHEST SLP 30.52 ON 28
DPTR FM NORMAL -1 LOWEST SLP 29.37 ON 30
[REMARKS]
#FINAL-03-23#