000
CXUS53 KDDC 011332
CLMGCK
CLIMATE REPORT
NATIONAL WEATHER SERVICE DODGE CITY, KANSAS
832 AM CDT THU JUN 01 2023
...................................
...THE GARDEN CITY REGIONAL ARPT KS CLIMATE SUMMARY FOR THE MONTH OF MAY 2023...
CLIMATE NORMAL PERIOD 1991 TO 2020
CLIMATE RECORD PERIOD 1948 TO 2023
WEATHER OBSERVED NORMAL DEPART LAST YEAR`S
VALUE DATE(S) VALUE FROM VALUE DATE(S)
NORMAL
................................................................
TEMPERATURE (F)
RECORD
HIGH 106 05/26/1953
LOW 25 05/13/1966
HIGHEST 94 05/09 MM MM 102 05/28
LOWEST 40 05/01 MM MM 35 05/01
05/06
AVG. MAXIMUM 77.5 77.6 -0.1 79.7
AVG. MINIMUM 52.6 49.1 3.5 48.5
MEAN 65.1 63.4 1.7 64.1
DAYS MAX >= 90 1 4.4 -3.4 11
DAYS MAX <= 32 0 0.0 0.0 0
DAYS MIN <= 32 0 0.6 -0.6 0
DAYS MIN <= 0 0 0.0 0.0 0
PRECIPITATION (INCHES)
RECORD
MAXIMUM 9.96 1990
MINIMUM 0.14 2012
TOTALS 3.63 2.52 1.11 0.72
DAYS >= .01 10 8.7 1.3 5
DAYS >= .10 5 4.2 0.8 3
DAYS >= .50 4 1.7 2.3 0
DAYS >= 1.00 0 0.7 -0.7 0
GREATEST
24 HR. TOTAL 1.94 05/18 TO 05/19 0.39 05/18 TO 05/18
DEGREE DAYS
HEATING TOTAL 62 137 -75 161
SINCE 7/1 5234 5161 73 4824
COOLING TOTAL 73 86 -13 141
SINCE 1/1 89 97 -8 164
................................................................
WIND (MPH)
AVERAGE WIND SPEED 12.3
RESULTANT WIND SPEED/DIRECTION 5/140
HIGHEST WIND SPEED/DIRECTION 47/020 DATE 05/30
HIGHEST GUST SPEED/DIRECTION 65/350 DATE 05/30
SKY COVER
POSSIBLE SUNSHINE (PERCENT) MM
AVERAGE SKY COVER 0.30
NUMBER OF DAYS FAIR 20
NUMBER OF DAYS PC 9
NUMBER OF DAYS CLOUDY 2
AVERAGE RH (PERCENT) 68
WEATHER CONDITIONS. NUMBER OF DAYS WITH
THUNDERSTORM 8 MIXED PRECIP 0
HEAVY RAIN 5 RAIN 9
LIGHT RAIN 12 FREEZING RAIN 0
LT FREEZING RAIN 0 HAIL 0
HEAVY SNOW 0 SNOW 0
LIGHT SNOW 0 SLEET 0
FOG 22 FOG W/VIS <= 1/4 MILE 1
HAZE 6
- INDICATES NEGATIVE NUMBERS.
R INDICATES RECORD WAS SET OR TIED.
MM INDICATES DATA IS MISSING.
T INDICATES TRACE AMOUNT.
$$