000
CXUS53 KDDC 011851
CLSGCK
CLIMATE REPORT
NATIONAL WEATHER SERVICE DODGE CITY, KANSAS
151 PM CDT TUE JUN 01 2021
...................................
...THE GARDEN CITY REGIONAL ARPT KS CLIMATE SUMMARY FOR THE SEASON, FROM
3/1/2021 TO 5/31/2021...
CLIMATE NORMAL PERIOD 1991 TO 2020
CLIMATE RECORD PERIOD 1948 TO 2021
WEATHER OBSERVED NORMAL DEPART LAST YEAR`S
VALUE DATE(S) VALUE FROM VALUE DATE(S)
NORMAL
................................................................
TEMPERATURE (F)
RECORD
HIGH 106 05/26/1953
LOW -22 03/11/1948
HIGHEST 90 04/26 MM MM 94 05/30
05/08
LOWEST 13 03/01 MM MM 18 04/14
AVG. MAXIMUM 66.0 68.1 -2.1 68.4
AVG. MINIMUM 38.4 38.6 -0.2 38.8
MEAN 52.2 53.4 -1.2 53.6
DAYS MAX >= 90 2 5.4 -3.4 4
DAYS MAX <= 32 0 1.4 -1.4 0
DAYS MIN <= 32 27 27.2 -0.2 26
DAYS MIN <= 0 0 0.2 -0.2 0
PRECIPITATION (INCHES)
RECORD
MAXIMUM 13.01 1990
MINIMUM 0.77 1966
TOTALS 8.32 5.05 3.27 1.29
DAYS >= .01 22 20.4 1.6 13
DAYS >= .10 14 9.6 4.4 4
DAYS >= .50 5 3.3 1.7 0
DAYS >= 1.00 2 1.1 0.9 0
GREATEST
24 HR. TOTAL 3.30 05/16 TO 05/17 0.39 05/21 TO 05/21
DEGREE DAYS
HEATING TOTAL 1204 1168 36 1087
SINCE 7/1 5353 5161 192 5109
COOLING TOTAL 51 97 -46 61
SINCE 1/1 51 97 -46 61
................................................................
WIND (MPH)
AVERAGE WIND SPEED 14.0
RESULTANT WIND SPEED/DIRECTION 2/120
HIGHEST WIND SPEED/DIRECTION 46/340 DATE 04/06
HIGHEST GUST SPEED/DIRECTION 59/350 DATE 04/06
SKY COVER
POSSIBLE SUNSHINE (PERCENT) MM
AVERAGE SKY COVER 0.33
NUMBER OF DAYS FAIR 52
NUMBER OF DAYS PC 29
NUMBER OF DAYS CLOUDY 11
AVERAGE RH (PERCENT) 65
WEATHER CONDITIONS. NUMBER OF DAYS WITH
THUNDERSTORM 15 MIXED PRECIP 0
HEAVY RAIN 8 RAIN 14
LIGHT RAIN 27 FREEZING RAIN 0
LT FREEZING RAIN 0 HAIL 0
HEAVY SNOW 1 SNOW 1
LIGHT SNOW 4 SLEET 0
FOG 35 FOG W/VIS <= 1/4 MILE 7
HAZE 1
- INDICATES NEGATIVE NUMBERS.
R INDICATES RECORD WAS SET OR TIED.
MM INDICATES DATA IS MISSING.
T INDICATES TRACE AMOUNT.
$$